206.189.152.195 - - [24/Apr/2026:22:10:00 +0700] "POST //wp-login.php HTTP/1.1" 200 0 "https://sinergihub.id//wp-login.php" "Mozilla/5.0 (Windows NT 10.0; Win64; x64) AppleWebKit/537.36 (KHTML, like Gecko) Chrome/88.0.4240.193 Safari/537.36"
159.65.10.179 - - [24/Apr/2026:22:10:54 +0700] "POST //wp-login.php HTTP/1.1" 200 0 "https://sinergihub.id//wp-login.php" "Mozilla/5.0 (Windows NT 10.0; Win64; x64) AppleWebKit/537.36 (KHTML, like Gecko) Chrome/88.0.4240.193 Safari/537.36"
34.101.189.231 - - [24/Apr/2026:22:11:59 +0700] "POST /xmlrpc.php HTTP/2" 403 1242 "-" "Mozilla/4.0 (compatible; MSIE 7.0; Windows NT 6.2; Win64; x64; Trident/7.0; .NET4.0C; .NET4.0E; .NET CLR 2.0.50727; .NET CLR 3.0.30729; .NET CLR 3.5.30729; SLCC2; Media Center PC 6.0)"
206.189.152.195 - - [24/Apr/2026:22:11:02 +0700] "POST //wp-login.php HTTP/1.1" 200 0 "https://sinergihub.id//wp-login.php" "Mozilla/5.0 (Windows NT 10.0; Win64; x64) AppleWebKit/537.36 (KHTML, like Gecko) Chrome/88.0.4240.193 Safari/537.36"
45.146.55.243 - - [24/Apr/2026:22:12:31 +0700] "POST /wp-login.php HTTP/1.1" 200 7107 "-" "Mozilla/5.0"
159.65.10.179 - - [24/Apr/2026:22:11:56 +0700] "POST //wp-login.php HTTP/1.1" 200 0 "https://sinergihub.id//wp-login.php" "Mozilla/5.0 (Windows NT 10.0; Win64; x64) AppleWebKit/537.36 (KHTML, like Gecko) Chrome/88.0.4240.193 Safari/537.36"
206.189.152.195 - - [24/Apr/2026:22:12:04 +0700] "POST //wp-login.php HTTP/1.1" 200 0 "https://sinergihub.id//wp-login.php" "Mozilla/5.0 (Windows NT 10.0; Win64; x64) AppleWebKit/537.36 (KHTML, like Gecko) Chrome/88.0.4240.193 Safari/537.36"
45.92.229.213 - - [24/Apr/2026:22:13:20 +0700] "POST /wp-login.php HTTP/1.1" 200 7107 "-" "Mozilla/5.0"
159.65.10.179 - - [24/Apr/2026:22:12:58 +0700] "POST //wp-login.php HTTP/1.1" 200 0 "https://sinergihub.id//wp-login.php" "Mozilla/5.0 (Windows NT 10.0; Win64; x64) AppleWebKit/537.36 (KHTML, like Gecko) Chrome/88.0.4240.193 Safari/537.36"
206.189.152.195 - - [24/Apr/2026:22:13:06 +0700] "POST //wp-login.php HTTP/1.1" 200 0 "https://sinergihub.id//wp-login.php" "Mozilla/5.0 (Windows NT 10.0; Win64; x64) AppleWebKit/537.36 (KHTML, like Gecko) Chrome/88.0.4240.193 Safari/537.36"
52.167.144.172 - - [24/Apr/2026:22:14:59 +0700] "GET /wp-sitemap.xml HTTP/2" 200 12582 "-" "Mozilla/5.0 AppleWebKit/537.36 (KHTML, like Gecko; compatible; bingbot/2.0; +http://www.bing.com/bingbot.htm) Chrome/116.0.1938.76 Safari/537.36"
159.65.10.179 - - [24/Apr/2026:22:14:00 +0700] "POST //wp-login.php HTTP/1.1" 200 0 "https://sinergihub.id//wp-login.php" "Mozilla/5.0 (Windows NT 10.0; Win64; x64) AppleWebKit/537.36 (KHTML, like Gecko) Chrome/88.0.4240.193 Safari/537.36"
206.189.152.195 - - [24/Apr/2026:22:14:09 +0700] "POST //wp-login.php HTTP/1.1" 200 0 "https://sinergihub.id//wp-login.php" "Mozilla/5.0 (Windows NT 10.0; Win64; x64) AppleWebKit/537.36 (KHTML, like Gecko) Chrome/88.0.4240.193 Safari/537.36"
46.8.187.186 - - [24/Apr/2026:22:15:40 +0700] "GET /wp-login.php HTTP/2" 200 1911 "-" "Mozilla/5.0 (Windows NT 6.3; WOW64; Trident/7.0; AS; rv:11.0) like Gecko"
46.8.187.186 - - [24/Apr/2026:22:15:41 +0700] "POST /wp-login.php HTTP/2" 200 2042 "https://sinergihub.id/wp-login.php" "Mozilla/5.0 (Windows NT 6.3; WOW64; Trident/7.0; AS; rv:11.0) like Gecko"
159.65.10.179 - - [24/Apr/2026:22:15:03 +0700] "POST //wp-login.php HTTP/1.1" 200 0 "https://sinergihub.id//wp-login.php" "Mozilla/5.0 (Windows NT 10.0; Win64; x64) AppleWebKit/537.36 (KHTML, like Gecko) Chrome/88.0.4240.193 Safari/537.36"
206.189.152.195 - - [24/Apr/2026:22:15:13 +0700] "POST //wp-login.php HTTP/1.1" 200 0 "https://sinergihub.id//wp-login.php" "Mozilla/5.0 (Windows NT 10.0; Win64; x64) AppleWebKit/537.36 (KHTML, like Gecko) Chrome/88.0.4240.193 Safari/537.36"
159.65.10.179 - - [24/Apr/2026:22:16:05 +0700] "POST //wp-login.php HTTP/1.1" 200 0 "https://sinergihub.id//wp-login.php" "Mozilla/5.0 (Windows NT 10.0; Win64; x64) AppleWebKit/537.36 (KHTML, like Gecko) Chrome/88.0.4240.193 Safari/537.36"
206.189.152.195 - - [24/Apr/2026:22:16:15 +0700] "POST //wp-login.php HTTP/1.1" 200 0 "https://sinergihub.id//wp-login.php" "Mozilla/5.0 (Windows NT 10.0; Win64; x64) AppleWebKit/537.36 (KHTML, like Gecko) Chrome/88.0.4240.193 Safari/537.36"
159.65.10.179 - - [24/Apr/2026:22:17:07 +0700] "POST //wp-login.php HTTP/1.1" 200 0 "https://sinergihub.id//wp-login.php" "Mozilla/5.0 (Windows NT 10.0; Win64; x64) AppleWebKit/537.36 (KHTML, like Gecko) Chrome/88.0.4240.193 Safari/537.36"
202.61.233.195 - - [24/Apr/2026:22:18:12 +0700] "POST /xmlrpc.php HTTP/2" 403 1242 "-" "Mozilla/5.0 (Windows NT 6.1; WOW64; Trident/7.0; AS; rv:11.0) like Gecko"
206.189.152.195 - - [24/Apr/2026:22:17:17 +0700] "POST //wp-login.php HTTP/1.1" 200 0 "https://sinergihub.id//wp-login.php" "Mozilla/5.0 (Windows NT 10.0; Win64; x64) AppleWebKit/537.36 (KHTML, like Gecko) Chrome/88.0.4240.193 Safari/537.36"
178.33.251.48 - - [24/Apr/2026:22:18:45 +0700] "GET /wp-login.php HTTP/2" 200 1911 "-" "Mozilla/5.0 (Windows NT 6.1; Win64; x64) AppleWebKit/537.36 (KHTML, like Gecko) Chrome/64.0.3282.186 Safari/537.36 OPR/51.0.2830.55"
178.33.251.48 - - [24/Apr/2026:22:18:48 +0700] "POST /wp-login.php HTTP/2" 200 2042 "https://sinergihub.id/wp-login.php" "Mozilla/5.0 (Windows NT 6.1; Win64; x64) AppleWebKit/537.36 (KHTML, like Gecko) Chrome/64.0.3282.186 Safari/537.36 OPR/51.0.2830.55"
138.246.253.24 - - [24/Apr/2026:22:19:07 +0700] "GET /robots.txt HTTP/1.1" 200 1 "-" "Mozilla/5.0 (Windows NT 10.0; Win64; x64) AppleWebKit/537.36 (KHTML, like Gecko) Chrome/103.0.5060.134 Safari/537.36"
159.65.10.179 - - [24/Apr/2026:22:18:09 +0700] "POST //wp-login.php HTTP/1.1" 200 0 "https://sinergihub.id//wp-login.php" "Mozilla/5.0 (Windows NT 10.0; Win64; x64) AppleWebKit/537.36 (KHTML, like Gecko) Chrome/88.0.4240.193 Safari/537.36"
206.189.152.195 - - [24/Apr/2026:22:18:19 +0700] "POST //wp-login.php HTTP/1.1" 200 0 "https://sinergihub.id//wp-login.php" "Mozilla/5.0 (Windows NT 10.0; Win64; x64) AppleWebKit/537.36 (KHTML, like Gecko) Chrome/88.0.4240.193 Safari/537.36"
159.65.10.179 - - [24/Apr/2026:22:19:11 +0700] "POST //wp-login.php HTTP/1.1" 200 0 "https://sinergihub.id//wp-login.php" "Mozilla/5.0 (Windows NT 10.0; Win64; x64) AppleWebKit/537.36 (KHTML, like Gecko) Chrome/88.0.4240.193 Safari/537.36"
206.189.152.195 - - [24/Apr/2026:22:19:21 +0700] "POST //wp-login.php HTTP/1.1" 200 0 "https://sinergihub.id//wp-login.php" "Mozilla/5.0 (Windows NT 10.0; Win64; x64) AppleWebKit/537.36 (KHTML, like Gecko) Chrome/88.0.4240.193 Safari/537.36"
159.65.10.179 - - [24/Apr/2026:22:20:13 +0700] "POST //wp-login.php HTTP/1.1" 200 0 "https://sinergihub.id//wp-login.php" "Mozilla/5.0 (Windows NT 10.0; Win64; x64) AppleWebKit/537.36 (KHTML, like Gecko) Chrome/88.0.4240.193 Safari/537.36"
34.32.244.138 - - [24/Apr/2026:22:21:19 +0700] "POST /xmlrpc.php HTTP/2" 403 1242 "-" "Mozilla/5.0 (Macintosh; Intel Mac OS X 10_11_6) AppleWebKit/602.1.50 (KHTML, like Gecko) Version/10.0 Safari/602.1.50"
206.189.152.195 - - [24/Apr/2026:22:20:25 +0700] "POST //wp-login.php HTTP/1.1" 200 0 "https://sinergihub.id//wp-login.php" "Mozilla/5.0 (Windows NT 10.0; Win64; x64) AppleWebKit/537.36 (KHTML, like Gecko) Chrome/88.0.4240.193 Safari/537.36"
159.65.10.179 - - [24/Apr/2026:22:21:15 +0700] "POST //wp-login.php HTTP/1.1" 200 0 "https://sinergihub.id//wp-login.php" "Mozilla/5.0 (Windows NT 10.0; Win64; x64) AppleWebKit/537.36 (KHTML, like Gecko) Chrome/88.0.4240.193 Safari/537.36"
206.189.152.195 - - [24/Apr/2026:22:21:28 +0700] "POST //wp-login.php HTTP/1.1" 200 0 "https://sinergihub.id//wp-login.php" "Mozilla/5.0 (Windows NT 10.0; Win64; x64) AppleWebKit/537.36 (KHTML, like Gecko) Chrome/88.0.4240.193 Safari/537.36"
45.92.229.210 - - [24/Apr/2026:22:22:42 +0700] "POST /wp-login.php HTTP/1.1" 200 7107 "-" "Mozilla/5.0"
159.65.10.179 - - [24/Apr/2026:22:22:17 +0700] "POST //wp-login.php HTTP/1.1" 200 0 "https://sinergihub.id//wp-login.php" "Mozilla/5.0 (Windows NT 10.0; Win64; x64) AppleWebKit/537.36 (KHTML, like Gecko) Chrome/88.0.4240.193 Safari/537.36"
206.189.152.195 - - [24/Apr/2026:22:22:30 +0700] "POST //wp-login.php HTTP/1.1" 200 0 "https://sinergihub.id//wp-login.php" "Mozilla/5.0 (Windows NT 10.0; Win64; x64) AppleWebKit/537.36 (KHTML, like Gecko) Chrome/88.0.4240.193 Safari/537.36"
159.65.10.179 - - [24/Apr/2026:22:23:19 +0700] "POST //wp-login.php HTTP/1.1" 200 0 "https://sinergihub.id//wp-login.php" "Mozilla/5.0 (Windows NT 10.0; Win64; x64) AppleWebKit/537.36 (KHTML, like Gecko) Chrome/88.0.4240.193 Safari/537.36"
206.189.152.195 - - [24/Apr/2026:22:23:32 +0700] "POST //wp-login.php HTTP/1.1" 200 0 "https://sinergihub.id//wp-login.php" "Mozilla/5.0 (Windows NT 10.0; Win64; x64) AppleWebKit/537.36 (KHTML, like Gecko) Chrome/88.0.4240.193 Safari/537.36"
159.65.10.179 - - [24/Apr/2026:22:24:21 +0700] "POST //wp-login.php HTTP/1.1" 200 0 "https://sinergihub.id//wp-login.php" "Mozilla/5.0 (Windows NT 10.0; Win64; x64) AppleWebKit/537.36 (KHTML, like Gecko) Chrome/88.0.4240.193 Safari/537.36"
206.189.152.195 - - [24/Apr/2026:22:24:34 +0700] "POST //wp-login.php HTTP/1.1" 200 0 "https://sinergihub.id//wp-login.php" "Mozilla/5.0 (Windows NT 10.0; Win64; x64) AppleWebKit/537.36 (KHTML, like Gecko) Chrome/88.0.4240.193 Safari/537.36"
192.176.172.166 - - [24/Apr/2026:22:25:32 +0700] "GET /wp-login.php HTTP/2" 200 1911 "-" "Mozilla/5.0 (Macintosh; Intel Mac OS X 10_11_6) AppleWebKit/537.36 (KHTML, like Gecko) Chrome/66.0.3359.139 Safari/537.36"
192.176.172.166 - - [24/Apr/2026:22:25:40 +0700] "POST /wp-login.php HTTP/2" 200 2042 "https://sinergihub.id/wp-login.php" "Mozilla/5.0 (Macintosh; Intel Mac OS X 10_11_6) AppleWebKit/537.36 (KHTML, like Gecko) Chrome/66.0.3359.139 Safari/537.36"
159.65.10.179 - - [24/Apr/2026:22:25:23 +0700] "POST //wp-login.php HTTP/1.1" 200 0 "https://sinergihub.id//wp-login.php" "Mozilla/5.0 (Windows NT 10.0; Win64; x64) AppleWebKit/537.36 (KHTML, like Gecko) Chrome/88.0.4240.193 Safari/537.36"
206.189.152.195 - - [24/Apr/2026:22:25:36 +0700] "POST //wp-login.php HTTP/1.1" 200 0 "https://sinergihub.id//wp-login.php" "Mozilla/5.0 (Windows NT 10.0; Win64; x64) AppleWebKit/537.36 (KHTML, like Gecko) Chrome/88.0.4240.193 Safari/537.36"
91.193.232.63 - - [24/Apr/2026:22:27:11 +0700] "POST /wp-login.php HTTP/1.1" 200 7107 "-" "Mozilla/5.0"
159.65.10.179 - - [24/Apr/2026:22:26:25 +0700] "POST //wp-login.php HTTP/1.1" 200 0 "https://sinergihub.id//wp-login.php" "Mozilla/5.0 (Windows NT 10.0; Win64; x64) AppleWebKit/537.36 (KHTML, like Gecko) Chrome/88.0.4240.193 Safari/537.36"
206.189.152.195 - - [24/Apr/2026:22:26:38 +0700] "POST //wp-login.php HTTP/1.1" 200 0 "https://sinergihub.id//wp-login.php" "Mozilla/5.0 (Windows NT 10.0; Win64; x64) AppleWebKit/537.36 (KHTML, like Gecko) Chrome/88.0.4240.193 Safari/537.36"
159.65.10.179 - - [24/Apr/2026:22:27:27 +0700] "POST //wp-login.php HTTP/1.1" 200 0 "https://sinergihub.id//wp-login.php" "Mozilla/5.0 (Windows NT 10.0; Win64; x64) AppleWebKit/537.36 (KHTML, like Gecko) Chrome/88.0.4240.193 Safari/537.36"
206.189.152.195 - - [24/Apr/2026:22:27:40 +0700] "POST //wp-login.php HTTP/1.1" 200 0 "https://sinergihub.id//wp-login.php" "Mozilla/5.0 (Windows NT 10.0; Win64; x64) AppleWebKit/537.36 (KHTML, like Gecko) Chrome/88.0.4240.193 Safari/537.36"
159.65.10.179 - - [24/Apr/2026:22:28:29 +0700] "POST //wp-login.php HTTP/1.1" 200 0 "https://sinergihub.id//wp-login.php" "Mozilla/5.0 (Windows NT 10.0; Win64; x64) AppleWebKit/537.36 (KHTML, like Gecko) Chrome/88.0.4240.193 Safari/537.36"
206.189.152.195 - - [24/Apr/2026:22:28:42 +0700] "POST //wp-login.php HTTP/1.1" 200 0 "https://sinergihub.id//wp-login.php" "Mozilla/5.0 (Windows NT 10.0; Win64; x64) AppleWebKit/537.36 (KHTML, like Gecko) Chrome/88.0.4240.193 Safari/537.36"
159.65.10.179 - - [24/Apr/2026:22:29:31 +0700] "POST //wp-login.php HTTP/1.1" 200 0 "https://sinergihub.id//wp-login.php" "Mozilla/5.0 (Windows NT 10.0; Win64; x64) AppleWebKit/537.36 (KHTML, like Gecko) Chrome/88.0.4240.193 Safari/537.36"
206.189.152.195 - - [24/Apr/2026:22:29:45 +0700] "POST //wp-login.php HTTP/1.1" 200 0 "https://sinergihub.id//wp-login.php" "Mozilla/5.0 (Windows NT 10.0; Win64; x64) AppleWebKit/537.36 (KHTML, like Gecko) Chrome/88.0.4240.193 Safari/537.36"
74.91.224.220 - - [24/Apr/2026:22:31:17 +0700] "POST /xmlrpc.php HTTP/2" 403 1242 "-" "Mozilla/5.0 (Windows NT 10.0; Win64; x64) AppleWebKit/537.36 (KHTML, like Gecko) Chrome/66.0.3359.181 Safari/537.36"
159.65.10.179 - - [24/Apr/2026:22:30:33 +0700] "POST //wp-login.php HTTP/1.1" 200 0 "https://sinergihub.id//wp-login.php" "Mozilla/5.0 (Windows NT 10.0; Win64; x64) AppleWebKit/537.36 (KHTML, like Gecko) Chrome/88.0.4240.193 Safari/537.36"
206.189.152.195 - - [24/Apr/2026:22:30:48 +0700] "POST //wp-login.php HTTP/1.1" 200 0 "https://sinergihub.id//wp-login.php" "Mozilla/5.0 (Windows NT 10.0; Win64; x64) AppleWebKit/537.36 (KHTML, like Gecko) Chrome/88.0.4240.193 Safari/537.36"
202.10.43.50 - - [24/Apr/2026:22:31:53 +0700] "POST /wp-cron.php?doing_wp_cron=1777044713.4894719123840332031250 HTTP/1.1" 200 0 "-" "WordPress/6.9.4; https://sinergihub.id"
103.143.207.15 - - [24/Apr/2026:22:31:50 +0700] "GET /wp-login.php HTTP/2" 200 1911 "-" "Mozilla/4.0 (compatible; MSIE 7.0; Windows NT 6.3; WOW64; Trident/7.0; Touch; .NET4.0E; .NET4.0C; .NET CLR 3.5.30729; .NET CLR 2.0.50727; .NET CLR 3.0.30729; Tablet PC 2.0)"
45.92.229.214 - - [24/Apr/2026:22:31:51 +0700] "POST /wp-login.php HTTP/1.1" 200 7107 "-" "Mozilla/5.0"
103.143.207.15 - - [24/Apr/2026:22:31:54 +0700] "POST /wp-login.php HTTP/2" 200 2042 "https://sinergihub.id/wp-login.php" "Mozilla/4.0 (compatible; MSIE 7.0; Windows NT 6.3; WOW64; Trident/7.0; Touch; .NET4.0E; .NET4.0C; .NET CLR 3.5.30729; .NET CLR 2.0.50727; .NET CLR 3.0.30729; Tablet PC 2.0)"
159.65.10.179 - - [24/Apr/2026:22:31:35 +0700] "POST //wp-login.php HTTP/1.1" 200 0 "https://sinergihub.id//wp-login.php" "Mozilla/5.0 (Windows NT 10.0; Win64; x64) AppleWebKit/537.36 (KHTML, like Gecko) Chrome/88.0.4240.193 Safari/537.36"
206.189.152.195 - - [24/Apr/2026:22:31:50 +0700] "POST //wp-login.php HTTP/1.1" 200 0 "https://sinergihub.id//wp-login.php" "Mozilla/5.0 (Windows NT 10.0; Win64; x64) AppleWebKit/537.36 (KHTML, like Gecko) Chrome/88.0.4240.193 Safari/537.36"
159.65.10.179 - - [24/Apr/2026:22:32:37 +0700] "POST //wp-login.php HTTP/1.1" 200 0 "https://sinergihub.id//wp-login.php" "Mozilla/5.0 (Windows NT 10.0; Win64; x64) AppleWebKit/537.36 (KHTML, like Gecko) Chrome/88.0.4240.193 Safari/537.36"
206.189.152.195 - - [24/Apr/2026:22:32:52 +0700] "POST //wp-login.php HTTP/1.1" 200 0 "https://sinergihub.id//wp-login.php" "Mozilla/5.0 (Windows NT 10.0; Win64; x64) AppleWebKit/537.36 (KHTML, like Gecko) Chrome/88.0.4240.193 Safari/537.36"
159.65.10.179 - - [24/Apr/2026:22:33:39 +0700] "POST //wp-login.php HTTP/1.1" 200 0 "https://sinergihub.id//wp-login.php" "Mozilla/5.0 (Windows NT 10.0; Win64; x64) AppleWebKit/537.36 (KHTML, like Gecko) Chrome/88.0.4240.193 Safari/537.36"
206.189.152.195 - - [24/Apr/2026:22:33:55 +0700] "POST //wp-login.php HTTP/1.1" 200 0 "https://sinergihub.id//wp-login.php" "Mozilla/5.0 (Windows NT 10.0; Win64; x64) AppleWebKit/537.36 (KHTML, like Gecko) Chrome/88.0.4240.193 Safari/537.36"
15.235.175.240 - - [24/Apr/2026:22:35:12 +0700] "GET /wp-login.php HTTP/2" 200 1911 "-" "Mozilla/4.0 (compatible; MSIE 7.0; Windows NT 6.1; WOW64; Trident/7.0; SLCC2; .NET CLR 2.0.50727; .NET CLR 3.5.30729; .NET CLR 3.0.30729; Media Center PC 6.0; .NET4.0C; .NET4.0E; .NET CLR 1.1.4322)"
15.235.175.240 - - [24/Apr/2026:22:35:15 +0700] "POST /wp-login.php HTTP/2" 200 2042 "https://sinergihub.id/wp-login.php" "Mozilla/4.0 (compatible; MSIE 7.0; Windows NT 6.1; WOW64; Trident/7.0; SLCC2; .NET CLR 2.0.50727; .NET CLR 3.5.30729; .NET CLR 3.0.30729; Media Center PC 6.0; .NET4.0C; .NET4.0E; .NET CLR 1.1.4322)"
159.65.10.179 - - [24/Apr/2026:22:34:41 +0700] "POST //wp-login.php HTTP/1.1" 200 0 "https://sinergihub.id//wp-login.php" "Mozilla/5.0 (Windows NT 10.0; Win64; x64) AppleWebKit/537.36 (KHTML, like Gecko) Chrome/88.0.4240.193 Safari/537.36"
206.189.152.195 - - [24/Apr/2026:22:34:57 +0700] "POST //wp-login.php HTTP/1.1" 200 0 "https://sinergihub.id//wp-login.php" "Mozilla/5.0 (Windows NT 10.0; Win64; x64) AppleWebKit/537.36 (KHTML, like Gecko) Chrome/88.0.4240.193 Safari/537.36"
159.65.10.179 - - [24/Apr/2026:22:35:43 +0700] "POST //wp-login.php HTTP/1.1" 200 0 "https://sinergihub.id//wp-login.php" "Mozilla/5.0 (Windows NT 10.0; Win64; x64) AppleWebKit/537.36 (KHTML, like Gecko) Chrome/88.0.4240.193 Safari/537.36"
159.65.10.179 - - [24/Apr/2026:22:36:45 +0700] "POST //wp-login.php HTTP/1.1" 200 0 "https://sinergihub.id//wp-login.php" "Mozilla/5.0 (Windows NT 10.0; Win64; x64) AppleWebKit/537.36 (KHTML, like Gecko) Chrome/88.0.4240.193 Safari/537.36"
159.65.10.179 - - [24/Apr/2026:22:37:47 +0700] "POST //wp-login.php HTTP/1.1" 200 0 "https://sinergihub.id//wp-login.php" "Mozilla/5.0 (Windows NT 10.0; Win64; x64) AppleWebKit/537.36 (KHTML, like Gecko) Chrome/88.0.4240.193 Safari/537.36"
159.65.10.179 - - [24/Apr/2026:22:38:50 +0700] "POST //wp-login.php HTTP/1.1" 200 0 "https://sinergihub.id//wp-login.php" "Mozilla/5.0 (Windows NT 10.0; Win64; x64) AppleWebKit/537.36 (KHTML, like Gecko) Chrome/88.0.4240.193 Safari/537.36"
38.49.208.84 - - [24/Apr/2026:22:40:56 +0700] "POST /xmlrpc.php HTTP/2" 403 1242 "-" "Mozilla/5.0 (Windows NT 10.0; WOW64) AppleWebKit/537.36 (KHTML, like Gecko) Chrome/66.0.3359.139 Safari/537.36"
159.65.10.179 - - [24/Apr/2026:22:40:06 +0700] "POST //wp-login.php HTTP/1.1" 200 0 "https://sinergihub.id//wp-login.php" "Mozilla/5.0 (Windows NT 10.0; Win64; x64) AppleWebKit/537.36 (KHTML, like Gecko) Chrome/88.0.4240.193 Safari/537.36"
45.130.83.137 - - [24/Apr/2026:22:41:30 +0700] "POST /wp-login.php HTTP/1.1" 200 7107 "-" "Mozilla/5.0"
206.189.152.195 - - [24/Apr/2026:22:40:52 +0700] "POST //wp-login.php HTTP/1.1" 200 0 "https://sinergihub.id//wp-login.php" "Mozilla/5.0 (Windows NT 10.0; Win64; x64) AppleWebKit/537.36 (KHTML, like Gecko) Chrome/88.0.4240.193 Safari/537.36"
91.193.232.62 - - [24/Apr/2026:22:41:58 +0700] "POST /wp-login.php HTTP/1.1" 200 7107 "-" "Mozilla/5.0"
159.65.10.179 - - [24/Apr/2026:22:41:08 +0700] "POST //wp-login.php HTTP/1.1" 200 0 "https://sinergihub.id//wp-login.php" "Mozilla/5.0 (Windows NT 10.0; Win64; x64) AppleWebKit/537.36 (KHTML, like Gecko) Chrome/88.0.4240.193 Safari/537.36"
206.189.152.195 - - [24/Apr/2026:22:41:54 +0700] "POST //wp-login.php HTTP/1.1" 200 0 "https://sinergihub.id//wp-login.php" "Mozilla/5.0 (Windows NT 10.0; Win64; x64) AppleWebKit/537.36 (KHTML, like Gecko) Chrome/88.0.4240.193 Safari/537.36"
159.65.10.179 - - [24/Apr/2026:22:42:52 +0700] "POST //wp-login.php HTTP/1.1" 200 0 "https://sinergihub.id//wp-login.php" "Mozilla/5.0 (Windows NT 10.0; Win64; x64) AppleWebKit/537.36 (KHTML, like Gecko) Chrome/88.0.4240.193 Safari/537.36"
206.189.152.195 - - [24/Apr/2026:22:42:56 +0700] "POST //wp-login.php HTTP/1.1" 200 0 "https://sinergihub.id//wp-login.php" "Mozilla/5.0 (Windows NT 10.0; Win64; x64) AppleWebKit/537.36 (KHTML, like Gecko) Chrome/88.0.4240.193 Safari/537.36"
159.65.10.179 - - [24/Apr/2026:22:43:54 +0700] "POST //wp-login.php HTTP/1.1" 200 0 "https://sinergihub.id//wp-login.php" "Mozilla/5.0 (Windows NT 10.0; Win64; x64) AppleWebKit/537.36 (KHTML, like Gecko) Chrome/88.0.4240.193 Safari/537.36"
206.189.152.195 - - [24/Apr/2026:22:43:58 +0700] "POST //wp-login.php HTTP/1.1" 200 0 "https://sinergihub.id//wp-login.php" "Mozilla/5.0 (Windows NT 10.0; Win64; x64) AppleWebKit/537.36 (KHTML, like Gecko) Chrome/88.0.4240.193 Safari/537.36"
159.65.10.179 - - [24/Apr/2026:22:44:56 +0700] "POST //wp-login.php HTTP/1.1" 200 0 "https://sinergihub.id//wp-login.php" "Mozilla/5.0 (Windows NT 10.0; Win64; x64) AppleWebKit/537.36 (KHTML, like Gecko) Chrome/88.0.4240.193 Safari/537.36"
206.189.152.195 - - [24/Apr/2026:22:45:00 +0700] "POST //wp-login.php HTTP/1.1" 200 0 "https://sinergihub.id//wp-login.php" "Mozilla/5.0 (Windows NT 10.0; Win64; x64) AppleWebKit/537.36 (KHTML, like Gecko) Chrome/88.0.4240.193 Safari/537.36"
159.65.10.179 - - [24/Apr/2026:22:45:58 +0700] "POST //wp-login.php HTTP/1.1" 200 0 "https://sinergihub.id//wp-login.php" "Mozilla/5.0 (Windows NT 10.0; Win64; x64) AppleWebKit/537.36 (KHTML, like Gecko) Chrome/88.0.4240.193 Safari/537.36"
206.189.152.195 - - [24/Apr/2026:22:46:02 +0700] "POST //wp-login.php HTTP/1.1" 200 0 "https://sinergihub.id//wp-login.php" "Mozilla/5.0 (Windows NT 10.0; Win64; x64) AppleWebKit/537.36 (KHTML, like Gecko) Chrome/88.0.4240.193 Safari/537.36"
202.61.233.195 - - [24/Apr/2026:22:47:05 +0700] "POST /xmlrpc.php HTTP/2" 403 1242 "-" "Mozilla/5.0 (Macintosh; Intel Mac OS X 10_12_6) AppleWebKit/537.36 (KHTML, like Gecko) Chrome/66.0.3359.117 Safari/537.36"
167.71.226.156 - - [24/Apr/2026:22:47:36 +0700] "GET /wp-login.php HTTP/2" 200 1911 "-" "Mozilla/5.0 (Windows NT 6.1; WOW64) AppleWebKit/537.36 (KHTML, like Gecko) Chrome/65.0.3325.181 Safari/537.36"
167.71.226.156 - - [24/Apr/2026:22:47:38 +0700] "POST /wp-login.php HTTP/2" 200 2042 "https://sinergihub.id/wp-login.php" "Mozilla/5.0 (Windows NT 6.1; WOW64) AppleWebKit/537.36 (KHTML, like Gecko) Chrome/65.0.3325.181 Safari/537.36"
159.65.10.179 - - [24/Apr/2026:22:47:01 +0700] "POST //wp-login.php HTTP/1.1" 200 0 "https://sinergihub.id//wp-login.php" "Mozilla/5.0 (Windows NT 10.0; Win64; x64) AppleWebKit/537.36 (KHTML, like Gecko) Chrome/88.0.4240.193 Safari/537.36"
206.189.152.195 - - [24/Apr/2026:22:47:04 +0700] "POST //wp-login.php HTTP/1.1" 200 0 "https://sinergihub.id//wp-login.php" "Mozilla/5.0 (Windows NT 10.0; Win64; x64) AppleWebKit/537.36 (KHTML, like Gecko) Chrome/88.0.4240.193 Safari/537.36"
159.65.10.179 - - [24/Apr/2026:22:48:03 +0700] "POST //wp-login.php HTTP/1.1" 200 0 "https://sinergihub.id//wp-login.php" "Mozilla/5.0 (Windows NT 10.0; Win64; x64) AppleWebKit/537.36 (KHTML, like Gecko) Chrome/88.0.4240.193 Safari/537.36"
206.189.152.195 - - [24/Apr/2026:22:48:06 +0700] "POST //wp-login.php HTTP/1.1" 200 0 "https://sinergihub.id//wp-login.php" "Mozilla/5.0 (Windows NT 10.0; Win64; x64) AppleWebKit/537.36 (KHTML, like Gecko) Chrome/88.0.4240.193 Safari/537.36"
159.65.10.179 - - [24/Apr/2026:22:49:05 +0700] "POST //wp-login.php HTTP/1.1" 200 0 "https://sinergihub.id//wp-login.php" "Mozilla/5.0 (Windows NT 10.0; Win64; x64) AppleWebKit/537.36 (KHTML, like Gecko) Chrome/88.0.4240.193 Safari/537.36"
206.189.152.195 - - [24/Apr/2026:22:49:08 +0700] "POST //wp-login.php HTTP/1.1" 200 0 "https://sinergihub.id//wp-login.php" "Mozilla/5.0 (Windows NT 10.0; Win64; x64) AppleWebKit/537.36 (KHTML, like Gecko) Chrome/88.0.4240.193 Safari/537.36"
13.67.116.60 - - [24/Apr/2026:22:50:22 +0700] "GET /wp-content/plugins/all-in-one-event-calendar/readme.txt HTTP/1.1" 403 1738 "-" "Mozilla/5.0 (Macintosh; Intel Mac OS X 10_15_7) AppleWebKit/537.36 (KHTML, like Gecko) Chrome/114.0.0.0 Safari/537.36"
13.67.116.60 - - [24/Apr/2026:22:50:20 +0700] "GET / HTTP/1.1" 301 0 "-" "Mozilla/5.0 (X11; Fedora; Linux x86_64; rv:140.0) Gecko/20100101 Firefox/140.0"
199.204.213.140 - - [24/Apr/2026:22:50:34 +0700] "POST /xmlrpc.php HTTP/2" 403 1242 "-" "Mozilla/5.0 (Windows NT 6.0; Win64; x64) AppleWebKit/537.36 (KHTML, like Gecko) Chrome/58.0.3029.110 Safari/537.36 Edge/16.16299"
159.65.10.179 - - [24/Apr/2026:22:50:07 +0700] "POST //wp-login.php HTTP/1.1" 200 0 "https://sinergihub.id//wp-login.php" "Mozilla/5.0 (Windows NT 10.0; Win64; x64) AppleWebKit/537.36 (KHTML, like Gecko) Chrome/88.0.4240.193 Safari/537.36"
45.130.83.129 - - [24/Apr/2026:22:51:06 +0700] "POST /wp-login.php HTTP/1.1" 200 7107 "-" "Mozilla/5.0"
206.189.152.195 - - [24/Apr/2026:22:50:10 +0700] "POST //wp-login.php HTTP/1.1" 200 0 "https://sinergihub.id//wp-login.php" "Mozilla/5.0 (Windows NT 10.0; Win64; x64) AppleWebKit/537.36 (KHTML, like Gecko) Chrome/88.0.4240.193 Safari/537.36"
159.65.10.179 - - [24/Apr/2026:22:51:09 +0700] "POST //wp-login.php HTTP/1.1" 200 0 "https://sinergihub.id//wp-login.php" "Mozilla/5.0 (Windows NT 10.0; Win64; x64) AppleWebKit/537.36 (KHTML, like Gecko) Chrome/88.0.4240.193 Safari/537.36"
206.189.152.195 - - [24/Apr/2026:22:51:12 +0700] "POST //wp-login.php HTTP/1.1" 200 0 "https://sinergihub.id//wp-login.php" "Mozilla/5.0 (Windows NT 10.0; Win64; x64) AppleWebKit/537.36 (KHTML, like Gecko) Chrome/88.0.4240.193 Safari/537.36"
159.65.10.179 - - [24/Apr/2026:22:52:11 +0700] "POST //wp-login.php HTTP/1.1" 200 0 "https://sinergihub.id//wp-login.php" "Mozilla/5.0 (Windows NT 10.0; Win64; x64) AppleWebKit/537.36 (KHTML, like Gecko) Chrome/88.0.4240.193 Safari/537.36"
206.189.152.195 - - [24/Apr/2026:22:52:14 +0700] "POST //wp-login.php HTTP/1.1" 200 0 "https://sinergihub.id//wp-login.php" "Mozilla/5.0 (Windows NT 10.0; Win64; x64) AppleWebKit/537.36 (KHTML, like Gecko) Chrome/88.0.4240.193 Safari/537.36"
192.176.172.166 - - [24/Apr/2026:22:53:49 +0700] "GET /wp-login.php HTTP/2" 200 1911 "-" "Mozilla/5.0 (Macintosh; Intel Mac OS X 10_12_6) AppleWebKit/605.1.15 (KHTML, like Gecko) Version/11.1.1 Safari/605.1.15"
192.176.172.166 - - [24/Apr/2026:22:53:51 +0700] "POST /wp-login.php HTTP/2" 200 2042 "https://sinergihub.id/wp-login.php" "Mozilla/5.0 (Macintosh; Intel Mac OS X 10_12_6) AppleWebKit/605.1.15 (KHTML, like Gecko) Version/11.1.1 Safari/605.1.15"
46.32.228.46 - - [24/Apr/2026:22:53:54 +0700] "POST /xmlrpc.php HTTP/2" 403 1242 "-" "Mozilla/5.0 (Windows NT 10.0; WOW64) AppleWebKit/537.36 (KHTML, like Gecko) Chrome/67.0.3396.87 Safari/537.36"
159.65.10.179 - - [24/Apr/2026:22:53:13 +0700] "POST //wp-login.php HTTP/1.1" 200 0 "https://sinergihub.id//wp-login.php" "Mozilla/5.0 (Windows NT 10.0; Win64; x64) AppleWebKit/537.36 (KHTML, like Gecko) Chrome/88.0.4240.193 Safari/537.36"
206.189.152.195 - - [24/Apr/2026:22:53:16 +0700] "POST //wp-login.php HTTP/1.1" 200 0 "https://sinergihub.id//wp-login.php" "Mozilla/5.0 (Windows NT 10.0; Win64; x64) AppleWebKit/537.36 (KHTML, like Gecko) Chrome/88.0.4240.193 Safari/537.36"
159.65.10.179 - - [24/Apr/2026:22:54:15 +0700] "POST //wp-login.php HTTP/1.1" 200 0 "https://sinergihub.id//wp-login.php" "Mozilla/5.0 (Windows NT 10.0; Win64; x64) AppleWebKit/537.36 (KHTML, like Gecko) Chrome/88.0.4240.193 Safari/537.36"
206.189.152.195 - - [24/Apr/2026:22:54:18 +0700] "POST //wp-login.php HTTP/1.1" 200 0 "https://sinergihub.id//wp-login.php" "Mozilla/5.0 (Windows NT 10.0; Win64; x64) AppleWebKit/537.36 (KHTML, like Gecko) Chrome/88.0.4240.193 Safari/537.36"
159.65.10.179 - - [24/Apr/2026:22:55:17 +0700] "POST //wp-login.php HTTP/1.1" 200 0 "https://sinergihub.id//wp-login.php" "Mozilla/5.0 (Windows NT 10.0; Win64; x64) AppleWebKit/537.36 (KHTML, like Gecko) Chrome/88.0.4240.193 Safari/537.36"
206.189.152.195 - - [24/Apr/2026:22:55:20 +0700] "POST //wp-login.php HTTP/1.1" 200 0 "https://sinergihub.id//wp-login.php" "Mozilla/5.0 (Windows NT 10.0; Win64; x64) AppleWebKit/537.36 (KHTML, like Gecko) Chrome/88.0.4240.193 Safari/537.36"
167.99.192.120 - - [24/Apr/2026:22:56:44 +0700] "GET /wp-login.php HTTP/2" 200 1911 "-" "Mozilla/5.0 (Macintosh; Intel Mac OS X 10_13_4) AppleWebKit/537.36 (KHTML, like Gecko) Chrome/67.0.3396.79 Safari/537.36"
167.99.192.120 - - [24/Apr/2026:22:56:46 +0700] "POST /wp-login.php HTTP/2" 200 2042 "https://sinergihub.id/wp-login.php" "Mozilla/5.0 (Macintosh; Intel Mac OS X 10_13_4) AppleWebKit/537.36 (KHTML, like Gecko) Chrome/67.0.3396.79 Safari/537.36"
45.146.55.250 - - [24/Apr/2026:22:56:47 +0700] "POST /wp-login.php HTTP/1.1" 200 7107 "-" "Mozilla/5.0"
159.65.10.179 - - [24/Apr/2026:22:56:19 +0700] "POST //wp-login.php HTTP/1.1" 200 0 "https://sinergihub.id//wp-login.php" "Mozilla/5.0 (Windows NT 10.0; Win64; x64) AppleWebKit/537.36 (KHTML, like Gecko) Chrome/88.0.4240.193 Safari/537.36"
206.189.152.195 - - [24/Apr/2026:22:56:22 +0700] "POST //wp-login.php HTTP/1.1" 200 0 "https://sinergihub.id//wp-login.php" "Mozilla/5.0 (Windows NT 10.0; Win64; x64) AppleWebKit/537.36 (KHTML, like Gecko) Chrome/88.0.4240.193 Safari/537.36"
159.65.10.179 - - [24/Apr/2026:22:57:21 +0700] "POST //wp-login.php HTTP/1.1" 200 0 "https://sinergihub.id//wp-login.php" "Mozilla/5.0 (Windows NT 10.0; Win64; x64) AppleWebKit/537.36 (KHTML, like Gecko) Chrome/88.0.4240.193 Safari/537.36"
206.189.152.195 - - [24/Apr/2026:22:57:24 +0700] "POST //wp-login.php HTTP/1.1" 200 0 "https://sinergihub.id//wp-login.php" "Mozilla/5.0 (Windows NT 10.0; Win64; x64) AppleWebKit/537.36 (KHTML, like Gecko) Chrome/88.0.4240.193 Safari/537.36"
159.65.10.179 - - [24/Apr/2026:22:58:23 +0700] "POST //wp-login.php HTTP/1.1" 200 0 "https://sinergihub.id//wp-login.php" "Mozilla/5.0 (Windows NT 10.0; Win64; x64) AppleWebKit/537.36 (KHTML, like Gecko) Chrome/88.0.4240.193 Safari/537.36"
206.189.152.195 - - [24/Apr/2026:22:58:26 +0700] "POST //wp-login.php HTTP/1.1" 200 0 "https://sinergihub.id//wp-login.php" "Mozilla/5.0 (Windows NT 10.0; Win64; x64) AppleWebKit/537.36 (KHTML, like Gecko) Chrome/88.0.4240.193 Safari/537.36"
159.65.10.179 - - [24/Apr/2026:22:59:25 +0700] "POST //wp-login.php HTTP/1.1" 200 0 "https://sinergihub.id//wp-login.php" "Mozilla/5.0 (Windows NT 10.0; Win64; x64) AppleWebKit/537.36 (KHTML, like Gecko) Chrome/88.0.4240.193 Safari/537.36"
206.189.152.195 - - [24/Apr/2026:22:59:28 +0700] "POST //wp-login.php HTTP/1.1" 200 0 "https://sinergihub.id//wp-login.php" "Mozilla/5.0 (Windows NT 10.0; Win64; x64) AppleWebKit/537.36 (KHTML, like Gecko) Chrome/88.0.4240.193 Safari/537.36"
45.130.83.141 - - [24/Apr/2026:23:00:29 +0700] "POST /wp-login.php HTTP/1.1" 200 7107 "-" "Mozilla/5.0"
159.65.10.179 - - [24/Apr/2026:23:00:27 +0700] "POST //wp-login.php HTTP/1.1" 200 0 "https://sinergihub.id//wp-login.php" "Mozilla/5.0 (Windows NT 10.0; Win64; x64) AppleWebKit/537.36 (KHTML, like Gecko) Chrome/88.0.4240.193 Safari/537.36"
206.189.152.195 - - [24/Apr/2026:23:00:30 +0700] "POST //wp-login.php HTTP/1.1" 200 0 "https://sinergihub.id//wp-login.php" "Mozilla/5.0 (Windows NT 10.0; Win64; x64) AppleWebKit/537.36 (KHTML, like Gecko) Chrome/88.0.4240.193 Safari/537.36"
159.65.10.179 - - [24/Apr/2026:23:01:29 +0700] "POST //wp-login.php HTTP/1.1" 200 0 "https://sinergihub.id//wp-login.php" "Mozilla/5.0 (Windows NT 10.0; Win64; x64) AppleWebKit/537.36 (KHTML, like Gecko) Chrome/88.0.4240.193 Safari/537.36"
206.189.152.195 - - [24/Apr/2026:23:01:32 +0700] "POST //wp-login.php HTTP/1.1" 200 0 "https://sinergihub.id//wp-login.php" "Mozilla/5.0 (Windows NT 10.0; Win64; x64) AppleWebKit/537.36 (KHTML, like Gecko) Chrome/88.0.4240.193 Safari/537.36"
103.142.255.219 - - [24/Apr/2026:23:03:29 +0700] "GET /wp-login.php HTTP/2" 200 1911 "-" "Mozilla/5.0 (Windows NT 6.1) AppleWebKit/537.36 (KHTML, like Gecko) Chrome/65.0.3325.162 Safari/537.36"
159.65.10.179 - - [24/Apr/2026:23:02:31 +0700] "POST //wp-login.php HTTP/1.1" 200 0 "https://sinergihub.id//wp-login.php" "Mozilla/5.0 (Windows NT 10.0; Win64; x64) AppleWebKit/537.36 (KHTML, like Gecko) Chrome/88.0.4240.193 Safari/537.36"
103.142.255.219 - - [24/Apr/2026:23:03:32 +0700] "POST /wp-login.php HTTP/2" 200 2042 "https://sinergihub.id/wp-login.php" "Mozilla/5.0 (Windows NT 6.1) AppleWebKit/537.36 (KHTML, like Gecko) Chrome/65.0.3325.162 Safari/537.36"
206.189.152.195 - - [24/Apr/2026:23:02:34 +0700] "POST //wp-login.php HTTP/1.1" 200 0 "https://sinergihub.id//wp-login.php" "Mozilla/5.0 (Windows NT 10.0; Win64; x64) AppleWebKit/537.36 (KHTML, like Gecko) Chrome/88.0.4240.193 Safari/537.36"
15.235.175.240 - - [24/Apr/2026:23:03:43 +0700] "POST /xmlrpc.php HTTP/2" 403 1242 "-" "Mozilla/5.0 (Macintosh; Intel Mac OS X 10_11_6) AppleWebKit/602.3.12 (KHTML, like Gecko) Version/10.0.2 Safari/602.3.12"
159.65.10.179 - - [24/Apr/2026:23:03:33 +0700] "POST //wp-login.php HTTP/1.1" 200 0 "https://sinergihub.id//wp-login.php" "Mozilla/5.0 (Windows NT 10.0; Win64; x64) AppleWebKit/537.36 (KHTML, like Gecko) Chrome/88.0.4240.193 Safari/537.36"
206.189.152.195 - - [24/Apr/2026:23:03:36 +0700] "POST //wp-login.php HTTP/1.1" 200 0 "https://sinergihub.id//wp-login.php" "Mozilla/5.0 (Windows NT 10.0; Win64; x64) AppleWebKit/537.36 (KHTML, like Gecko) Chrome/88.0.4240.193 Safari/537.36"
159.65.10.179 - - [24/Apr/2026:23:04:35 +0700] "POST //wp-login.php HTTP/1.1" 200 0 "https://sinergihub.id//wp-login.php" "Mozilla/5.0 (Windows NT 10.0; Win64; x64) AppleWebKit/537.36 (KHTML, like Gecko) Chrome/88.0.4240.193 Safari/537.36"
206.189.152.195 - - [24/Apr/2026:23:04:38 +0700] "POST //wp-login.php HTTP/1.1" 200 0 "https://sinergihub.id//wp-login.php" "Mozilla/5.0 (Windows NT 10.0; Win64; x64) AppleWebKit/537.36 (KHTML, like Gecko) Chrome/88.0.4240.193 Safari/537.36"
159.65.10.179 - - [24/Apr/2026:23:05:37 +0700] "POST //wp-login.php HTTP/1.1" 200 0 "https://sinergihub.id//wp-login.php" "Mozilla/5.0 (Windows NT 10.0; Win64; x64) AppleWebKit/537.36 (KHTML, like Gecko) Chrome/88.0.4240.193 Safari/537.36"
206.189.152.195 - - [24/Apr/2026:23:05:40 +0700] "POST //wp-login.php HTTP/1.1" 200 0 "https://sinergihub.id//wp-login.php" "Mozilla/5.0 (Windows NT 10.0; Win64; x64) AppleWebKit/537.36 (KHTML, like Gecko) Chrome/88.0.4240.193 Safari/537.36"
103.154.63.3 - - [24/Apr/2026:23:07:00 +0700] "GET /wp-login.php HTTP/2" 200 1911 "-" "Mozilla/5.0 (Macintosh; Intel Mac OS X 10_9_5) AppleWebKit/537.36 (KHTML, like Gecko) Chrome/65.0.3325.181 Safari/537.36"
103.154.63.3 - - [24/Apr/2026:23:07:02 +0700] "POST /wp-login.php HTTP/2" 200 2042 "https://sinergihub.id/wp-login.php" "Mozilla/5.0 (Macintosh; Intel Mac OS X 10_9_5) AppleWebKit/537.36 (KHTML, like Gecko) Chrome/65.0.3325.181 Safari/537.36"
159.100.13.237 - - [24/Apr/2026:23:07:15 +0700] "POST /xmlrpc.php HTTP/2" 403 1242 "-" "Mozilla/5.0 (Windows NT 6.3; WOW64; Trident/7.0; MATBJS; rv:11.0) like Gecko"
159.65.10.179 - - [24/Apr/2026:23:06:39 +0700] "POST //wp-login.php HTTP/1.1" 200 0 "https://sinergihub.id//wp-login.php" "Mozilla/5.0 (Windows NT 10.0; Win64; x64) AppleWebKit/537.36 (KHTML, like Gecko) Chrome/88.0.4240.193 Safari/537.36"
206.189.152.195 - - [24/Apr/2026:23:06:42 +0700] "POST //wp-login.php HTTP/1.1" 200 0 "https://sinergihub.id//wp-login.php" "Mozilla/5.0 (Windows NT 10.0; Win64; x64) AppleWebKit/537.36 (KHTML, like Gecko) Chrome/88.0.4240.193 Safari/537.36"
159.65.10.179 - - [24/Apr/2026:23:07:41 +0700] "POST //wp-login.php HTTP/1.1" 200 0 "https://sinergihub.id//wp-login.php" "Mozilla/5.0 (Windows NT 10.0; Win64; x64) AppleWebKit/537.36 (KHTML, like Gecko) Chrome/88.0.4240.193 Safari/537.36"
206.189.152.195 - - [24/Apr/2026:23:07:44 +0700] "POST //wp-login.php HTTP/1.1" 200 0 "https://sinergihub.id//wp-login.php" "Mozilla/5.0 (Windows NT 10.0; Win64; x64) AppleWebKit/537.36 (KHTML, like Gecko) Chrome/88.0.4240.193 Safari/537.36"
45.130.83.120 - - [24/Apr/2026:23:09:30 +0700] "POST /wp-login.php HTTP/1.1" 200 7107 "-" "Mozilla/5.0"
159.65.10.179 - - [24/Apr/2026:23:08:43 +0700] "POST //wp-login.php HTTP/1.1" 200 0 "https://sinergihub.id//wp-login.php" "Mozilla/5.0 (Windows NT 10.0; Win64; x64) AppleWebKit/537.36 (KHTML, like Gecko) Chrome/88.0.4240.193 Safari/537.36"
206.189.152.195 - - [24/Apr/2026:23:08:46 +0700] "POST //wp-login.php HTTP/1.1" 200 0 "https://sinergihub.id//wp-login.php" "Mozilla/5.0 (Windows NT 10.0; Win64; x64) AppleWebKit/537.36 (KHTML, like Gecko) Chrome/88.0.4240.193 Safari/537.36"
52.70.37.15 - - [24/Apr/2026:23:10:38 +0700] "POST /xmlrpc.php HTTP/2" 403 1242 "-" "Mozilla/4.0 (compatible; MSIE 7.0; Windows NT 6.2; WOW64; Trident/7.0; .NET4.0C; .NET4.0E; .NET CLR 2.0.50727; .NET CLR 3.0.30729; .NET CLR 3.5.30729; Tablet PC 2.0)"
159.65.10.179 - - [24/Apr/2026:23:09:45 +0700] "POST //wp-login.php HTTP/1.1" 200 0 "https://sinergihub.id//wp-login.php" "Mozilla/5.0 (Windows NT 10.0; Win64; x64) AppleWebKit/537.36 (KHTML, like Gecko) Chrome/88.0.4240.193 Safari/537.36"
206.189.152.195 - - [24/Apr/2026:23:09:48 +0700] "POST //wp-login.php HTTP/1.1" 200 0 "https://sinergihub.id//wp-login.php" "Mozilla/5.0 (Windows NT 10.0; Win64; x64) AppleWebKit/537.36 (KHTML, like Gecko) Chrome/88.0.4240.193 Safari/537.36"
159.65.10.179 - - [24/Apr/2026:23:10:47 +0700] "POST //wp-login.php HTTP/1.1" 200 0 "https://sinergihub.id//wp-login.php" "Mozilla/5.0 (Windows NT 10.0; Win64; x64) AppleWebKit/537.36 (KHTML, like Gecko) Chrome/88.0.4240.193 Safari/537.36"
206.189.152.195 - - [24/Apr/2026:23:10:50 +0700] "POST //wp-login.php HTTP/1.1" 200 0 "https://sinergihub.id//wp-login.php" "Mozilla/5.0 (Windows NT 10.0; Win64; x64) AppleWebKit/537.36 (KHTML, like Gecko) Chrome/88.0.4240.193 Safari/537.36"
91.193.232.67 - - [24/Apr/2026:23:11:56 +0700] "POST /wp-login.php HTTP/1.1" 200 7107 "-" "Mozilla/5.0"
159.65.10.179 - - [24/Apr/2026:23:11:49 +0700] "POST //wp-login.php HTTP/1.1" 200 0 "https://sinergihub.id//wp-login.php" "Mozilla/5.0 (Windows NT 10.0; Win64; x64) AppleWebKit/537.36 (KHTML, like Gecko) Chrome/88.0.4240.193 Safari/537.36"
206.189.152.195 - - [24/Apr/2026:23:11:52 +0700] "POST //wp-login.php HTTP/1.1" 200 0 "https://sinergihub.id//wp-login.php" "Mozilla/5.0 (Windows NT 10.0; Win64; x64) AppleWebKit/537.36 (KHTML, like Gecko) Chrome/88.0.4240.193 Safari/537.36"
159.65.10.179 - - [24/Apr/2026:23:12:51 +0700] "POST //wp-login.php HTTP/1.1" 200 0 "https://sinergihub.id//wp-login.php" "Mozilla/5.0 (Windows NT 10.0; Win64; x64) AppleWebKit/537.36 (KHTML, like Gecko) Chrome/88.0.4240.193 Safari/537.36"
206.189.152.195 - - [24/Apr/2026:23:12:54 +0700] "POST //wp-login.php HTTP/1.1" 200 0 "https://sinergihub.id//wp-login.php" "Mozilla/5.0 (Windows NT 10.0; Win64; x64) AppleWebKit/537.36 (KHTML, like Gecko) Chrome/88.0.4240.193 Safari/537.36"
65.108.239.60 - - [24/Apr/2026:23:14:21 +0700] "GET /wp-login.php HTTP/2" 200 1911 "-" "Mozilla/5.0 (Windows NT 6.0; WOW64; Trident/7.0; rv:11.0) like Gecko"
65.108.239.60 - - [24/Apr/2026:23:14:22 +0700] "POST /wp-login.php HTTP/2" 200 2042 "https://sinergihub.id/wp-login.php" "Mozilla/5.0 (Windows NT 6.0; WOW64; Trident/7.0; rv:11.0) like Gecko"
103.208.218.164 - - [24/Apr/2026:23:14:40 +0700] "POST /xmlrpc.php HTTP/2" 403 1242 "-" "Mozilla/5.0 (Macintosh; Intel Mac OS X 10_10_5) AppleWebKit/537.36 (KHTML, like Gecko) Chrome/67.0.3396.87 Safari/537.36"
159.65.10.179 - - [24/Apr/2026:23:13:53 +0700] "POST //wp-login.php HTTP/1.1" 200 0 "https://sinergihub.id//wp-login.php" "Mozilla/5.0 (Windows NT 10.0; Win64; x64) AppleWebKit/537.36 (KHTML, like Gecko) Chrome/88.0.4240.193 Safari/537.36"
206.189.152.195 - - [24/Apr/2026:23:13:56 +0700] "POST //wp-login.php HTTP/1.1" 200 0 "https://sinergihub.id//wp-login.php" "Mozilla/5.0 (Windows NT 10.0; Win64; x64) AppleWebKit/537.36 (KHTML, like Gecko) Chrome/88.0.4240.193 Safari/537.36"
159.65.10.179 - - [24/Apr/2026:23:14:55 +0700] "POST //wp-login.php HTTP/1.1" 200 0 "https://sinergihub.id//wp-login.php" "Mozilla/5.0 (Windows NT 10.0; Win64; x64) AppleWebKit/537.36 (KHTML, like Gecko) Chrome/88.0.4240.193 Safari/537.36"
206.189.152.195 - - [24/Apr/2026:23:14:58 +0700] "POST //wp-login.php HTTP/1.1" 200 0 "https://sinergihub.id//wp-login.php" "Mozilla/5.0 (Windows NT 10.0; Win64; x64) AppleWebKit/537.36 (KHTML, like Gecko) Chrome/88.0.4240.193 Safari/537.36"
159.65.10.179 - - [24/Apr/2026:23:15:57 +0700] "POST //wp-login.php HTTP/1.1" 200 0 "https://sinergihub.id//wp-login.php" "Mozilla/5.0 (Windows NT 10.0; Win64; x64) AppleWebKit/537.36 (KHTML, like Gecko) Chrome/88.0.4240.193 Safari/537.36"
206.189.152.195 - - [24/Apr/2026:23:16:00 +0700] "POST //wp-login.php HTTP/1.1" 200 0 "https://sinergihub.id//wp-login.php" "Mozilla/5.0 (Windows NT 10.0; Win64; x64) AppleWebKit/537.36 (KHTML, like Gecko) Chrome/88.0.4240.193 Safari/537.36"
178.33.251.48 - - [24/Apr/2026:23:17:56 +0700] "GET /wp-login.php HTTP/2" 200 1911 "-" "Mozilla/5.0 (Windows NT 10.0; WOW64; Trident/7.0; TNJB; rv:11.0) like Gecko"
159.65.10.179 - - [24/Apr/2026:23:16:59 +0700] "POST //wp-login.php HTTP/1.1" 200 0 "https://sinergihub.id//wp-login.php" "Mozilla/5.0 (Windows NT 10.0; Win64; x64) AppleWebKit/537.36 (KHTML, like Gecko) Chrome/88.0.4240.193 Safari/537.36"
178.33.251.48 - - [24/Apr/2026:23:18:00 +0700] "POST /wp-login.php HTTP/2" 200 2042 "https://sinergihub.id/wp-login.php" "Mozilla/5.0 (Windows NT 10.0; WOW64; Trident/7.0; TNJB; rv:11.0) like Gecko"
206.189.152.195 - - [24/Apr/2026:23:17:02 +0700] "POST //wp-login.php HTTP/1.1" 200 0 "https://sinergihub.id//wp-login.php" "Mozilla/5.0 (Windows NT 10.0; Win64; x64) AppleWebKit/537.36 (KHTML, like Gecko) Chrome/88.0.4240.193 Safari/537.36"
159.65.10.179 - - [24/Apr/2026:23:18:01 +0700] "POST //wp-login.php HTTP/1.1" 200 0 "https://sinergihub.id//wp-login.php" "Mozilla/5.0 (Windows NT 10.0; Win64; x64) AppleWebKit/537.36 (KHTML, like Gecko) Chrome/88.0.4240.193 Safari/537.36"
206.189.152.195 - - [24/Apr/2026:23:18:04 +0700] "POST //wp-login.php HTTP/1.1" 200 0 "https://sinergihub.id//wp-login.php" "Mozilla/5.0 (Windows NT 10.0; Win64; x64) AppleWebKit/537.36 (KHTML, like Gecko) Chrome/88.0.4240.193 Safari/537.36"
45.92.229.209 - - [24/Apr/2026:23:19:02 +0700] "POST /wp-login.php HTTP/1.1" 200 7107 "-" "Mozilla/5.0"
159.65.10.179 - - [24/Apr/2026:23:19:03 +0700] "POST //wp-login.php HTTP/1.1" 200 0 "https://sinergihub.id//wp-login.php" "Mozilla/5.0 (Windows NT 10.0; Win64; x64) AppleWebKit/537.36 (KHTML, like Gecko) Chrome/88.0.4240.193 Safari/537.36"
206.189.152.195 - - [24/Apr/2026:23:19:06 +0700] "POST //wp-login.php HTTP/1.1" 200 0 "https://sinergihub.id//wp-login.php" "Mozilla/5.0 (Windows NT 10.0; Win64; x64) AppleWebKit/537.36 (KHTML, like Gecko) Chrome/88.0.4240.193 Safari/537.36"
159.65.10.179 - - [24/Apr/2026:23:20:05 +0700] "POST //wp-login.php HTTP/1.1" 200 0 "https://sinergihub.id//wp-login.php" "Mozilla/5.0 (Windows NT 10.0; Win64; x64) AppleWebKit/537.36 (KHTML, like Gecko) Chrome/88.0.4240.193 Safari/537.36"
206.189.152.195 - - [24/Apr/2026:23:20:08 +0700] "POST //wp-login.php HTTP/1.1" 200 0 "https://sinergihub.id//wp-login.php" "Mozilla/5.0 (Windows NT 10.0; Win64; x64) AppleWebKit/537.36 (KHTML, like Gecko) Chrome/88.0.4240.193 Safari/537.36"
159.65.10.179 - - [24/Apr/2026:23:21:07 +0700] "POST //wp-login.php HTTP/1.1" 200 0 "https://sinergihub.id//wp-login.php" "Mozilla/5.0 (Windows NT 10.0; Win64; x64) AppleWebKit/537.36 (KHTML, like Gecko) Chrome/88.0.4240.193 Safari/537.36"
206.189.152.195 - - [24/Apr/2026:23:21:10 +0700] "POST //wp-login.php HTTP/1.1" 200 0 "https://sinergihub.id//wp-login.php" "Mozilla/5.0 (Windows NT 10.0; Win64; x64) AppleWebKit/537.36 (KHTML, like Gecko) Chrome/88.0.4240.193 Safari/537.36"
159.65.10.179 - - [24/Apr/2026:23:22:09 +0700] "POST //wp-login.php HTTP/1.1" 200 0 "https://sinergihub.id//wp-login.php" "Mozilla/5.0 (Windows NT 10.0; Win64; x64) AppleWebKit/537.36 (KHTML, like Gecko) Chrome/88.0.4240.193 Safari/537.36"
206.189.152.195 - - [24/Apr/2026:23:22:12 +0700] "POST //wp-login.php HTTP/1.1" 200 0 "https://sinergihub.id//wp-login.php" "Mozilla/5.0 (Windows NT 10.0; Win64; x64) AppleWebKit/537.36 (KHTML, like Gecko) Chrome/88.0.4240.193 Safari/537.36"
159.65.10.179 - - [24/Apr/2026:23:23:11 +0700] "POST //wp-login.php HTTP/1.1" 200 0 "https://sinergihub.id//wp-login.php" "Mozilla/5.0 (Windows NT 10.0; Win64; x64) AppleWebKit/537.36 (KHTML, like Gecko) Chrome/88.0.4240.193 Safari/537.36"
206.189.152.195 - - [24/Apr/2026:23:23:14 +0700] "POST //wp-login.php HTTP/1.1" 200 0 "https://sinergihub.id//wp-login.php" "Mozilla/5.0 (Windows NT 10.0; Win64; x64) AppleWebKit/537.36 (KHTML, like Gecko) Chrome/88.0.4240.193 Safari/537.36"
159.65.10.179 - - [24/Apr/2026:23:24:13 +0700] "POST //wp-login.php HTTP/1.1" 200 0 "https://sinergihub.id//wp-login.php" "Mozilla/5.0 (Windows NT 10.0; Win64; x64) AppleWebKit/537.36 (KHTML, like Gecko) Chrome/88.0.4240.193 Safari/537.36"
206.189.152.195 - - [24/Apr/2026:23:24:16 +0700] "POST //wp-login.php HTTP/1.1" 200 0 "https://sinergihub.id//wp-login.php" "Mozilla/5.0 (Windows NT 10.0; Win64; x64) AppleWebKit/537.36 (KHTML, like Gecko) Chrome/88.0.4240.193 Safari/537.36"
209.42.22.206 - - [24/Apr/2026:23:25:20 +0700] "GET /wp-login.php HTTP/2" 503 807 "-" "Mozilla/4.0 (compatible; MSIE 7.0; Windows NT 6.2; WOW64; Trident/7.0; .NET4.0C; .NET4.0E; .NET CLR 2.0.50727; .NET CLR 3.0.30729; .NET CLR 3.5.30729; Zoom 3.6.0)"
209.42.22.206 - - [24/Apr/2026:23:25:22 +0700] "POST /wp-login.php HTTP/2" 503 807 "https://sinergihub.id/wp-login.php" "Mozilla/4.0 (compatible; MSIE 7.0; Windows NT 6.2; WOW64; Trident/7.0; .NET4.0C; .NET4.0E; .NET CLR 2.0.50727; .NET CLR 3.0.30729; .NET CLR 3.5.30729; Zoom 3.6.0)"
82.194.91.137 - - [24/Apr/2026:23:26:03 +0700] "POST /xmlrpc.php HTTP/2" 403 1242 "-" "Mozilla/4.0 (compatible; MSIE 7.0; Windows NT 6.1; WOW64; Trident/7.0; SLCC2; .NET CLR 2.0.50727; .NET4.0C; .NET4.0E; FBViewer-6.0.4.0; .NET CLR 3.5.30729; .NET CLR 3.0.30729)"
159.65.10.179 - - [24/Apr/2026:23:25:15 +0700] "POST //wp-login.php HTTP/1.1" 200 0 "https://sinergihub.id//wp-login.php" "Mozilla/5.0 (Windows NT 10.0; Win64; x64) AppleWebKit/537.36 (KHTML, like Gecko) Chrome/88.0.4240.193 Safari/537.36"
206.189.152.195 - - [24/Apr/2026:23:25:18 +0700] "POST //wp-login.php HTTP/1.1" 200 0 "https://sinergihub.id//wp-login.php" "Mozilla/5.0 (Windows NT 10.0; Win64; x64) AppleWebKit/537.36 (KHTML, like Gecko) Chrome/88.0.4240.193 Safari/537.36"
45.146.55.225 - - [24/Apr/2026:23:26:37 +0700] "POST /wp-login.php HTTP/1.1" 200 0 "-" "Mozilla/5.0"
152.42.252.243 - - [24/Apr/2026:23:27:07 +0700] "GET / HTTP/1.1" 301 0 "-" "Mozilla/5.0 (Windows NT 10.0; Win64; x64) AppleWebKit/537.36 (KHTML, like Gecko) Chrome/122.0.0.0 Safari/537.36"
152.42.252.243 - - [24/Apr/2026:23:27:17 +0700] "GET /.env HTTP/1.1" 403 1738 "-" "Mozilla/5.0 (Windows NT 10.0; Win64; x64) AppleWebKit/537.36 (KHTML, like Gecko) Chrome/122.0.0.0 Safari/537.36"
159.65.10.179 - - [24/Apr/2026:23:26:17 +0700] "POST //wp-login.php HTTP/1.1" 200 0 "https://sinergihub.id//wp-login.php" "Mozilla/5.0 (Windows NT 10.0; Win64; x64) AppleWebKit/537.36 (KHTML, like Gecko) Chrome/88.0.4240.193 Safari/537.36"
152.42.252.243 - - [24/Apr/2026:23:27:17 +0700] "GET /_profiler/phpinfo HTTP/1.1" 404 12506 "-" "Mozilla/5.0 (Windows NT 10.0; Win64; x64) AppleWebKit/537.36 (KHTML, like Gecko) Chrome/122.0.0.0 Safari/537.36"
206.189.152.195 - - [24/Apr/2026:23:26:20 +0700] "POST //wp-login.php HTTP/1.1" 200 0 "https://sinergihub.id//wp-login.php" "Mozilla/5.0 (Windows NT 10.0; Win64; x64) AppleWebKit/537.36 (KHTML, like Gecko) Chrome/88.0.4240.193 Safari/537.36"
152.42.252.243 - - [24/Apr/2026:23:27:20 +0700] "GET /_profiler/open?file=config/packages/swiftmailer.yaml HTTP/1.1" 404 12505 "-" "Mozilla/5.0 (Windows NT 10.0; Win64; x64) AppleWebKit/537.36 (KHTML, like Gecko) Chrome/122.0.0.0 Safari/537.36"
159.65.10.179 - - [24/Apr/2026:23:27:19 +0700] "POST //wp-login.php HTTP/1.1" 200 0 "https://sinergihub.id//wp-login.php" "Mozilla/5.0 (Windows NT 10.0; Win64; x64) AppleWebKit/537.36 (KHTML, like Gecko) Chrome/88.0.4240.193 Safari/537.36"
206.189.152.195 - - [24/Apr/2026:23:27:22 +0700] "POST //wp-login.php HTTP/1.1" 200 0 "https://sinergihub.id//wp-login.php" "Mozilla/5.0 (Windows NT 10.0; Win64; x64) AppleWebKit/537.36 (KHTML, like Gecko) Chrome/88.0.4240.193 Safari/537.36"
45.92.229.208 - - [24/Apr/2026:23:28:37 +0700] "POST /wp-login.php HTTP/1.1" 200 7107 "-" "Mozilla/5.0"
66.249.71.202 - - [24/Apr/2026:23:29:03 +0700] "GET /robots.txt HTTP/1.1" 200 1 "-" "Mozilla/5.0 (compatible; Googlebot/2.1; +http://www.google.com/bot.html)"
66.249.71.203 - - [24/Apr/2026:23:29:04 +0700] "GET /items/Z426855627/ HTTP/1.1" 200 22917 "-" "Mozilla/5.0 (Linux; Android 6.0.1; Nexus 5X Build/MMB29P) AppleWebKit/537.36 (KHTML, like Gecko) Chrome/146.0.7680.177 Mobile Safari/537.36 (compatible; Googlebot/2.1; +http://www.google.com/bot.html)"
152.53.111.131 - - [24/Apr/2026:23:29:07 +0700] "GET /wp-login.php HTTP/2" 200 1911 "-" "Mozilla/5.0 (Windows NT 6.1; Trident/7.0; MATP; rv:11.0) like Gecko"
152.53.111.131 - - [24/Apr/2026:23:29:08 +0700] "POST /wp-login.php HTTP/2" 200 2042 "https://sinergihub.id/wp-login.php" "Mozilla/5.0 (Windows NT 6.1; Trident/7.0; MATP; rv:11.0) like Gecko"
159.65.10.179 - - [24/Apr/2026:23:28:21 +0700] "POST //wp-login.php HTTP/1.1" 200 0 "https://sinergihub.id//wp-login.php" "Mozilla/5.0 (Windows NT 10.0; Win64; x64) AppleWebKit/537.36 (KHTML, like Gecko) Chrome/88.0.4240.193 Safari/537.36"
206.189.152.195 - - [24/Apr/2026:23:28:24 +0700] "POST //wp-login.php HTTP/1.1" 200 0 "https://sinergihub.id//wp-login.php" "Mozilla/5.0 (Windows NT 10.0; Win64; x64) AppleWebKit/537.36 (KHTML, like Gecko) Chrome/88.0.4240.193 Safari/537.36"
82.165.166.246 - - [24/Apr/2026:23:29:42 +0700] "POST /xmlrpc.php HTTP/2" 403 1242 "-" "Mozilla/5.0 (Windows NT 6.3; WOW64; Trident/7.0; AS; rv:11.0) like Gecko"
66.249.74.43 - - [24/Apr/2026:23:30:10 +0700] "GET /items/Z427710998/ HTTP/1.1" 200 23732 "-" "Mozilla/5.0 (Linux; Android 6.0.1; Nexus 5X Build/MMB29P) AppleWebKit/537.36 (KHTML, like Gecko) Chrome/146.0.7680.177 Mobile Safari/537.36 (compatible; Googlebot/2.1; +http://www.google.com/bot.html)"
159.65.10.179 - - [24/Apr/2026:23:29:23 +0700] "POST //wp-login.php HTTP/1.1" 200 0 "https://sinergihub.id//wp-login.php" "Mozilla/5.0 (Windows NT 10.0; Win64; x64) AppleWebKit/537.36 (KHTML, like Gecko) Chrome/88.0.4240.193 Safari/537.36"
206.189.152.195 - - [24/Apr/2026:23:29:26 +0700] "POST //wp-login.php HTTP/1.1" 200 0 "https://sinergihub.id//wp-login.php" "Mozilla/5.0 (Windows NT 10.0; Win64; x64) AppleWebKit/537.36 (KHTML, like Gecko) Chrome/88.0.4240.193 Safari/537.36"
159.65.10.179 - - [24/Apr/2026:23:30:25 +0700] "POST //wp-login.php HTTP/1.1" 200 0 "https://sinergihub.id//wp-login.php" "Mozilla/5.0 (Windows NT 10.0; Win64; x64) AppleWebKit/537.36 (KHTML, like Gecko) Chrome/88.0.4240.193 Safari/537.36"
206.189.152.195 - - [24/Apr/2026:23:30:28 +0700] "POST //wp-login.php HTTP/1.1" 200 0 "https://sinergihub.id//wp-login.php" "Mozilla/5.0 (Windows NT 10.0; Win64; x64) AppleWebKit/537.36 (KHTML, like Gecko) Chrome/88.0.4240.193 Safari/537.36"
