74.7.241.38 - - [24/Apr/2026:20:38:03 +0700] "GET /wp-includes/Requests/library/vars.php.tar HTTP/2" 200 8192 "https://mail.klanaobsesiindonesia.com/wp-includes/Requests/library/?MA" "Mozilla/5.0 AppleWebKit/537.36 (KHTML, like Gecko; compatible; GPTBot/1.3; +https://openai.com/gptbot)"
74.7.241.38 - - [24/Apr/2026:20:38:05 +0700] "GET /wp-includes/Requests/library/meta.php.tar HTTP/2" 200 68096 "https://mail.klanaobsesiindonesia.com/wp-includes/Requests/library/?MA" "Mozilla/5.0 AppleWebKit/537.36 (KHTML, like Gecko; compatible; GPTBot/1.3; +https://openai.com/gptbot)"
74.7.241.38 - - [24/Apr/2026:20:38:06 +0700] "GET /wp-includes/Requests/library/ms-edit.php.tar HTTP/2" 200 2048 "https://mail.klanaobsesiindonesia.com/wp-includes/Requests/library/?MA" "Mozilla/5.0 AppleWebKit/537.36 (KHTML, like Gecko; compatible; GPTBot/1.3; +https://openai.com/gptbot)"
74.7.241.38 - - [24/Apr/2026:20:38:07 +0700] "GET /wp-includes/Requests/library/rss.php.tar HTTP/2" 200 25088 "https://mail.klanaobsesiindonesia.com/wp-includes/Requests/library/?MA" "Mozilla/5.0 AppleWebKit/537.36 (KHTML, like Gecko; compatible; GPTBot/1.3; +https://openai.com/gptbot)"
74.7.241.38 - - [24/Apr/2026:20:38:09 +0700] "GET /wp-includes/Requests/library/import.php.tar HTTP/2" 200 9728 "https://mail.klanaobsesiindonesia.com/wp-includes/Requests/library/?MA" "Mozilla/5.0 AppleWebKit/537.36 (KHTML, like Gecko; compatible; GPTBot/1.3; +https://openai.com/gptbot)"
74.7.241.38 - - [24/Apr/2026:20:38:10 +0700] "GET /wp-includes/Requests/library/xmlrpc.php.tar HTTP/2" 200 5120 "https://mail.klanaobsesiindonesia.com/wp-includes/Requests/library/?MA" "Mozilla/5.0 AppleWebKit/537.36 (KHTML, like Gecko; compatible; GPTBot/1.3; +https://openai.com/gptbot)"
74.7.241.38 - - [24/Apr/2026:20:38:11 +0700] "GET /wp-includes/Requests/library/upload.php.tar HTTP/2" 200 16896 "https://mail.klanaobsesiindonesia.com/wp-includes/Requests/library/?MA" "Mozilla/5.0 AppleWebKit/537.36 (KHTML, like Gecko; compatible; GPTBot/1.3; +https://openai.com/gptbot)"
74.7.241.38 - - [24/Apr/2026:20:38:12 +0700] "GET /wp-includes/Requests/library/export.php.tar HTTP/2" 200 13312 "https://mail.klanaobsesiindonesia.com/wp-includes/Requests/library/?MA" "Mozilla/5.0 AppleWebKit/537.36 (KHTML, like Gecko; compatible; GPTBot/1.3; +https://openai.com/gptbot)"
74.7.241.38 - - [24/Apr/2026:20:38:12 +0700] "GET /wp-includes/Requests/library/themes.php.tar HTTP/2" 200 50688 "https://mail.klanaobsesiindonesia.com/wp-includes/Requests/library/?MA" "Mozilla/5.0 AppleWebKit/537.36 (KHTML, like Gecko; compatible; GPTBot/1.3; +https://openai.com/gptbot)"
74.7.241.38 - - [24/Apr/2026:20:38:13 +0700] "GET /wp-includes/Requests/library/utf8.php.tar HTTP/2" 200 9216 "https://mail.klanaobsesiindonesia.com/wp-includes/Requests/library/?MA" "Mozilla/5.0 AppleWebKit/537.36 (KHTML, like Gecko; compatible; GPTBot/1.3; +https://openai.com/gptbot)"
74.7.241.38 - - [24/Apr/2026:20:38:14 +0700] "GET /wp-includes/Requests/library/l10n.php.tar HTTP/2" 200 70656 "https://mail.klanaobsesiindonesia.com/wp-includes/Requests/library/?MA" "Mozilla/5.0 AppleWebKit/537.36 (KHTML, like Gecko; compatible; GPTBot/1.3; +https://openai.com/gptbot)"
74.7.241.38 - - [24/Apr/2026:20:38:15 +0700] "GET /wp-includes/Requests/library/error_log.tar.gz HTTP/2" 200 292474 "https://mail.klanaobsesiindonesia.com/wp-includes/Requests/library/?MA" "Mozilla/5.0 AppleWebKit/537.36 (KHTML, like Gecko; compatible; GPTBot/1.3; +https://openai.com/gptbot)"
74.7.241.38 - - [24/Apr/2026:20:38:17 +0700] "GET /wp-includes/Requests/library/robots.txt.txt.tar.gz HTTP/2" 200 263 "https://mail.klanaobsesiindonesia.com/wp-includes/Requests/library/?MA" "Mozilla/5.0 AppleWebKit/537.36 (KHTML, like Gecko; compatible; GPTBot/1.3; +https://openai.com/gptbot)"
74.7.241.38 - - [24/Apr/2026:20:38:18 +0700] "GET /wp-includes/Requests/library/llms.txt.txt.tar.gz HTTP/2" 200 11218 "https://mail.klanaobsesiindonesia.com/wp-includes/Requests/library/?MA" "Mozilla/5.0 AppleWebKit/537.36 (KHTML, like Gecko; compatible; GPTBot/1.3; +https://openai.com/gptbot)"
74.7.241.38 - - [24/Apr/2026:20:38:18 +0700] "GET /wp-includes/Requests/library/theme.js.js.tar.gz HTTP/2" 200 14412 "https://mail.klanaobsesiindonesia.com/wp-includes/Requests/library/?MA" "Mozilla/5.0 AppleWebKit/537.36 (KHTML, like Gecko; compatible; GPTBot/1.3; +https://openai.com/gptbot)"
74.7.241.38 - - [24/Apr/2026:20:38:19 +0700] "GET /wp-includes/Requests/library/media.js.js.tar.gz HTTP/2" 200 2479 "https://mail.klanaobsesiindonesia.com/wp-includes/Requests/library/?MA" "Mozilla/5.0 AppleWebKit/537.36 (KHTML, like Gecko; compatible; GPTBot/1.3; +https://openai.com/gptbot)"
74.7.241.38 - - [24/Apr/2026:20:38:20 +0700] "GET /wp-includes/Requests/library/update.php.tar HTTP/2" 200 14848 "https://mail.klanaobsesiindonesia.com/wp-includes/Requests/library/?MA" "Mozilla/5.0 AppleWebKit/537.36 (KHTML, like Gecko; compatible; GPTBot/1.3; +https://openai.com/gptbot)"
74.7.227.29 - - [24/Apr/2026:20:38:34 +0700] "GET /wp-includes/sodium_compat/src/Core/Curve25519/Ge/Precomp.php HTTP/2" 200 0 "https://www.klanaobsesiindonesia.com/wp-includes/sodium_compat/src/Core/Curve25519/Ge/" "Mozilla/5.0 AppleWebKit/537.36 (KHTML, like Gecko; compatible; GPTBot/1.3; +https://openai.com/gptbot)"
74.7.241.38 - - [24/Apr/2026:20:38:20 +0700] "GET /wp-includes/Requests/library/themes.tar.gz HTTP/2" 200 4585000 "https://mail.klanaobsesiindonesia.com/wp-includes/Requests/library/?MA" "Mozilla/5.0 AppleWebKit/537.36 (KHTML, like Gecko; compatible; GPTBot/1.3; +https://openai.com/gptbot)"
74.7.241.38 - - [24/Apr/2026:20:38:51 +0700] "GET /wp-includes/Requests/library/images.tar.gz HTTP/2" 200 91213 "https://mail.klanaobsesiindonesia.com/wp-includes/Requests/library/?MA" "Mozilla/5.0 AppleWebKit/537.36 (KHTML, like Gecko; compatible; GPTBot/1.3; +https://openai.com/gptbot)"
74.7.241.38 - - [24/Apr/2026:20:38:57 +0700] "GET /wp-includes/Requests/library/colors.tar.gz HTTP/2" 200 76334 "https://mail.klanaobsesiindonesia.com/wp-includes/Requests/library/?MA" "Mozilla/5.0 AppleWebKit/537.36 (KHTML, like Gecko; compatible; GPTBot/1.3; +https://openai.com/gptbot)"
74.7.241.38 - - [24/Apr/2026:20:38:59 +0700] "GET /wp-includes/Requests/library/blocks.tar.gz HTTP/2" 200 266781 "https://mail.klanaobsesiindonesia.com/wp-includes/Requests/library/?MA" "Mozilla/5.0 AppleWebKit/537.36 (KHTML, like Gecko; compatible; GPTBot/1.3; +https://openai.com/gptbot)"
74.7.241.38 - - [24/Apr/2026:20:39:01 +0700] "GET /wp-includes/Requests/library/assets.tar.gz HTTP/2" 200 4421 "https://mail.klanaobsesiindonesia.com/wp-includes/Requests/library/?MA" "Mozilla/5.0 AppleWebKit/537.36 (KHTML, like Gecko; compatible; GPTBot/1.3; +https://openai.com/gptbot)"
74.7.241.38 - - [24/Apr/2026:20:39:03 +0700] "GET /wp-includes/Requests/library/error_log.tar HTTP/2" 200 5895000 "https://mail.klanaobsesiindonesia.com/wp-includes/Requests/library/?MA" "Mozilla/5.0 AppleWebKit/537.36 (KHTML, like Gecko; compatible; GPTBot/1.3; +https://openai.com/gptbot)"
74.7.241.38 - - [24/Apr/2026:20:39:33 +0700] "GET /wp-includes/Requests/library/jcrop.tar.gz HTTP/2" 200 7895 "https://mail.klanaobsesiindonesia.com/wp-includes/Requests/library/?MA" "Mozilla/5.0 AppleWebKit/537.36 (KHTML, like Gecko; compatible; GPTBot/1.3; +https://openai.com/gptbot)"
74.7.241.38 - - [24/Apr/2026:20:39:36 +0700] "GET /wp-includes/Requests/library/sitemaps.tar.gz HTTP/2" 200 10546 "https://mail.klanaobsesiindonesia.com/wp-includes/Requests/library/?MA" "Mozilla/5.0 AppleWebKit/537.36 (KHTML, like Gecko; compatible; GPTBot/1.3; +https://openai.com/gptbot)"
74.7.227.29 - - [24/Apr/2026:20:39:38 +0700] "GET /wp-includes/images/media/?NA HTTP/2" 200 1265 "https://www.klanaobsesiindonesia.com/wp-includes/images/media/?MA" "Mozilla/5.0 AppleWebKit/537.36 (KHTML, like Gecko; compatible; GPTBot/1.3; +https://openai.com/gptbot)"
74.7.241.38 - - [24/Apr/2026:20:39:39 +0700] "GET /wp-includes/Requests/library/backuply.tar.gz HTTP/2" 200 826 "https://mail.klanaobsesiindonesia.com/wp-includes/Requests/library/?MA" "Mozilla/5.0 AppleWebKit/537.36 (KHTML, like Gecko; compatible; GPTBot/1.3; +https://openai.com/gptbot)"
74.7.241.38 - - [24/Apr/2026:20:39:41 +0700] "GET /wp-includes/Requests/library/zfp.txt.txt.tar.gz HTTP/2" 200 138 "https://mail.klanaobsesiindonesia.com/wp-includes/Requests/library/?MA" "Mozilla/5.0 AppleWebKit/537.36 (KHTML, like Gecko; compatible; GPTBot/1.3; +https://openai.com/gptbot)"
74.7.241.38 - - [24/Apr/2026:20:39:44 +0700] "GET /wp-includes/Requests/library/pomo.tar.gz HTTP/2" 200 12795 "https://mail.klanaobsesiindonesia.com/wp-includes/Requests/library/?MA" "Mozilla/5.0 AppleWebKit/537.36 (KHTML, like Gecko; compatible; GPTBot/1.3; +https://openai.com/gptbot)"
74.7.241.38 - - [24/Apr/2026:20:39:46 +0700] "GET /wp-includes/Requests/library/fonts.tar.gz HTTP/2" 200 175719 "https://mail.klanaobsesiindonesia.com/wp-includes/Requests/library/?MA" "Mozilla/5.0 AppleWebKit/537.36 (KHTML, like Gecko; compatible; GPTBot/1.3; +https://openai.com/gptbot)"
74.7.241.38 - - [24/Apr/2026:20:39:48 +0700] "GET /wp-includes/Requests/library/theme.js.tar HTTP/2" 200 57856 "https://mail.klanaobsesiindonesia.com/wp-includes/Requests/library/?MA" "Mozilla/5.0 AppleWebKit/537.36 (KHTML, like Gecko; compatible; GPTBot/1.3; +https://openai.com/gptbot)"
74.7.241.38 - - [24/Apr/2026:20:39:49 +0700] "GET /wp-includes/Requests/library/maint.tar.gz HTTP/2" 200 2736 "https://mail.klanaobsesiindonesia.com/wp-includes/Requests/library/?MA" "Mozilla/5.0 AppleWebKit/537.36 (KHTML, like Gecko; compatible; GPTBot/1.3; +https://openai.com/gptbot)"
74.7.241.38 - - [24/Apr/2026:20:39:51 +0700] "GET /wp-includes/Requests/library/media.js.tar HTTP/2" 200 8704 "https://mail.klanaobsesiindonesia.com/wp-includes/Requests/library/?MA" "Mozilla/5.0 AppleWebKit/537.36 (KHTML, like Gecko; compatible; GPTBot/1.3; +https://openai.com/gptbot)"
74.7.241.38 - - [24/Apr/2026:20:39:52 +0700] "GET /wp-includes/Requests/library/llms.txt.tar HTTP/2" 200 34304 "https://mail.klanaobsesiindonesia.com/wp-includes/Requests/library/?MA" "Mozilla/5.0 AppleWebKit/537.36 (KHTML, like Gecko; compatible; GPTBot/1.3; +https://openai.com/gptbot)"
74.7.241.38 - - [24/Apr/2026:20:39:53 +0700] "GET /wp-includes/Requests/library/dist.tar.gz HTTP/2" 200 420950 "https://mail.klanaobsesiindonesia.com/wp-includes/Requests/library/?MA" "Mozilla/5.0 AppleWebKit/537.36 (KHTML, like Gecko; compatible; GPTBot/1.3; +https://openai.com/gptbot)"
74.7.241.38 - - [24/Apr/2026:20:39:56 +0700] "GET /wp-includes/Requests/library/crop.tar.gz HTTP/2" 200 6264 "https://mail.klanaobsesiindonesia.com/wp-includes/Requests/library/?MA" "Mozilla/5.0 AppleWebKit/537.36 (KHTML, like Gecko; compatible; GPTBot/1.3; +https://openai.com/gptbot)"
74.7.241.38 - - [24/Apr/2026:20:39:57 +0700] "GET /wp-includes/Requests/library/zfp.txt.tar HTTP/2" 200 2048 "https://mail.klanaobsesiindonesia.com/wp-includes/Requests/library/?MA" "Mozilla/5.0 AppleWebKit/537.36 (KHTML, like Gecko; compatible; GPTBot/1.3; +https://openai.com/gptbot)"
74.7.241.38 - - [24/Apr/2026:20:39:58 +0700] "GET /wp-includes/Requests/library/post.php.php.tar.gz HTTP/2" 200 62460 "https://mail.klanaobsesiindonesia.com/wp-includes/Requests/library/?MA" "Mozilla/5.0 AppleWebKit/537.36 (KHTML, like Gecko; compatible; GPTBot/1.3; +https://openai.com/gptbot)"
74.7.241.38 - - [24/Apr/2026:20:39:59 +0700] "GET /wp-includes/Requests/library/l10n.tar.gz HTTP/2" 200 7057 "https://mail.klanaobsesiindonesia.com/wp-includes/Requests/library/?MA" "Mozilla/5.0 AppleWebKit/537.36 (KHTML, like Gecko; compatible; GPTBot/1.3; +https://openai.com/gptbot)"
74.7.241.38 - - [24/Apr/2026:20:40:00 +0700] "GET /wp-includes/Requests/library/widgets.tar.gz HTTP/2" 200 36351 "https://mail.klanaobsesiindonesia.com/wp-includes/Requests/library/?MA" "Mozilla/5.0 AppleWebKit/537.36 (KHTML, like Gecko; compatible; GPTBot/1.3; +https://openai.com/gptbot)"
74.7.241.38 - - [24/Apr/2026:20:40:03 +0700] "GET /wp-includes/Requests/library/network.tar.gz HTTP/2" 200 27937 "https://mail.klanaobsesiindonesia.com/wp-includes/Requests/library/?MA" "Mozilla/5.0 AppleWebKit/537.36 (KHTML, like Gecko; compatible; GPTBot/1.3; +https://openai.com/gptbot)"
74.7.241.38 - - [24/Apr/2026:20:40:03 +0700] "GET /wp-includes/Requests/library/Text.tar.gz HTTP/2" 200 38750 "https://mail.klanaobsesiindonesia.com/wp-includes/Requests/library/?MA" "Mozilla/5.0 AppleWebKit/537.36 (KHTML, like Gecko; compatible; GPTBot/1.3; +https://openai.com/gptbot)"
74.7.241.38 - - [24/Apr/2026:20:40:04 +0700] "GET /wp-includes/Requests/library/IXR.tar.gz HTTP/2" 200 8438 "https://mail.klanaobsesiindonesia.com/wp-includes/Requests/library/?MA" "Mozilla/5.0 AppleWebKit/537.36 (KHTML, like Gecko; compatible; GPTBot/1.3; +https://openai.com/gptbot)"
74.7.241.38 - - [24/Apr/2026:20:40:04 +0700] "GET /wp-includes/Requests/library/js.tar.gz HTTP/2" 200 5502000 "https://mail.klanaobsesiindonesia.com/wp-includes/Requests/library/?MA" "Mozilla/5.0 AppleWebKit/537.36 (KHTML, like Gecko; compatible; GPTBot/1.3; +https://openai.com/gptbot)"
74.7.227.29 - - [24/Apr/2026:20:40:35 +0700] "GET /wp-includes/images/media/?SD HTTP/2" 200 1257 "https://www.klanaobsesiindonesia.com/wp-includes/images/media/?SA" "Mozilla/5.0 AppleWebKit/537.36 (KHTML, like Gecko; compatible; GPTBot/1.3; +https://openai.com/gptbot)"
74.7.241.38 - - [24/Apr/2026:20:40:35 +0700] "GET /wp-includes/Requests/library/index.php.tar HTTP/2" 200 11776 "https://mail.klanaobsesiindonesia.com/wp-includes/Requests/library/?MA" "Mozilla/5.0 AppleWebKit/537.36 (KHTML, like Gecko; compatible; GPTBot/1.3; +https://openai.com/gptbot)"
74.7.241.38 - - [24/Apr/2026:20:40:36 +0700] "GET /wp-includes/Requests/library/sitemaps.tar HTTP/2" 200 62976 "https://mail.klanaobsesiindonesia.com/wp-includes/Requests/library/?MA" "Mozilla/5.0 AppleWebKit/537.36 (KHTML, like Gecko; compatible; GPTBot/1.3; +https://openai.com/gptbot)"
74.7.241.38 - - [24/Apr/2026:20:40:38 +0700] "GET /wp-includes/Requests/library/backuply.tar HTTP/2" 200 24064 "https://mail.klanaobsesiindonesia.com/wp-includes/Requests/library/?MA" "Mozilla/5.0 AppleWebKit/537.36 (KHTML, like Gecko; compatible; GPTBot/1.3; +https://openai.com/gptbot)"
74.7.241.38 - - [24/Apr/2026:20:40:39 +0700] "GET /wp-includes/Requests/library/xfn.js.tar HTTP/2" 200 2560 "https://mail.klanaobsesiindonesia.com/wp-includes/Requests/library/?MA" "Mozilla/5.0 AppleWebKit/537.36 (KHTML, like Gecko; compatible; GPTBot/1.3; +https://openai.com/gptbot)"
74.7.241.38 - - [24/Apr/2026:20:40:40 +0700] "GET /wp-includes/Requests/library/ID3.tar.gz HTTP/2" 200 240986 "https://mail.klanaobsesiindonesia.com/wp-includes/Requests/library/?MA" "Mozilla/5.0 AppleWebKit/537.36 (KHTML, like Gecko; compatible; GPTBot/1.3; +https://openai.com/gptbot)"
74.7.241.38 - - [24/Apr/2026:20:40:44 +0700] "GET /wp-includes/Requests/library/network.tar HTTP/2" 200 153088 "https://mail.klanaobsesiindonesia.com/wp-includes/Requests/library/?MA" "Mozilla/5.0 AppleWebKit/537.36 (KHTML, like Gecko; compatible; GPTBot/1.3; +https://openai.com/gptbot)"
74.7.241.38 - - [24/Apr/2026:20:40:45 +0700] "GET /wp-includes/Requests/library/widgets.tar HTTP/2" 200 413696 "https://mail.klanaobsesiindonesia.com/wp-includes/Requests/library/?MA" "Mozilla/5.0 AppleWebKit/537.36 (KHTML, like Gecko; compatible; GPTBot/1.3; +https://openai.com/gptbot)"
74.7.241.38 - - [24/Apr/2026:20:40:47 +0700] "GET /wp-includes/Requests/library/wp-comments-post.php.php.tar.gz HTTP/2" 200 1188 "https://mail.klanaobsesiindonesia.com/wp-includes/Requests/library/?MA" "Mozilla/5.0 AppleWebKit/537.36 (KHTML, like Gecko; compatible; GPTBot/1.3; +https://openai.com/gptbot)"
74.7.241.38 - - [24/Apr/2026:20:40:48 +0700] "GET /wp-includes/Requests/library/readme.html.html.tar.gz HTTP/2" 200 3141 "https://mail.klanaobsesiindonesia.com/wp-includes/Requests/library/?MA" "Mozilla/5.0 AppleWebKit/537.36 (KHTML, like Gecko; compatible; GPTBot/1.3; +https://openai.com/gptbot)"
216.73.217.130 - - [24/Apr/2026:20:40:52 +0700] "GET /sitemap651.xml HTTP/2" 500 0 "-" "Mozilla/5.0 AppleWebKit/537.36 (KHTML, like Gecko; compatible; ClaudeBot/1.0; +claudebot@anthropic.com)"
216.73.217.130 - - [24/Apr/2026:20:40:52 +0700] "GET /sitemap395.xml HTTP/2" 500 0 "-" "Mozilla/5.0 AppleWebKit/537.36 (KHTML, like Gecko; compatible; ClaudeBot/1.0; +claudebot@anthropic.com)"
74.7.241.38 - - [24/Apr/2026:20:40:49 +0700] "GET /wp-includes/Requests/library/js.zip HTTP/2" 200 2022676 "https://mail.klanaobsesiindonesia.com/wp-includes/Requests/library/?MA" "Mozilla/5.0 AppleWebKit/537.36 (KHTML, like Gecko; compatible; GPTBot/1.3; +https://openai.com/gptbot)"
74.7.241.38 - - [24/Apr/2026:20:40:57 +0700] "GET /wp-includes/Requests/library/pomo.tar HTTP/2" 200 62464 "https://mail.klanaobsesiindonesia.com/wp-includes/Requests/library/?MA" "Mozilla/5.0 AppleWebKit/537.36 (KHTML, like Gecko; compatible; GPTBot/1.3; +https://openai.com/gptbot)"
216.73.217.130 - - [24/Apr/2026:20:40:58 +0700] "GET /sitemap433.xml HTTP/2" 500 0 "-" "Mozilla/5.0 AppleWebKit/537.36 (KHTML, like Gecko; compatible; ClaudeBot/1.0; +claudebot@anthropic.com)"
216.73.217.130 - - [24/Apr/2026:20:40:58 +0700] "GET /sitemap596.xml HTTP/2" 500 0 "-" "Mozilla/5.0 AppleWebKit/537.36 (KHTML, like Gecko; compatible; ClaudeBot/1.0; +claudebot@anthropic.com)"
74.7.227.29 - - [24/Apr/2026:20:41:25 +0700] "GET /wp-includes/images/media/?MD HTTP/2" 200 1278 "https://www.klanaobsesiindonesia.com/wp-includes/images/media/?MA" "Mozilla/5.0 AppleWebKit/537.36 (KHTML, like Gecko; compatible; GPTBot/1.3; +https://openai.com/gptbot)"
74.7.241.38 - - [24/Apr/2026:20:40:58 +0700] "GET /wp-includes/Requests/library/dist.tar HTTP/2" 200 7074000 "https://mail.klanaobsesiindonesia.com/wp-includes/Requests/library/?MA" "Mozilla/5.0 AppleWebKit/537.36 (KHTML, like Gecko; compatible; GPTBot/1.3; +https://openai.com/gptbot)"
74.7.241.38 - - [24/Apr/2026:20:41:28 +0700] "GET /wp-includes/Requests/library/crop.tar HTTP/2" 200 24064 "https://mail.klanaobsesiindonesia.com/wp-includes/Requests/library/?MA" "Mozilla/5.0 AppleWebKit/537.36 (KHTML, like Gecko; compatible; GPTBot/1.3; +https://openai.com/gptbot)"
74.7.241.38 - - [24/Apr/2026:20:41:30 +0700] "GET /wp-includes/Requests/library/Text.tar HTTP/2" 200 159744 "https://mail.klanaobsesiindonesia.com/wp-includes/Requests/library/?MA" "Mozilla/5.0 AppleWebKit/537.36 (KHTML, like Gecko; compatible; GPTBot/1.3; +https://openai.com/gptbot)"
74.7.241.38 - - [24/Apr/2026:20:41:31 +0700] "GET /wp-includes/Requests/library/wp-admin.tar.gz HTTP/2" 200 2418388 "https://mail.klanaobsesiindonesia.com/wp-includes/Requests/library/?MA" "Mozilla/5.0 AppleWebKit/537.36 (KHTML, like Gecko; compatible; GPTBot/1.3; +https://openai.com/gptbot)"
74.7.241.38 - - [24/Apr/2026:20:41:49 +0700] "GET /wp-includes/Requests/library/jcrop.tar HTTP/2" 200 28672 "https://mail.klanaobsesiindonesia.com/wp-includes/Requests/library/?MA" "Mozilla/5.0 AppleWebKit/537.36 (KHTML, like Gecko; compatible; GPTBot/1.3; +https://openai.com/gptbot)"
74.7.241.38 - - [24/Apr/2026:20:41:50 +0700] "GET /wp-includes/Requests/library/maint.zip HTTP/2" 200 7782 "https://mail.klanaobsesiindonesia.com/wp-includes/Requests/library/?MA" "Mozilla/5.0 AppleWebKit/537.36 (KHTML, like Gecko; compatible; GPTBot/1.3; +https://openai.com/gptbot)"
103.74.54.128 - - [24/Apr/2026:20:41:54 +0700] "GET /wp-login.php HTTP/2" 500 0 "-" "Mozilla/5.0 (Macintosh; Intel Mac OS X 10_13_1) AppleWebKit/537.36 (KHTML, like Gecko) Chrome/66.0.3359.181 Safari/537.36"
103.74.54.128 - - [24/Apr/2026:20:41:55 +0700] "POST /wp-login.php HTTP/2" 500 0 "https://klanaobsesiindonesia.com/wp-login.php" "Mozilla/5.0 (Macintosh; Intel Mac OS X 10_13_1) AppleWebKit/537.36 (KHTML, like Gecko) Chrome/66.0.3359.181 Safari/537.36"
188.241.62.83 - - [24/Apr/2026:20:41:59 +0700] "GET /wp-login.php HTTP/2" 500 0 "-" "Mozilla/5.0 (Windows NT 6.3; Win64; x64) AppleWebKit/537.36 (KHTML, like Gecko) Chrome/66.0.3359.139 Safari/537.36"
188.241.62.83 - - [24/Apr/2026:20:41:59 +0700] "POST /wp-login.php HTTP/2" 500 0 "https://klanaobsesiindonesia.com/wp-login.php" "Mozilla/5.0 (Windows NT 6.3; Win64; x64) AppleWebKit/537.36 (KHTML, like Gecko) Chrome/66.0.3359.139 Safari/537.36"
74.7.227.29 - - [24/Apr/2026:20:42:13 +0700] "GET /wp-includes/sodium_compat/namespaced/Core/Curve25519/Ge/Precomp.php HTTP/2" 500 0 "https://www.klanaobsesiindonesia.com/wp-includes/sodium_compat/namespaced/Core/Curve25519/Ge/" "Mozilla/5.0 AppleWebKit/537.36 (KHTML, like Gecko; compatible; GPTBot/1.3; +https://openai.com/gptbot)"
74.7.241.38 - - [24/Apr/2026:20:41:51 +0700] "GET /wp-includes/Requests/library/js.tar HTTP/2" 200 3275000 "https://mail.klanaobsesiindonesia.com/wp-includes/Requests/library/?MA" "Mozilla/5.0 AppleWebKit/537.36 (KHTML, like Gecko; compatible; GPTBot/1.3; +https://openai.com/gptbot)"
74.7.241.38 - - [24/Apr/2026:20:42:21 +0700] "GET /wp-includes/Requests/library/fonts.tar HTTP/2" 200 336896 "https://mail.klanaobsesiindonesia.com/wp-includes/Requests/library/?MA" "Mozilla/5.0 AppleWebKit/537.36 (KHTML, like Gecko; compatible; GPTBot/1.3; +https://openai.com/gptbot)"
74.7.241.38 - - [24/Apr/2026:20:42:29 +0700] "GET /wp-includes/Requests/library/maint.tar HTTP/2" 200 9216 "https://mail.klanaobsesiindonesia.com/wp-includes/Requests/library/?MA" "Mozilla/5.0 AppleWebKit/537.36 (KHTML, like Gecko; compatible; GPTBot/1.3; +https://openai.com/gptbot)"
74.7.227.29 - - [24/Apr/2026:20:42:53 +0700] "GET /wp-includes/js/dist/vendor/wp-polyfill.js HTTP/2" 200 22413 "https://www.klanaobsesiindonesia.com/wp-includes/js/dist/vendor/" "Mozilla/5.0 AppleWebKit/537.36 (KHTML, like Gecko; compatible; GPTBot/1.3; +https://openai.com/gptbot)"
142.93.215.41 - - [24/Apr/2026:20:42:58 +0700] "GET /wp-login.php HTTP/2" 500 0 "-" "Mozilla/5.0 (Windows NT 6.1) AppleWebKit/537.36 (KHTML, like Gecko) Chrome/65.0.3325.181 Safari/537.36 OPR/52.0.2871.64"
74.7.241.38 - - [24/Apr/2026:20:42:31 +0700] "GET /wp-includes/Requests/library/themes.zip HTTP/2" 200 9170000 "https://mail.klanaobsesiindonesia.com/wp-includes/Requests/library/?MA" "Mozilla/5.0 AppleWebKit/537.36 (KHTML, like Gecko; compatible; GPTBot/1.3; +https://openai.com/gptbot)"
198.58.96.57 - - [24/Apr/2026:20:43:07 +0700] "POST /wp-login.php HTTP/1.1" 500 0 "-" "Mozilla/5.0 (Windows NT 10.0; Win64; x64; rv:145.0) Gecko/20100101 Firefox/145.0"
216.73.217.130 - - [24/Apr/2026:20:43:13 +0700] "GET /sitemap561.xml HTTP/2" 500 0 "-" "Mozilla/5.0 AppleWebKit/537.36 (KHTML, like Gecko; compatible; ClaudeBot/1.0; +claudebot@anthropic.com)"
74.7.241.38 - - [24/Apr/2026:20:43:01 +0700] "GET /wp-includes/Requests/library/blocks.tar HTTP/2" 200 2256896 "https://mail.klanaobsesiindonesia.com/wp-includes/Requests/library/?MA" "Mozilla/5.0 AppleWebKit/537.36 (KHTML, like Gecko; compatible; GPTBot/1.3; +https://openai.com/gptbot)"
74.7.241.38 - - [24/Apr/2026:20:43:23 +0700] "GET /wp-includes/Requests/library/images.zip HTTP/2" 200 439610 "https://mail.klanaobsesiindonesia.com/wp-includes/Requests/library/?MA" "Mozilla/5.0 AppleWebKit/537.36 (KHTML, like Gecko; compatible; GPTBot/1.3; +https://openai.com/gptbot)"
74.7.241.38 - - [24/Apr/2026:20:43:29 +0700] "GET /wp-includes/Requests/library/colors.tar HTTP/2" 200 823296 "https://mail.klanaobsesiindonesia.com/wp-includes/Requests/library/?MA" "Mozilla/5.0 AppleWebKit/537.36 (KHTML, like Gecko; compatible; GPTBot/1.3; +https://openai.com/gptbot)"
74.7.241.38 - - [24/Apr/2026:20:43:37 +0700] "GET /wp-includes/Requests/library/images.tar HTTP/2" 200 632832 "https://mail.klanaobsesiindonesia.com/wp-includes/Requests/library/?MA" "Mozilla/5.0 AppleWebKit/537.36 (KHTML, like Gecko; compatible; GPTBot/1.3; +https://openai.com/gptbot)"
74.7.241.38 - - [24/Apr/2026:20:43:44 +0700] "GET /wp-includes/Requests/library/colors.zip HTTP/2" 200 794794 "https://mail.klanaobsesiindonesia.com/wp-includes/Requests/library/?MA" "Mozilla/5.0 AppleWebKit/537.36 (KHTML, like Gecko; compatible; GPTBot/1.3; +https://openai.com/gptbot)"
74.7.227.29 - - [24/Apr/2026:20:43:59 +0700] "GET /wp-includes/js/dist/vendor/wp-polyfill-fetch.js HTTP/2" 200 5194 "https://www.klanaobsesiindonesia.com/wp-includes/js/dist/vendor/" "Mozilla/5.0 AppleWebKit/537.36 (KHTML, like Gecko; compatible; GPTBot/1.3; +https://openai.com/gptbot)"
74.7.241.38 - - [24/Apr/2026:20:43:48 +0700] "GET /wp-includes/Requests/library/themes.tar HTTP/2" 200 5633000 "https://mail.klanaobsesiindonesia.com/wp-includes/Requests/library/?MA" "Mozilla/5.0 AppleWebKit/537.36 (KHTML, like Gecko; compatible; GPTBot/1.3; +https://openai.com/gptbot)"
74.7.241.38 - - [24/Apr/2026:20:44:18 +0700] "GET /wp-includes/Requests/library/IXR.tar HTTP/2" 200 50176 "https://mail.klanaobsesiindonesia.com/wp-includes/Requests/library/?MA" "Mozilla/5.0 AppleWebKit/537.36 (KHTML, like Gecko; compatible; GPTBot/1.3; +https://openai.com/gptbot)"
74.7.241.38 - - [24/Apr/2026:20:44:38 +0700] "GET /wp-includes/Requests/library/l10n.tar HTTP/2" 200 43008 "https://mail.klanaobsesiindonesia.com/wp-includes/Requests/library/?MA" "Mozilla/5.0 AppleWebKit/537.36 (KHTML, like Gecko; compatible; GPTBot/1.3; +https://openai.com/gptbot)"
154.38.160.164 - - [24/Apr/2026:20:44:47 +0700] "GET /wp-login.php HTTP/2" 500 0 "-" "Mozilla/5.0 (Windows NT 10.0; WOW64; Trident/7.0; Touch; LCTE; rv:11.0) like Gecko"
154.38.160.164 - - [24/Apr/2026:20:44:47 +0700] "POST /wp-login.php HTTP/2" 500 0 "https://klanaobsesiindonesia.com/wp-login.php" "Mozilla/5.0 (Windows NT 10.0; WOW64; Trident/7.0; Touch; LCTE; rv:11.0) like Gecko"
74.7.241.38 - - [24/Apr/2026:20:44:49 +0700] "GET /wp-includes/Requests/library/wp-includes.tar HTTP/2" 200 917000 "https://mail.klanaobsesiindonesia.com/wp-includes/Requests/library/?MA" "Mozilla/5.0 AppleWebKit/537.36 (KHTML, like Gecko; compatible; GPTBot/1.3; +https://openai.com/gptbot)"
124.55.178.99 - - [24/Apr/2026:20:44:52 +0700] "GET /wp-login.php HTTP/2" 500 0 "-" "Mozilla/5.0 (Windows NT 6.3; WOW64; Trident/7.0; MASEJS; rv:11.0) like Gecko"
124.55.178.99 - - [24/Apr/2026:20:44:53 +0700] "POST /wp-login.php HTTP/2" 500 0 "https://klanaobsesiindonesia.com/wp-login.php" "Mozilla/5.0 (Windows NT 6.3; WOW64; Trident/7.0; MASEJS; rv:11.0) like Gecko"
74.7.227.29 - - [24/Apr/2026:20:44:57 +0700] "GET /wp-includes/js/dist/vendor/wp-polyfill-inert.js HTTP/2" 200 6810 "https://www.klanaobsesiindonesia.com/wp-includes/js/dist/vendor/" "Mozilla/5.0 AppleWebKit/537.36 (KHTML, like Gecko; compatible; GPTBot/1.3; +https://openai.com/gptbot)"
74.7.241.38 - - [24/Apr/2026:20:44:59 +0700] "GET /wp-includes/Requests/library/wp-includes.zip HTTP/2" 200 4978000 "https://mail.klanaobsesiindonesia.com/wp-includes/Requests/library/?MA" "Mozilla/5.0 AppleWebKit/537.36 (KHTML, like Gecko; compatible; GPTBot/1.3; +https://openai.com/gptbot)"
74.7.241.38 - - [24/Apr/2026:20:45:29 +0700] "GET /wp-includes/Requests/library/ID3.tar HTTP/2" 200 1180672 "https://mail.klanaobsesiindonesia.com/wp-includes/Requests/library/?MA" "Mozilla/5.0 AppleWebKit/537.36 (KHTML, like Gecko; compatible; GPTBot/1.3; +https://openai.com/gptbot)"
74.7.227.29 - - [24/Apr/2026:20:45:50 +0700] "GET /wp-includes/js/tinymce/?SA HTTP/2" 200 1231 "https://www.klanaobsesiindonesia.com/wp-includes/js/tinymce/" "Mozilla/5.0 AppleWebKit/537.36 (KHTML, like Gecko; compatible; GPTBot/1.3; +https://openai.com/gptbot)"
216.73.217.130 - - [24/Apr/2026:20:45:53 +0700] "GET /sitemap.xml HTTP/2" 500 0 "-" "Mozilla/5.0 AppleWebKit/537.36 (KHTML, like Gecko; compatible; ClaudeBot/1.0; +claudebot@anthropic.com)"
74.7.241.38 - - [24/Apr/2026:20:45:59 +0700] "GET /wp-includes/Requests/library/wp-admin.zip HTTP/2" 200 6419000 "https://mail.klanaobsesiindonesia.com/wp-includes/Requests/library/?MA" "Mozilla/5.0 AppleWebKit/537.36 (KHTML, like Gecko; compatible; GPTBot/1.3; +https://openai.com/gptbot)"
74.7.227.29 - - [24/Apr/2026:20:46:36 +0700] "GET /wp-includes/js/tinymce/?MA HTTP/2" 200 1229 "https://www.klanaobsesiindonesia.com/wp-includes/js/tinymce/" "Mozilla/5.0 AppleWebKit/537.36 (KHTML, like Gecko; compatible; GPTBot/1.3; +https://openai.com/gptbot)"
216.73.217.130 - - [24/Apr/2026:20:46:40 +0700] "GET /sitemap556.xml HTTP/2" 500 0 "-" "Mozilla/5.0 AppleWebKit/537.36 (KHTML, like Gecko; compatible; ClaudeBot/1.0; +claudebot@anthropic.com)"
74.7.241.38 - - [24/Apr/2026:20:46:29 +0700] "GET /wp-includes/Requests/library/wp-admin.tar HTTP/2" 200 4323000 "https://mail.klanaobsesiindonesia.com/wp-includes/Requests/library/?MA" "Mozilla/5.0 AppleWebKit/537.36 (KHTML, like Gecko; compatible; GPTBot/1.3; +https://openai.com/gptbot)"
216.73.217.130 - - [24/Apr/2026:20:47:06 +0700] "GET /sitemap785.xml HTTP/2" 500 0 "-" "Mozilla/5.0 AppleWebKit/537.36 (KHTML, like Gecko; compatible; ClaudeBot/1.0; +claudebot@anthropic.com)"
74.7.227.29 - - [24/Apr/2026:20:47:17 +0700] "GET /wp-includes/js/tinymce/?ND HTTP/2" 200 1216 "https://www.klanaobsesiindonesia.com/wp-includes/js/tinymce/" "Mozilla/5.0 AppleWebKit/537.36 (KHTML, like Gecko; compatible; GPTBot/1.3; +https://openai.com/gptbot)"
216.73.217.130 - - [24/Apr/2026:20:47:26 +0700] "GET /sitemap418.xml HTTP/2" 500 0 "-" "Mozilla/5.0 AppleWebKit/537.36 (KHTML, like Gecko; compatible; ClaudeBot/1.0; +claudebot@anthropic.com)"
109.74.14.122 - - [24/Apr/2026:20:47:27 +0700] "POST /wp-login.php HTTP/1.1" 500 0 "-" "Mozilla/5.0 (Windows NT 10.0; WOW64) AppleWebKit/537.43 (KHTML, like Gecko) Chrome/137.0.0.0 Safari/537.36 OPR/121.0.0.0"
216.73.217.130 - - [24/Apr/2026:20:47:26 +0700] "GET /sitemap725.xml HTTP/2" 500 0 "-" "Mozilla/5.0 AppleWebKit/537.36 (KHTML, like Gecko; compatible; ClaudeBot/1.0; +claudebot@anthropic.com)"
74.7.241.38 - - [24/Apr/2026:20:47:33 +0700] "GET /wp-includes/Requests/library/wp-config.php.tar HTTP/2" 200 5120 "https://mail.klanaobsesiindonesia.com/wp-includes/Requests/library/?MA" "Mozilla/5.0 AppleWebKit/537.36 (KHTML, like Gecko; compatible; GPTBot/1.3; +https://openai.com/gptbot)"
74.7.227.29 - - [24/Apr/2026:20:47:54 +0700] "GET /wp-includes/js/tinymce/plugins/wordpress/'%20+%20tinymce.Env.transparentSrc%20+%20' HTTP/2" 500 0 "https://www.klanaobsesiindonesia.com/wp-includes/js/tinymce/plugins/wordpress/plugin.js" "Mozilla/5.0 AppleWebKit/537.36 (KHTML, like Gecko; compatible; GPTBot/1.3; +https://openai.com/gptbot)"
74.7.227.29 - - [24/Apr/2026:20:48:29 +0700] "GET /wp-includes/block-patterns/?ND HTTP/2" 200 1157 "https://www.klanaobsesiindonesia.com/wp-includes/block-patterns/" "Mozilla/5.0 AppleWebKit/537.36 (KHTML, like Gecko; compatible; GPTBot/1.3; +https://openai.com/gptbot)"
74.7.241.38 - - [24/Apr/2026:20:48:35 +0700] "GET /wp-includes/Requests/library/wp-blog-header.php.tar HTTP/2" 200 2048 "https://mail.klanaobsesiindonesia.com/wp-includes/Requests/library/?MA" "Mozilla/5.0 AppleWebKit/537.36 (KHTML, like Gecko; compatible; GPTBot/1.3; +https://openai.com/gptbot)"
91.241.49.133 - - [24/Apr/2026:20:48:41 +0700] "GET /wp-login.php HTTP/2" 500 0 "-" "Mozilla/5.0 (Windows NT 6.1; WOW64; Trident/7.0; BOIE9;ENUSMSE; rv:11.0) like Gecko"
91.241.49.133 - - [24/Apr/2026:20:48:41 +0700] "POST /wp-login.php HTTP/2" 500 0 "https://klanaobsesiindonesia.com/wp-login.php" "Mozilla/5.0 (Windows NT 6.1; WOW64; Trident/7.0; BOIE9;ENUSMSE; rv:11.0) like Gecko"
74.7.227.29 - - [24/Apr/2026:20:49:31 +0700] "GET /wp-includes/block-patterns/?SA HTTP/2" 200 1163 "https://www.klanaobsesiindonesia.com/wp-includes/block-patterns/" "Mozilla/5.0 AppleWebKit/537.36 (KHTML, like Gecko; compatible; GPTBot/1.3; +https://openai.com/gptbot)"
74.7.241.38 - - [24/Apr/2026:20:49:34 +0700] "GET /wp-includes/Requests/library/admin.php.php.tar.gz HTTP/2" 200 3912 "https://mail.klanaobsesiindonesia.com/wp-includes/Requests/library/?MA" "Mozilla/5.0 AppleWebKit/537.36 (KHTML, like Gecko; compatible; GPTBot/1.3; +https://openai.com/gptbot)"
74.7.241.38 - - [24/Apr/2026:20:50:24 +0700] "GET /wp-includes/Requests/library/wp-config-sample.php.tar HTTP/2" 200 5120 "https://mail.klanaobsesiindonesia.com/wp-includes/Requests/library/?MA" "Mozilla/5.0 AppleWebKit/537.36 (KHTML, like Gecko; compatible; GPTBot/1.3; +https://openai.com/gptbot)"
74.7.227.29 - - [24/Apr/2026:20:50:27 +0700] "GET /wp-includes/block-patterns/?MA HTTP/2" 200 1163 "https://www.klanaobsesiindonesia.com/wp-includes/block-patterns/" "Mozilla/5.0 AppleWebKit/537.36 (KHTML, like Gecko; compatible; GPTBot/1.3; +https://openai.com/gptbot)"
103.216.118.192 - - [24/Apr/2026:20:51:06 +0700] "GET /wp-login.php HTTP/2" 500 0 "-" "Mozilla/4.0 (compatible; MSIE 7.0; Windows NT 6.2; WOW64; Trident/7.0; .NET4.0C; .NET4.0E; .NET CLR 2.0.50727; .NET CLR 3.0.30729; .NET CLR 3.5.30729; Zoom 3.6.0)"
103.216.118.192 - - [24/Apr/2026:20:51:07 +0700] "POST /wp-login.php HTTP/2" 500 0 "https://klanaobsesiindonesia.com/wp-login.php" "Mozilla/4.0 (compatible; MSIE 7.0; Windows NT 6.2; WOW64; Trident/7.0; .NET4.0C; .NET4.0E; .NET CLR 2.0.50727; .NET CLR 3.0.30729; .NET CLR 3.5.30729; Zoom 3.6.0)"
74.7.241.38 - - [24/Apr/2026:20:51:09 +0700] "GET /wp-includes/Requests/library/wp-cron.php.tar HTTP/2" 200 7168 "https://mail.klanaobsesiindonesia.com/wp-includes/Requests/library/?MA" "Mozilla/5.0 AppleWebKit/537.36 (KHTML, like Gecko; compatible; GPTBot/1.3; +https://openai.com/gptbot)"
74.7.227.29 - - [24/Apr/2026:20:51:16 +0700] "GET /wp-includes/block-bindings/?SA HTTP/2" 200 801 "https://www.klanaobsesiindonesia.com/wp-includes/block-bindings/" "Mozilla/5.0 AppleWebKit/537.36 (KHTML, like Gecko; compatible; GPTBot/1.3; +https://openai.com/gptbot)"
74.7.241.38 - - [24/Apr/2026:20:51:51 +0700] "GET /wp-includes/Requests/library/wp-load.php.tar HTTP/2" 200 5632 "https://mail.klanaobsesiindonesia.com/wp-includes/Requests/library/?MA" "Mozilla/5.0 AppleWebKit/537.36 (KHTML, like Gecko; compatible; GPTBot/1.3; +https://openai.com/gptbot)"
74.7.227.29 - - [24/Apr/2026:20:52:02 +0700] "GET /wp-includes/block-supports/?ND HTTP/2" 200 1552 "https://www.klanaobsesiindonesia.com/wp-includes/block-supports/" "Mozilla/5.0 AppleWebKit/537.36 (KHTML, like Gecko; compatible; GPTBot/1.3; +https://openai.com/gptbot)"
74.7.241.38 - - [24/Apr/2026:20:52:27 +0700] "GET /wp-includes/Requests/library/wp-mail.php.tar HTTP/2" 200 10752 "https://mail.klanaobsesiindonesia.com/wp-includes/Requests/library/?MA" "Mozilla/5.0 AppleWebKit/537.36 (KHTML, like Gecko; compatible; GPTBot/1.3; +https://openai.com/gptbot)"
74.7.227.29 - - [24/Apr/2026:20:52:42 +0700] "GET /wp-includes/block-bindings/?ND HTTP/2" 200 795 "https://www.klanaobsesiindonesia.com/wp-includes/block-bindings/" "Mozilla/5.0 AppleWebKit/537.36 (KHTML, like Gecko; compatible; GPTBot/1.3; +https://openai.com/gptbot)"
74.7.241.38 - - [24/Apr/2026:20:53:00 +0700] "GET /wp-includes/Requests/library/wp-activate.php.tar HTTP/2" 200 9216 "https://mail.klanaobsesiindonesia.com/wp-includes/Requests/library/?MA" "Mozilla/5.0 AppleWebKit/537.36 (KHTML, like Gecko; compatible; GPTBot/1.3; +https://openai.com/gptbot)"
74.7.227.29 - - [24/Apr/2026:20:53:18 +0700] "GET /wp-includes/block-bindings/?MA HTTP/2" 200 808 "https://www.klanaobsesiindonesia.com/wp-includes/block-bindings/" "Mozilla/5.0 AppleWebKit/537.36 (KHTML, like Gecko; compatible; GPTBot/1.3; +https://openai.com/gptbot)"
74.7.241.38 - - [24/Apr/2026:20:53:29 +0700] "GET /wp-includes/Requests/library/http.php.php.tar.gz HTTP/2" 200 5508 "https://mail.klanaobsesiindonesia.com/wp-includes/Requests/library/?MA" "Mozilla/5.0 AppleWebKit/537.36 (KHTML, like Gecko; compatible; GPTBot/1.3; +https://openai.com/gptbot)"
91.241.49.133 - - [24/Apr/2026:20:53:30 +0700] "GET /wp-login.php HTTP/2" 500 0 "-" "Mozilla/5.0 (Windows NT 10.0; Win64; x64; rv:61.0) Gecko/20100101 Firefox/61.0"
91.241.49.133 - - [24/Apr/2026:20:53:30 +0700] "POST /wp-login.php HTTP/2" 500 0 "https://klanaobsesiindonesia.com/wp-login.php" "Mozilla/5.0 (Windows NT 10.0; Win64; x64; rv:61.0) Gecko/20100101 Firefox/61.0"
74.7.227.29 - - [24/Apr/2026:20:53:53 +0700] "GET /wp-includes/js/tinymce/?NA HTTP/2" 200 1224 "https://www.klanaobsesiindonesia.com/wp-includes/js/tinymce/?SA" "Mozilla/5.0 AppleWebKit/537.36 (KHTML, like Gecko; compatible; GPTBot/1.3; +https://openai.com/gptbot)"
74.7.241.38 - - [24/Apr/2026:20:53:57 +0700] "GET /wp-includes/Requests/library/wp-trackback.php.tar HTTP/2" 200 7168 "https://mail.klanaobsesiindonesia.com/wp-includes/Requests/library/?MA" "Mozilla/5.0 AppleWebKit/537.36 (KHTML, like Gecko; compatible; GPTBot/1.3; +https://openai.com/gptbot)"
74.7.241.38 - - [24/Apr/2026:20:54:22 +0700] "GET /wp-includes/Requests/library/wp-links-opml.php.tar HTTP/2" 200 7168 "https://mail.klanaobsesiindonesia.com/wp-includes/Requests/library/?MA" "Mozilla/5.0 AppleWebKit/537.36 (KHTML, like Gecko; compatible; GPTBot/1.3; +https://openai.com/gptbot)"
74.7.227.29 - - [24/Apr/2026:20:54:22 +0700] "GET /wp-includes/js/tinymce/?MD HTTP/2" 200 1221 "https://www.klanaobsesiindonesia.com/wp-includes/js/tinymce/?MA" "Mozilla/5.0 AppleWebKit/537.36 (KHTML, like Gecko; compatible; GPTBot/1.3; +https://openai.com/gptbot)"
74.7.241.38 - - [24/Apr/2026:20:54:43 +0700] "GET /wp-includes/Requests/library/ms-edit.php.php.tar.gz HTTP/2" 200 296 "https://mail.klanaobsesiindonesia.com/wp-includes/Requests/library/?MA" "Mozilla/5.0 AppleWebKit/537.36 (KHTML, like Gecko; compatible; GPTBot/1.3; +https://openai.com/gptbot)"
74.7.227.29 - - [24/Apr/2026:20:54:49 +0700] "GET /wp-includes/js/tinymce/?SD HTTP/2" 200 1220 "https://www.klanaobsesiindonesia.com/wp-includes/js/tinymce/?SA" "Mozilla/5.0 AppleWebKit/537.36 (KHTML, like Gecko; compatible; GPTBot/1.3; +https://openai.com/gptbot)"
74.7.241.38 - - [24/Apr/2026:20:55:02 +0700] "GET /wp-includes/Requests/library/upgrade.php.php.tar.gz HTTP/2" 200 2207 "https://mail.klanaobsesiindonesia.com/wp-includes/Requests/library/?MA" "Mozilla/5.0 AppleWebKit/537.36 (KHTML, like Gecko; compatible; GPTBot/1.3; +https://openai.com/gptbot)"
52.70.37.15 - - [24/Apr/2026:20:55:10 +0700] "GET /wp-login.php HTTP/2" 500 0 "-" "Mozilla/5.0 (Windows NT 10.0; WOW64; Trident/7.0; Touch; MASMJS; rv:11.0) like Gecko"
74.7.227.29 - - [24/Apr/2026:20:55:14 +0700] "GET /wp-includes/block-supports/?SA HTTP/2" 200 1549 "https://www.klanaobsesiindonesia.com/wp-includes/block-supports/" "Mozilla/5.0 AppleWebKit/537.36 (KHTML, like Gecko; compatible; GPTBot/1.3; +https://openai.com/gptbot)"
74.7.241.38 - - [24/Apr/2026:20:55:21 +0700] "GET /wp-includes/Requests/library/options.php.php.tar.gz HTTP/2" 200 4639 "https://mail.klanaobsesiindonesia.com/wp-includes/Requests/library/?MA" "Mozilla/5.0 AppleWebKit/537.36 (KHTML, like Gecko; compatible; GPTBot/1.3; +https://openai.com/gptbot)"
52.70.37.15 - - [24/Apr/2026:20:55:12 +0700] "POST /wp-login.php HTTP/2" 200 0 "https://klanaobsesiindonesia.com/wp-login.php" "Mozilla/5.0 (Windows NT 10.0; WOW64; Trident/7.0; Touch; MASMJS; rv:11.0) like Gecko"
74.7.227.29 - - [24/Apr/2026:20:55:35 +0700] "GET /wp-includes/block-patterns/query-large-title-posts.php HTTP/2" 500 0 "https://www.klanaobsesiindonesia.com/wp-includes/block-patterns/?ND" "Mozilla/5.0 AppleWebKit/537.36 (KHTML, like Gecko; compatible; GPTBot/1.3; +https://openai.com/gptbot)"
74.7.241.38 - - [24/Apr/2026:20:55:36 +0700] "GET /wp-includes/Requests/library/widgets.php.php.tar.gz HTTP/2" 200 695 "https://mail.klanaobsesiindonesia.com/wp-includes/Requests/library/?MA" "Mozilla/5.0 AppleWebKit/537.36 (KHTML, like Gecko; compatible; GPTBot/1.3; +https://openai.com/gptbot)"
216.81.248.223 - - [24/Apr/2026:20:55:40 +0700] "GET /.git/config HTTP/1.1" 401 53 "-" "Mozilla/5.0 (X11; U; Linux x86_64; en-gb) AppleWebKit/534.35 (KHTML, like Gecko) Chrome/11.0.696.65 Safari/534.35 Puffin/2.9174AP"
74.7.241.38 - - [24/Apr/2026:20:55:51 +0700] "GET /wp-includes/Requests/library/plugins.php.php.tar.gz HTTP/2" 200 7608 "https://mail.klanaobsesiindonesia.com/wp-includes/Requests/library/?MA" "Mozilla/5.0 AppleWebKit/537.36 (KHTML, like Gecko; compatible; GPTBot/1.3; +https://openai.com/gptbot)"
74.7.227.29 - - [24/Apr/2026:20:55:54 +0700] "GET /wp-includes/block-patterns/query-standard-posts.php HTTP/2" 500 0 "https://www.klanaobsesiindonesia.com/wp-includes/block-patterns/?ND" "Mozilla/5.0 AppleWebKit/537.36 (KHTML, like Gecko; compatible; GPTBot/1.3; +https://openai.com/gptbot)"
74.7.241.38 - - [24/Apr/2026:20:56:03 +0700] "GET /wp-includes/Requests/library/credits.php.php.tar.gz HTTP/2" 200 1492 "https://mail.klanaobsesiindonesia.com/wp-includes/Requests/library/?MA" "Mozilla/5.0 AppleWebKit/537.36 (KHTML, like Gecko; compatible; GPTBot/1.3; +https://openai.com/gptbot)"
74.7.241.38 - - [24/Apr/2026:20:56:15 +0700] "GET /wp-includes/Requests/library/profile.php.php.tar.gz HTTP/2" 200 331 "https://mail.klanaobsesiindonesia.com/wp-includes/Requests/library/?MA" "Mozilla/5.0 AppleWebKit/537.36 (KHTML, like Gecko; compatible; GPTBot/1.3; +https://openai.com/gptbot)"
74.7.241.38 - - [24/Apr/2026:20:56:25 +0700] "GET /wp-includes/Requests/library/network.php.php.tar.gz HTTP/2" 200 2303 "https://mail.klanaobsesiindonesia.com/wp-includes/Requests/library/?MA" "Mozilla/5.0 AppleWebKit/537.36 (KHTML, like Gecko; compatible; GPTBot/1.3; +https://openai.com/gptbot)"
74.7.241.38 - - [24/Apr/2026:20:56:35 +0700] "GET /wp-includes/Requests/library/load.php.php.tar.gz HTTP/2" 200 15459 "https://mail.klanaobsesiindonesia.com/wp-includes/Requests/library/?MA" "Mozilla/5.0 AppleWebKit/537.36 (KHTML, like Gecko; compatible; GPTBot/1.3; +https://openai.com/gptbot)"
74.7.241.38 - - [24/Apr/2026:20:56:44 +0700] "GET /wp-includes/Requests/library/export.php.php.tar.gz HTTP/2" 200 3285 "https://mail.klanaobsesiindonesia.com/wp-includes/Requests/library/?MA" "Mozilla/5.0 AppleWebKit/537.36 (KHTML, like Gecko; compatible; GPTBot/1.3; +https://openai.com/gptbot)"
74.7.241.38 - - [24/Apr/2026:20:56:51 +0700] "GET /wp-includes/Requests/library/menu.php.php.tar.gz HTTP/2" 200 4716 "https://mail.klanaobsesiindonesia.com/wp-includes/Requests/library/?MA" "Mozilla/5.0 AppleWebKit/537.36 (KHTML, like Gecko; compatible; GPTBot/1.3; +https://openai.com/gptbot)"
74.7.227.29 - - [24/Apr/2026:20:56:53 +0700] "GET /wp-includes/block-patterns/query-small-posts.php HTTP/2" 500 0 "https://www.klanaobsesiindonesia.com/wp-includes/block-patterns/?ND" "Mozilla/5.0 AppleWebKit/537.36 (KHTML, like Gecko; compatible; GPTBot/1.3; +https://openai.com/gptbot)"
74.7.241.38 - - [24/Apr/2026:20:56:58 +0700] "GET /wp-includes/Requests/library/xmlrpc.php.php.tar.gz HTTP/2" 200 1547 "https://mail.klanaobsesiindonesia.com/wp-includes/Requests/library/?MA" "Mozilla/5.0 AppleWebKit/537.36 (KHTML, like Gecko; compatible; GPTBot/1.3; +https://openai.com/gptbot)"
74.7.241.38 - - [24/Apr/2026:20:57:04 +0700] "GET /wp-includes/Requests/library/cron.php.php.tar.gz HTTP/2" 200 8243 "https://mail.klanaobsesiindonesia.com/wp-includes/Requests/library/?MA" "Mozilla/5.0 AppleWebKit/537.36 (KHTML, like Gecko; compatible; GPTBot/1.3; +https://openai.com/gptbot)"
74.7.241.38 - - [24/Apr/2026:20:57:10 +0700] "GET /wp-includes/Requests/library/about.php.php.tar.gz HTTP/2" 200 5049 "https://mail.klanaobsesiindonesia.com/wp-includes/Requests/library/?MA" "Mozilla/5.0 AppleWebKit/537.36 (KHTML, like Gecko; compatible; GPTBot/1.3; +https://openai.com/gptbot)"
74.7.241.38 - - [24/Apr/2026:20:57:15 +0700] "GET /wp-includes/Requests/library/link.php.php.tar.gz HTTP/2" 200 1197 "https://mail.klanaobsesiindonesia.com/wp-includes/Requests/library/?MA" "Mozilla/5.0 AppleWebKit/537.36 (KHTML, like Gecko; compatible; GPTBot/1.3; +https://openai.com/gptbot)"
74.7.241.38 - - [24/Apr/2026:20:57:20 +0700] "GET /wp-includes/Requests/library/import.php.php.tar.gz HTTP/2" 200 2817 "https://mail.klanaobsesiindonesia.com/wp-includes/Requests/library/?MA" "Mozilla/5.0 AppleWebKit/537.36 (KHTML, like Gecko; compatible; GPTBot/1.3; +https://openai.com/gptbot)"
74.7.241.38 - - [24/Apr/2026:20:57:24 +0700] "GET /wp-includes/Requests/library/vars.php.php.tar.gz HTTP/2" 200 2146 "https://mail.klanaobsesiindonesia.com/wp-includes/Requests/library/?MA" "Mozilla/5.0 AppleWebKit/537.36 (KHTML, like Gecko; compatible; GPTBot/1.3; +https://openai.com/gptbot)"
74.7.241.38 - - [24/Apr/2026:20:57:28 +0700] "GET /wp-includes/Requests/library/term.php.php.tar.gz HTTP/2" 200 1090 "https://mail.klanaobsesiindonesia.com/wp-includes/Requests/library/?MA" "Mozilla/5.0 AppleWebKit/537.36 (KHTML, like Gecko; compatible; GPTBot/1.3; +https://openai.com/gptbot)"
74.7.241.38 - - [24/Apr/2026:20:57:31 +0700] "GET /wp-includes/Requests/library/kses.php.php.tar.gz HTTP/2" 200 21084 "https://mail.klanaobsesiindonesia.com/wp-includes/Requests/library/?MA" "Mozilla/5.0 AppleWebKit/537.36 (KHTML, like Gecko; compatible; GPTBot/1.3; +https://openai.com/gptbot)"
74.7.241.38 - - [24/Apr/2026:20:57:34 +0700] "GET /wp-includes/Requests/library/themes.php.php.tar.gz HTTP/2" 200 8710 "https://mail.klanaobsesiindonesia.com/wp-includes/Requests/library/?MA" "Mozilla/5.0 AppleWebKit/537.36 (KHTML, like Gecko; compatible; GPTBot/1.3; +https://openai.com/gptbot)"
74.7.241.38 - - [24/Apr/2026:20:57:36 +0700] "GET /wp-includes/Requests/library/media.php.php.tar.gz HTTP/2" 200 536 "https://mail.klanaobsesiindonesia.com/wp-includes/Requests/library/?MA" "Mozilla/5.0 AppleWebKit/537.36 (KHTML, like Gecko; compatible; GPTBot/1.3; +https://openai.com/gptbot)"
74.7.241.38 - - [24/Apr/2026:20:57:39 +0700] "GET /wp-includes/Requests/library/date.php.php.tar.gz HTTP/2" 200 371 "https://mail.klanaobsesiindonesia.com/wp-includes/Requests/library/?MA" "Mozilla/5.0 AppleWebKit/537.36 (KHTML, like Gecko; compatible; GPTBot/1.3; +https://openai.com/gptbot)"
74.7.241.38 - - [24/Apr/2026:20:57:41 +0700] "GET /wp-includes/Requests/library/meta.php.php.tar.gz HTTP/2" 200 10943 "https://mail.klanaobsesiindonesia.com/wp-includes/Requests/library/?MA" "Mozilla/5.0 AppleWebKit/537.36 (KHTML, like Gecko; compatible; GPTBot/1.3; +https://openai.com/gptbot)"
177.54.150.128 - - [24/Apr/2026:20:57:43 +0700] "GET /wp-login.php HTTP/2" 500 0 "-" "Mozilla/5.0 (Macintosh; Intel Mac OS X 10_9_5) AppleWebKit/537.36 (KHTML, like Gecko) Chrome/67.0.3396.87 Safari/537.36"
74.7.241.38 - - [24/Apr/2026:20:57:43 +0700] "GET /wp-includes/Requests/library/upload.php.php.tar.gz HTTP/2" 200 4217 "https://mail.klanaobsesiindonesia.com/wp-includes/Requests/library/?MA" "Mozilla/5.0 AppleWebKit/537.36 (KHTML, like Gecko; compatible; GPTBot/1.3; +https://openai.com/gptbot)"
74.7.241.38 - - [24/Apr/2026:20:57:44 +0700] "GET /wp-includes/Requests/library/edit.php.php.tar.gz HTTP/2" 200 5701 "https://mail.klanaobsesiindonesia.com/wp-includes/Requests/library/?MA" "Mozilla/5.0 AppleWebKit/537.36 (KHTML, like Gecko; compatible; GPTBot/1.3; +https://openai.com/gptbot)"
177.54.150.128 - - [24/Apr/2026:20:57:44 +0700] "POST /wp-login.php HTTP/2" 500 0 "https://klanaobsesiindonesia.com/wp-login.php" "Mozilla/5.0 (Macintosh; Intel Mac OS X 10_9_5) AppleWebKit/537.36 (KHTML, like Gecko) Chrome/67.0.3396.87 Safari/537.36"
74.7.241.38 - - [24/Apr/2026:20:57:46 +0700] "GET /wp-includes/Requests/library/tools.php.php.tar.gz HTTP/2" 200 1548 "https://mail.klanaobsesiindonesia.com/wp-includes/Requests/library/?MA" "Mozilla/5.0 AppleWebKit/537.36 (KHTML, like Gecko; compatible; GPTBot/1.3; +https://openai.com/gptbot)"
74.7.241.38 - - [24/Apr/2026:20:57:47 +0700] "GET /wp-includes/Requests/library/users.php.php.tar.gz HTTP/2" 200 5769 "https://mail.klanaobsesiindonesia.com/wp-includes/Requests/library/?MA" "Mozilla/5.0 AppleWebKit/537.36 (KHTML, like Gecko; compatible; GPTBot/1.3; +https://openai.com/gptbot)"
74.7.241.38 - - [24/Apr/2026:20:57:49 +0700] "GET /wp-includes/Requests/library/feed.php.tar HTTP/2" 200 27136 "https://mail.klanaobsesiindonesia.com/wp-includes/Requests/library/?MA" "Mozilla/5.0 AppleWebKit/537.36 (KHTML, like Gecko; compatible; GPTBot/1.3; +https://openai.com/gptbot)"
74.7.241.38 - - [24/Apr/2026:20:57:50 +0700] "GET /wp-includes/Requests/library/rss.php.php.tar.gz HTTP/2" 200 6881 "https://mail.klanaobsesiindonesia.com/wp-includes/Requests/library/?MA" "Mozilla/5.0 AppleWebKit/537.36 (KHTML, like Gecko; compatible; GPTBot/1.3; +https://openai.com/gptbot)"
74.7.241.38 - - [24/Apr/2026:20:57:51 +0700] "GET /wp-includes/Requests/library/update.php.php.tar.gz HTTP/2" 200 2794 "https://mail.klanaobsesiindonesia.com/wp-includes/Requests/library/?MA" "Mozilla/5.0 AppleWebKit/537.36 (KHTML, like Gecko; compatible; GPTBot/1.3; +https://openai.com/gptbot)"
74.7.241.38 - - [24/Apr/2026:20:57:52 +0700] "GET /wp-includes/Requests/library/index.php.php.tar.gz HTTP/2" 200 376 "https://mail.klanaobsesiindonesia.com/wp-includes/Requests/library/?MA" "Mozilla/5.0 AppleWebKit/537.36 (KHTML, like Gecko; compatible; GPTBot/1.3; +https://openai.com/gptbot)"
74.7.241.38 - - [24/Apr/2026:20:57:53 +0700] "GET /wp-includes/Requests/library/install.php.tar HTTP/2" 200 19968 "https://mail.klanaobsesiindonesia.com/wp-includes/Requests/library/?MA" "Mozilla/5.0 AppleWebKit/537.36 (KHTML, like Gecko; compatible; GPTBot/1.3; +https://openai.com/gptbot)"
74.7.241.38 - - [24/Apr/2026:20:57:53 +0700] "GET /wp-includes/Requests/library/comment.php.php.tar.gz HTTP/2" 200 3387 "https://mail.klanaobsesiindonesia.com/wp-includes/Requests/library/?MA" "Mozilla/5.0 AppleWebKit/537.36 (KHTML, like Gecko; compatible; GPTBot/1.3; +https://openai.com/gptbot)"
74.7.241.38 - - [24/Apr/2026:20:57:54 +0700] "GET /wp-includes/Requests/library/utf8.php.php.tar.gz HTTP/2" 200 2723 "https://mail.klanaobsesiindonesia.com/wp-includes/Requests/library/?MA" "Mozilla/5.0 AppleWebKit/537.36 (KHTML, like Gecko; compatible; GPTBot/1.3; +https://openai.com/gptbot)"
74.7.241.38 - - [24/Apr/2026:20:57:55 +0700] "GET /wp-includes/Requests/library/l10n.php.php.tar.gz HTTP/2" 200 12904 "https://mail.klanaobsesiindonesia.com/wp-includes/Requests/library/?MA" "Mozilla/5.0 AppleWebKit/537.36 (KHTML, like Gecko; compatible; GPTBot/1.3; +https://openai.com/gptbot)"
