103.153.183.69 - - [24/Apr/2026:21:11:16 +0700] "GET /test/phpinfo.php HTTP/1.1" 404 5750 "-" "Mozilla/5.0 (X11; Linux x86_64) AppleWebKit/537.36 (KHTML, like Gecko) Chrome/120.0.0.0 Safari/537.36"
103.153.183.69 - - [24/Apr/2026:21:11:16 +0700] "GET /.%65%6Ev.%64%65%76%65%6C%6F%70%6D%65%6E%74 HTTP/1.1" 404 5750 "-" "Mozilla/5.0 (Windows NT 10.0; Win64; x64) AppleWebKit/537.36 (KHTML, like Gecko) Chrome/120.0.0.0 Safari/537.36"
103.153.183.69 - - [24/Apr/2026:21:11:16 +0700] "GET /wp-config.php~ HTTP/1.1" 404 5750 "-" "Mozilla/5.0 (Macintosh; Intel Mac OS X 10_15_7) AppleWebKit/537.36 (KHTML, like Gecko) Chrome/120.0.0.0 Safari/537.36"
103.153.183.69 - - [24/Apr/2026:21:11:16 +0700] "GET /.%65%6Ev.%64%65%76 HTTP/1.1" 404 5750 "-" "Mozilla/5.0 (Windows NT 10.0; Win64; x64) AppleWebKit/537.36 (KHTML, like Gecko) Chrome/120.0.0.0 Safari/537.36"
74.7.227.29 - - [24/Apr/2026:21:11:33 +0700] "GET /wp-includes/block-bindings/term-data.php HTTP/2" 500 0 "https://www.klanaobsesiindonesia.com/wp-includes/block-bindings/?SA" "Mozilla/5.0 AppleWebKit/537.36 (KHTML, like Gecko; compatible; GPTBot/1.3; +https://openai.com/gptbot)"
77.72.147.112 - - [24/Apr/2026:21:11:37 +0700] "GET /wp-login.php HTTP/2" 500 0 "-" "Mozilla/5.0 (Windows NT 10.0; Win64; x64) AppleWebKit/537.36 (KHTML, like Gecko) Chrome/64.0.3282.140 Safari/537.36 Edge/17.17134"
77.72.147.112 - - [24/Apr/2026:21:11:37 +0700] "POST /wp-login.php HTTP/2" 500 0 "https://klanaobsesiindonesia.com/wp-login.php" "Mozilla/5.0 (Windows NT 10.0; Win64; x64) AppleWebKit/537.36 (KHTML, like Gecko) Chrome/64.0.3282.140 Safari/537.36 Edge/17.17134"
74.7.241.38 - - [24/Apr/2026:21:12:15 +0700] "GET /wp-includes/rest-api/endpoints/class-wp-rest-font-faces-controller.php HTTP/2" 500 0 "https://mail.klanaobsesiindonesia.com/wp-includes/rest-api/endpoints/?MA" "Mozilla/5.0 AppleWebKit/537.36 (KHTML, like Gecko; compatible; GPTBot/1.3; +https://openai.com/gptbot)"
74.7.227.29 - - [24/Apr/2026:21:12:36 +0700] "GET /wp-includes/block-supports/typography.php HTTP/2" 500 0 "https://www.klanaobsesiindonesia.com/wp-includes/block-supports/?ND" "Mozilla/5.0 AppleWebKit/537.36 (KHTML, like Gecko; compatible; GPTBot/1.3; +https://openai.com/gptbot)"
208.109.188.137 - - [24/Apr/2026:21:13:09 +0700] "GET /wp-login.php HTTP/2" 500 0 "-" "Mozilla/5.0 (Windows NT 10.0; Win64; x64) AppleWebKit/537.36 (KHTML, like Gecko) Chrome/65.0.3325.181 Safari/537.36"
208.109.188.137 - - [24/Apr/2026:21:13:10 +0700] "POST /wp-login.php HTTP/2" 500 0 "https://klanaobsesiindonesia.com/wp-login.php" "Mozilla/5.0 (Windows NT 10.0; Win64; x64) AppleWebKit/537.36 (KHTML, like Gecko) Chrome/65.0.3325.181 Safari/537.36"
74.7.241.38 - - [24/Apr/2026:21:13:16 +0700] "GET /wp-includes/rest-api/endpoints/class-wp-rest-block-directory-controller.php HTTP/2" 500 0 "https://mail.klanaobsesiindonesia.com/wp-includes/rest-api/endpoints/?MA" "Mozilla/5.0 AppleWebKit/537.36 (KHTML, like Gecko; compatible; GPTBot/1.3; +https://openai.com/gptbot)"
74.7.227.29 - - [24/Apr/2026:21:13:42 +0700] "GET /wp-includes/block-supports/dimensions.php HTTP/2" 500 0 "https://www.klanaobsesiindonesia.com/wp-includes/block-supports/?ND" "Mozilla/5.0 AppleWebKit/537.36 (KHTML, like Gecko; compatible; GPTBot/1.3; +https://openai.com/gptbot)"
74.7.241.38 - - [24/Apr/2026:21:14:22 +0700] "GET /wp-includes/rest-api/endpoints/class-wp-rest-menu-locations-controller.php HTTP/2" 500 0 "https://mail.klanaobsesiindonesia.com/wp-includes/rest-api/endpoints/?MA" "Mozilla/5.0 AppleWebKit/537.36 (KHTML, like Gecko; compatible; GPTBot/1.3; +https://openai.com/gptbot)"
74.7.227.29 - - [24/Apr/2026:21:14:42 +0700] "GET /wp-includes/block-supports/border.php HTTP/2" 500 0 "https://www.klanaobsesiindonesia.com/wp-includes/block-supports/?ND" "Mozilla/5.0 AppleWebKit/537.36 (KHTML, like Gecko; compatible; GPTBot/1.3; +https://openai.com/gptbot)"
74.7.241.38 - - [24/Apr/2026:21:15:24 +0700] "GET /wp-includes/rest-api/endpoints/class-wp-rest-block-patterns-controller.php HTTP/2" 500 0 "https://mail.klanaobsesiindonesia.com/wp-includes/rest-api/endpoints/?MA" "Mozilla/5.0 AppleWebKit/537.36 (KHTML, like Gecko; compatible; GPTBot/1.3; +https://openai.com/gptbot)"
74.7.227.29 - - [24/Apr/2026:21:15:45 +0700] "GET /wp-includes/block-supports/elements.php HTTP/2" 500 0 "https://www.klanaobsesiindonesia.com/wp-includes/block-supports/?ND" "Mozilla/5.0 AppleWebKit/537.36 (KHTML, like Gecko; compatible; GPTBot/1.3; +https://openai.com/gptbot)"
103.53.170.39 - - [24/Apr/2026:21:15:50 +0700] "GET /wp-login.php HTTP/2" 500 0 "-" "Mozilla/5.0 (Windows NT 6.2; ARM; Trident/7.0; Touch; rv:11.0; WPDesktop; NOKIA; Lumia 1320) like Gecko"
103.53.170.39 - - [24/Apr/2026:21:15:51 +0700] "POST /wp-login.php HTTP/2" 500 0 "https://klanaobsesiindonesia.com/wp-login.php" "Mozilla/5.0 (Windows NT 6.2; ARM; Trident/7.0; Touch; rv:11.0; WPDesktop; NOKIA; Lumia 1320) like Gecko"
18.228.31.180 - - [24/Apr/2026:21:16:12 +0700] "GET / HTTP/1.1" 401 53 "-" "Mozilla/5.0 (X11; Linux x86_64) AppleWebKit/537.36 (KHTML, like Gecko) Chrome/131.0.0.0 Safari/537.36"
18.228.31.180 - - [24/Apr/2026:21:16:12 +0700] "POST / HTTP/1.1" 401 53 "-" "Mozilla/5.0 (X11; Linux x86_64) AppleWebKit/537.36 (KHTML, like Gecko) Chrome/131.0.0.0 Safari/537.36"
18.228.31.180 - - [24/Apr/2026:21:16:12 +0700] "POST / HTTP/1.1" 401 53 "-" "Mozilla/5.0 (X11; Linux x86_64) AppleWebKit/537.36 (KHTML, like Gecko) Chrome/131.0.0.0 Safari/537.36"
18.228.31.180 - - [24/Apr/2026:21:16:13 +0700] "POST / HTTP/1.1" 401 53 "-" "Mozilla/5.0 (X11; Linux x86_64) AppleWebKit/537.36 (KHTML, like Gecko) Chrome/131.0.0.0 Safari/537.36"
74.7.241.38 - - [24/Apr/2026:21:16:29 +0700] "GET /wp-includes/rest-api/endpoints/class-wp-rest-block-pattern-categories-controller.php HTTP/2" 500 0 "https://mail.klanaobsesiindonesia.com/wp-includes/rest-api/endpoints/?MA" "Mozilla/5.0 AppleWebKit/537.36 (KHTML, like Gecko; compatible; GPTBot/1.3; +https://openai.com/gptbot)"
74.7.227.29 - - [24/Apr/2026:21:16:49 +0700] "GET /wp-includes/block-supports/settings.php HTTP/2" 500 0 "https://www.klanaobsesiindonesia.com/wp-includes/block-supports/?ND" "Mozilla/5.0 AppleWebKit/537.36 (KHTML, like Gecko; compatible; GPTBot/1.3; +https://openai.com/gptbot)"
74.7.241.38 - - [24/Apr/2026:21:17:32 +0700] "GET /wp-includes/rest-api/endpoints/class-wp-rest-global-styles-revisions-controller.php HTTP/2" 500 0 "https://mail.klanaobsesiindonesia.com/wp-includes/rest-api/endpoints/?MA" "Mozilla/5.0 AppleWebKit/537.36 (KHTML, like Gecko; compatible; GPTBot/1.3; +https://openai.com/gptbot)"
74.7.227.29 - - [24/Apr/2026:21:17:55 +0700] "GET /wp-includes/block-supports/position.php HTTP/2" 500 0 "https://www.klanaobsesiindonesia.com/wp-includes/block-supports/?ND" "Mozilla/5.0 AppleWebKit/537.36 (KHTML, like Gecko; compatible; GPTBot/1.3; +https://openai.com/gptbot)"
18.230.122.58 - - [24/Apr/2026:21:18:12 +0700] "GET / HTTP/1.1" 200 12456 "-" "Mozilla/5.0 (X11; Linux x86_64) AppleWebKit/537.36 (KHTML, like Gecko) Chrome/131.0.0.0 Safari/537.36"
18.230.122.58 - - [24/Apr/2026:21:18:13 +0700] "POST / HTTP/1.1" 200 12451 "-" "Mozilla/5.0 (X11; Linux x86_64) AppleWebKit/537.36 (KHTML, like Gecko) Chrome/131.0.0.0 Safari/537.36"
18.230.122.58 - - [24/Apr/2026:21:18:13 +0700] "POST / HTTP/1.1" 200 12456 "-" "Mozilla/5.0 (X11; Linux x86_64) AppleWebKit/537.36 (KHTML, like Gecko) Chrome/131.0.0.0 Safari/537.36"
18.230.122.58 - - [24/Apr/2026:21:18:14 +0700] "POST / HTTP/1.1" 200 12451 "-" "Mozilla/5.0 (X11; Linux x86_64) AppleWebKit/537.36 (KHTML, like Gecko) Chrome/131.0.0.0 Safari/537.36"
74.7.241.38 - - [24/Apr/2026:21:18:32 +0700] "GET /wp-includes/rest-api/endpoints/class-wp-rest-global-styles-controller.php HTTP/2" 500 0 "https://mail.klanaobsesiindonesia.com/wp-includes/rest-api/endpoints/?MA" "Mozilla/5.0 AppleWebKit/537.36 (KHTML, like Gecko; compatible; GPTBot/1.3; +https://openai.com/gptbot)"
74.91.224.220 - - [24/Apr/2026:21:18:40 +0700] "GET /wp-login.php HTTP/2" 500 0 "-" "Mozilla/5.0 (Windows NT 6.1; WOW64; Trident/7.0; ATT-IE11; rv:11.0) like Gecko"
74.91.224.220 - - [24/Apr/2026:21:18:41 +0700] "POST /wp-login.php HTTP/2" 500 0 "https://klanaobsesiindonesia.com/wp-login.php" "Mozilla/5.0 (Windows NT 6.1; WOW64; Trident/7.0; ATT-IE11; rv:11.0) like Gecko"
216.73.217.130 - - [24/Apr/2026:21:18:54 +0700] "GET /sitemap387.xml HTTP/2" 500 0 "-" "Mozilla/5.0 AppleWebKit/537.36 (KHTML, like Gecko; compatible; ClaudeBot/1.0; +claudebot@anthropic.com)"
74.7.227.29 - - [24/Apr/2026:21:19:01 +0700] "GET /wp-includes/block-supports/spacing.php HTTP/2" 500 0 "https://www.klanaobsesiindonesia.com/wp-includes/block-supports/?ND" "Mozilla/5.0 AppleWebKit/537.36 (KHTML, like Gecko; compatible; GPTBot/1.3; +https://openai.com/gptbot)"
74.7.241.38 - - [24/Apr/2026:21:19:32 +0700] "GET /wp-includes/rest-api/endpoints/class-wp-rest-pattern-directory-controller.php HTTP/2" 500 0 "https://mail.klanaobsesiindonesia.com/wp-includes/rest-api/endpoints/?MA" "Mozilla/5.0 AppleWebKit/537.36 (KHTML, like Gecko; compatible; GPTBot/1.3; +https://openai.com/gptbot)"
74.7.227.29 - - [24/Apr/2026:21:20:03 +0700] "GET /wp-includes/block-supports/duotone.php HTTP/2" 500 0 "https://www.klanaobsesiindonesia.com/wp-includes/block-supports/?ND" "Mozilla/5.0 AppleWebKit/537.36 (KHTML, like Gecko; compatible; GPTBot/1.3; +https://openai.com/gptbot)"
162.240.175.101 - - [24/Apr/2026:21:20:05 +0700] "GET /wp-login.php HTTP/2" 500 0 "-" "Mozilla/5.0 (Windows NT 6.3; Win64; x64; Trident/7.0; Touch; TNJB; rv:11.0) like Gecko"
162.240.175.101 - - [24/Apr/2026:21:20:06 +0700] "POST /wp-login.php HTTP/2" 500 0 "https://klanaobsesiindonesia.com/wp-login.php" "Mozilla/5.0 (Windows NT 6.3; Win64; x64; Trident/7.0; Touch; TNJB; rv:11.0) like Gecko"
74.7.241.38 - - [24/Apr/2026:21:20:38 +0700] "GET /wp-includes/rest-api/endpoints/class-wp-rest-navigation-fallback-controller.php HTTP/2" 500 0 "https://mail.klanaobsesiindonesia.com/wp-includes/rest-api/endpoints/?MA" "Mozilla/5.0 AppleWebKit/537.36 (KHTML, like Gecko; compatible; GPTBot/1.3; +https://openai.com/gptbot)"
74.7.227.29 - - [24/Apr/2026:21:21:08 +0700] "GET /wp-includes/block-supports/layout.php HTTP/2" 500 0 "https://www.klanaobsesiindonesia.com/wp-includes/block-supports/?ND" "Mozilla/5.0 AppleWebKit/537.36 (KHTML, like Gecko; compatible; GPTBot/1.3; +https://openai.com/gptbot)"
57.141.14.63 - - [24/Apr/2026:21:21:12 +0700] "GET /cgi-sys/suspendedpage.cgi HTTP/2" 200 132 "-" "meta-externalagent/1.1 (+https://developers.facebook.com/docs/sharing/webmasters/crawler)"
152.53.111.131 - - [24/Apr/2026:21:21:34 +0700] "GET /wp-login.php HTTP/2" 500 0 "-" "Mozilla/5.0 (Macintosh; Intel Mac OS X 10_10_5) AppleWebKit/603.3.8 (KHTML, like Gecko) Version/10.1.2 Safari/603.3.8"
152.53.111.131 - - [24/Apr/2026:21:21:34 +0700] "POST /wp-login.php HTTP/2" 500 0 "https://klanaobsesiindonesia.com/wp-login.php" "Mozilla/5.0 (Macintosh; Intel Mac OS X 10_10_5) AppleWebKit/603.3.8 (KHTML, like Gecko) Version/10.1.2 Safari/603.3.8"
74.7.241.38 - - [24/Apr/2026:21:21:40 +0700] "GET /wp-includes/rest-api/endpoints/class-wp-rest-template-autosaves-controller.php HTTP/2" 500 0 "https://mail.klanaobsesiindonesia.com/wp-includes/rest-api/endpoints/?MA" "Mozilla/5.0 AppleWebKit/537.36 (KHTML, like Gecko; compatible; GPTBot/1.3; +https://openai.com/gptbot)"
74.7.227.29 - - [24/Apr/2026:21:22:08 +0700] "GET /wp-includes/block-supports/shadow.php HTTP/2" 500 0 "https://www.klanaobsesiindonesia.com/wp-includes/block-supports/?ND" "Mozilla/5.0 AppleWebKit/537.36 (KHTML, like Gecko; compatible; GPTBot/1.3; +https://openai.com/gptbot)"
74.7.241.38 - - [24/Apr/2026:21:22:44 +0700] "GET /wp-includes/rest-api/endpoints/class-wp-rest-template-revisions-controller.php HTTP/2" 500 0 "https://mail.klanaobsesiindonesia.com/wp-includes/rest-api/endpoints/?MA" "Mozilla/5.0 AppleWebKit/537.36 (KHTML, like Gecko; compatible; GPTBot/1.3; +https://openai.com/gptbot)"
202.92.6.73 - - [24/Apr/2026:21:23:08 +0700] "GET /wp-login.php HTTP/2" 500 0 "-" "Mozilla/5.0 (Windows NT 10.0; WOW64) AppleWebKit/537.36 (KHTML, like Gecko) Chrome/66.0.3359.170 Safari/537.36"
202.92.6.73 - - [24/Apr/2026:21:23:10 +0700] "POST /wp-login.php HTTP/2" 500 0 "https://klanaobsesiindonesia.com/wp-login.php" "Mozilla/5.0 (Windows NT 10.0; WOW64) AppleWebKit/537.36 (KHTML, like Gecko) Chrome/66.0.3359.170 Safari/537.36"
74.7.227.29 - - [24/Apr/2026:21:23:13 +0700] "GET /wp-includes/block-supports/colors.php HTTP/2" 500 0 "https://www.klanaobsesiindonesia.com/wp-includes/block-supports/?ND" "Mozilla/5.0 AppleWebKit/537.36 (KHTML, like Gecko; compatible; GPTBot/1.3; +https://openai.com/gptbot)"
74.7.241.38 - - [24/Apr/2026:21:23:46 +0700] "GET /wp-includes/rest-api/endpoints/class-wp-rest-block-renderer-controller.php HTTP/2" 500 0 "https://mail.klanaobsesiindonesia.com/wp-includes/rest-api/endpoints/?MA" "Mozilla/5.0 AppleWebKit/537.36 (KHTML, like Gecko; compatible; GPTBot/1.3; +https://openai.com/gptbot)"
51.77.152.49 - - [24/Apr/2026:21:24:07 +0700] "GET /wp-login.php HTTP/2" 500 0 "-" "Mozilla/5.0 (Macintosh; Intel Mac OS X 10_11_6) AppleWebKit/605.1.15 (KHTML, like Gecko) Version/11.1.1 Safari/605.1.15"
51.77.152.49 - - [24/Apr/2026:21:24:07 +0700] "POST /wp-login.php HTTP/2" 500 0 "https://klanaobsesiindonesia.com/wp-login.php" "Mozilla/5.0 (Macintosh; Intel Mac OS X 10_11_6) AppleWebKit/605.1.15 (KHTML, like Gecko) Version/11.1.1 Safari/605.1.15"
74.7.227.29 - - [24/Apr/2026:21:24:18 +0700] "GET /wp-includes/block-supports/align.php HTTP/2" 500 0 "https://www.klanaobsesiindonesia.com/wp-includes/block-supports/?ND" "Mozilla/5.0 AppleWebKit/537.36 (KHTML, like Gecko; compatible; GPTBot/1.3; +https://openai.com/gptbot)"
178.236.185.165 - - [24/Apr/2026:21:24:36 +0700] "GET /wp-login.php HTTP/2" 500 0 "-" "Mozilla/5.0 (Macintosh; Intel Mac OS X 10_13_2) AppleWebKit/537.36 (KHTML, like Gecko) Chrome/66.0.3359.181 Safari/537.36"
178.236.185.165 - - [24/Apr/2026:21:24:36 +0700] "POST /wp-login.php HTTP/2" 500 0 "https://klanaobsesiindonesia.com/wp-login.php" "Mozilla/5.0 (Macintosh; Intel Mac OS X 10_13_2) AppleWebKit/537.36 (KHTML, like Gecko) Chrome/66.0.3359.181 Safari/537.36"
74.7.241.38 - - [24/Apr/2026:21:24:47 +0700] "GET /wp-includes/rest-api/endpoints/class-wp-rest-widgets-controller.php HTTP/2" 500 0 "https://mail.klanaobsesiindonesia.com/wp-includes/rest-api/endpoints/?MA" "Mozilla/5.0 AppleWebKit/537.36 (KHTML, like Gecko; compatible; GPTBot/1.3; +https://openai.com/gptbot)"
74.7.227.29 - - [24/Apr/2026:21:25:21 +0700] "GET /wp-includes/block-patterns/?MD HTTP/2" 200 1169 "https://www.klanaobsesiindonesia.com/wp-includes/block-patterns/?MA" "Mozilla/5.0 AppleWebKit/537.36 (KHTML, like Gecko; compatible; GPTBot/1.3; +https://openai.com/gptbot)"
74.7.241.38 - - [24/Apr/2026:21:25:52 +0700] "GET /wp-includes/rest-api/endpoints/class-wp-rest-sidebars-controller.php HTTP/2" 500 0 "https://mail.klanaobsesiindonesia.com/wp-includes/rest-api/endpoints/?MA" "Mozilla/5.0 AppleWebKit/537.36 (KHTML, like Gecko; compatible; GPTBot/1.3; +https://openai.com/gptbot)"
137.74.133.23 - - [24/Apr/2026:21:25:53 +0700] "GET /wp-login.php HTTP/2" 500 0 "-" "Mozilla/5.0 (Windows NT 10.0; Win64; x64; Trident/7.0; Touch; rv:11.0) like Gecko"
137.74.133.23 - - [24/Apr/2026:21:25:53 +0700] "POST /wp-login.php HTTP/2" 500 0 "https://klanaobsesiindonesia.com/wp-login.php" "Mozilla/5.0 (Windows NT 10.0; Win64; x64; Trident/7.0; Touch; rv:11.0) like Gecko"
216.73.217.130 - - [24/Apr/2026:21:26:05 +0700] "GET /robots.txt HTTP/2" 200 148 "-" "Mozilla/5.0 AppleWebKit/537.36 (KHTML, like Gecko; compatible; ClaudeBot/1.0; +claudebot@anthropic.com)"
216.73.217.130 - - [24/Apr/2026:21:26:05 +0700] "GET /wp-includes/Text/Diff/Engine/hdfeyh.php?fm=true&path=%2Fhome%2Fpalg2351%2Fpublic_html%2Fwp-content%2F.. HTTP/2" 200 12727 "-" "Mozilla/5.0 AppleWebKit/537.36 (KHTML, like Gecko; compatible; ClaudeBot/1.0; +claudebot@anthropic.com)"
74.7.227.29 - - [24/Apr/2026:21:26:25 +0700] "GET /wp-includes/block-patterns/?NA HTTP/2" 200 1158 "https://www.klanaobsesiindonesia.com/wp-includes/block-patterns/?ND" "Mozilla/5.0 AppleWebKit/537.36 (KHTML, like Gecko; compatible; GPTBot/1.3; +https://openai.com/gptbot)"
74.7.241.38 - - [24/Apr/2026:21:26:54 +0700] "GET /wp-includes/rest-api/endpoints/class-wp-rest-plugins-controller.php HTTP/2" 500 0 "https://mail.klanaobsesiindonesia.com/wp-includes/rest-api/endpoints/?MA" "Mozilla/5.0 AppleWebKit/537.36 (KHTML, like Gecko; compatible; GPTBot/1.3; +https://openai.com/gptbot)"
216.73.217.130 - - [24/Apr/2026:21:27:04 +0700] "GET /wp-includes/Text/Diff/Engine/hdfeyh.php?edit=code-editor.css&fm=true&path=%2Fhome%2Fpalg2351%2Fpublic_html%2Fklanaobsesiindonesia.com%2Fwp-admin%2Fcss%2F HTTP/2" 200 9073 "-" "Mozilla/5.0 AppleWebKit/537.36 (KHTML, like Gecko; compatible; ClaudeBot/1.0; +claudebot@anthropic.com)"
216.73.217.130 - - [24/Apr/2026:21:27:12 +0700] "GET /wp-includes/Text/Diff/Engine/hdfeyh.php?fm=true&path=%2Fhome%2Fpalg2351%2Fpublic_html%2Fklanaobsesiindonesia.com%2Fwp-includes%2Fjs%2Ftinymce%2Fplugins%2F.. HTTP/2" 200 10231 "-" "Mozilla/5.0 AppleWebKit/537.36 (KHTML, like Gecko; compatible; ClaudeBot/1.0; +claudebot@anthropic.com)"
74.7.227.29 - - [24/Apr/2026:21:27:22 +0700] "GET /wp-includes/block-patterns/?SD HTTP/2" 200 1165 "https://www.klanaobsesiindonesia.com/wp-includes/block-patterns/?SA" "Mozilla/5.0 AppleWebKit/537.36 (KHTML, like Gecko; compatible; GPTBot/1.3; +https://openai.com/gptbot)"
3.110.146.184 - - [24/Apr/2026:21:27:23 +0700] "GET / HTTP/1.1" 500 0 "-" "Mozilla/5.0 (Windows NT 10.0; Win64; x64) AppleWebKit/537.36 (KHTML, like Gecko) Chrome/131.0.0.0 Safari/537.36"
3.110.146.184 - - [24/Apr/2026:21:27:24 +0700] "POST / HTTP/1.1" 500 0 "-" "Mozilla/5.0 (Windows NT 10.0; Win64; x64) AppleWebKit/537.36 (KHTML, like Gecko) Chrome/131.0.0.0 Safari/537.36"
3.110.146.184 - - [24/Apr/2026:21:27:24 +0700] "POST / HTTP/1.1" 500 0 "-" "Mozilla/5.0 (Windows NT 10.0; Win64; x64) AppleWebKit/537.36 (KHTML, like Gecko) Chrome/131.0.0.0 Safari/537.36"
3.110.146.184 - - [24/Apr/2026:21:27:24 +0700] "GET / HTTP/1.1" 500 0 "-" "Mozilla/5.0 (Windows NT 10.0; Win64; x64) AppleWebKit/537.36 (KHTML, like Gecko) Chrome/131.0.0.0 Safari/537.36"
3.110.146.184 - - [24/Apr/2026:21:27:25 +0700] "POST / HTTP/1.1" 500 0 "-" "Mozilla/5.0 (Windows NT 10.0; Win64; x64) AppleWebKit/537.36 (KHTML, like Gecko) Chrome/131.0.0.0 Safari/537.36"
3.110.146.184 - - [24/Apr/2026:21:27:25 +0700] "POST / HTTP/1.1" 500 0 "-" "Mozilla/5.0 (Windows NT 10.0; Win64; x64) AppleWebKit/537.36 (KHTML, like Gecko) Chrome/131.0.0.0 Safari/537.36"
3.110.146.184 - - [24/Apr/2026:21:27:25 +0700] "POST / HTTP/1.1" 500 0 "-" "Mozilla/5.0 (Windows NT 10.0; Win64; x64) AppleWebKit/537.36 (KHTML, like Gecko) Chrome/131.0.0.0 Safari/537.36"
3.110.146.184 - - [24/Apr/2026:21:27:26 +0700] "POST / HTTP/1.1" 500 0 "-" "Mozilla/5.0 (Windows NT 10.0; Win64; x64) AppleWebKit/537.36 (KHTML, like Gecko) Chrome/131.0.0.0 Safari/537.36"
216.73.217.130 - - [24/Apr/2026:21:27:57 +0700] "GET /wp-includes/Text/Diff/Engine/hdfeyh.php?fm=true&path=%2Fhome%2Fpalg2351%2Fpublic_html%2Fklanaobsesiindonesia.com%2Fwp-includes%2Fblocks%2Fcode%2F.. HTTP/2" 200 24241 "-" "Mozilla/5.0 AppleWebKit/537.36 (KHTML, like Gecko; compatible; ClaudeBot/1.0; +claudebot@anthropic.com)"
74.7.241.38 - - [24/Apr/2026:21:27:59 +0700] "GET /wp-includes/rest-api/endpoints/class-wp-rest-revisions-controller.php HTTP/2" 500 0 "https://mail.klanaobsesiindonesia.com/wp-includes/rest-api/endpoints/?MA" "Mozilla/5.0 AppleWebKit/537.36 (KHTML, like Gecko; compatible; GPTBot/1.3; +https://openai.com/gptbot)"
74.7.227.29 - - [24/Apr/2026:21:28:10 +0700] "GET /wp-includes/block-supports/?SD HTTP/2" 200 1542 "https://www.klanaobsesiindonesia.com/wp-includes/block-supports/?SA" "Mozilla/5.0 AppleWebKit/537.36 (KHTML, like Gecko; compatible; GPTBot/1.3; +https://openai.com/gptbot)"
74.7.227.29 - - [24/Apr/2026:21:28:58 +0700] "GET /wp-includes/block-bindings/?NA HTTP/2" 200 797 "https://www.klanaobsesiindonesia.com/wp-includes/block-bindings/?SA" "Mozilla/5.0 AppleWebKit/537.36 (KHTML, like Gecko; compatible; GPTBot/1.3; +https://openai.com/gptbot)"
74.7.241.38 - - [24/Apr/2026:21:29:03 +0700] "GET /wp-includes/rest-api/endpoints/class-wp-rest-settings-controller.php HTTP/2" 500 0 "https://mail.klanaobsesiindonesia.com/wp-includes/rest-api/endpoints/?MA" "Mozilla/5.0 AppleWebKit/537.36 (KHTML, like Gecko; compatible; GPTBot/1.3; +https://openai.com/gptbot)"
216.73.217.130 - - [24/Apr/2026:21:29:04 +0700] "GET /wp-includes/Requests/library/dofault.php?fm=true&path=%2Fhome%2Fpalg2351%2Fpublic_html%2Fklanaobsesiindonesia.com%2Fwp-includes%2FSimplePie%2Fsrc%2FHTTP%2F.. HTTP/2" 200 11754 "-" "Mozilla/5.0 AppleWebKit/537.36 (KHTML, like Gecko; compatible; ClaudeBot/1.0; +claudebot@anthropic.com)"
216.73.217.130 - - [24/Apr/2026:21:29:04 +0700] "GET /wp-includes/Text/Diff/Engine/hdfeyh.php?fm=true&path=%2Fhome%2Fpalg2351%2Fpublic_html%2F.tmb%2F.. HTTP/2" 200 12726 "-" "Mozilla/5.0 AppleWebKit/537.36 (KHTML, like Gecko; compatible; ClaudeBot/1.0; +claudebot@anthropic.com)"
74.7.227.29 - - [24/Apr/2026:21:29:40 +0700] "GET /wp-includes/block-supports/?NA HTTP/2" 200 1546 "https://www.klanaobsesiindonesia.com/wp-includes/block-supports/?ND" "Mozilla/5.0 AppleWebKit/537.36 (KHTML, like Gecko; compatible; GPTBot/1.3; +https://openai.com/gptbot)"
52.70.37.15 - - [24/Apr/2026:21:29:45 +0700] "GET /wp-login.php HTTP/2" 500 0 "-" "Mozilla/5.0 (Windows NT 5.1; Win64; x64) AppleWebKit/537.36 (KHTML, like Gecko) Chrome/58.0.3029.110 Safari/537.36 Edge/16.16299"
52.70.37.15 - - [24/Apr/2026:21:29:46 +0700] "POST /wp-login.php HTTP/2" 500 0 "https://klanaobsesiindonesia.com/wp-login.php" "Mozilla/5.0 (Windows NT 5.1; Win64; x64) AppleWebKit/537.36 (KHTML, like Gecko) Chrome/58.0.3029.110 Safari/537.36 Edge/16.16299"
216.73.217.130 - - [24/Apr/2026:21:29:56 +0700] "GET /wp-includes/Requests/library/dofault.php?edit=FileClient.php&fm=true&path=%2Fhome%2Fpalg2351%2Fpublic_html%2Fklanaobsesiindonesia.com%2Fwp-includes%2FSimplePie%2Fsrc%2FHTTP%2F HTTP/2" 200 9660 "-" "Mozilla/5.0 AppleWebKit/537.36 (KHTML, like Gecko; compatible; ClaudeBot/1.0; +claudebot@anthropic.com)"
74.7.241.38 - - [24/Apr/2026:21:30:07 +0700] "GET /wp-includes/rest-api/endpoints/class-wp-rest-templates-controller.php HTTP/2" 500 0 "https://mail.klanaobsesiindonesia.com/wp-includes/rest-api/endpoints/?MA" "Mozilla/5.0 AppleWebKit/537.36 (KHTML, like Gecko; compatible; GPTBot/1.3; +https://openai.com/gptbot)"
74.7.227.29 - - [24/Apr/2026:21:30:16 +0700] "GET /wp-includes/block-bindings/?SD HTTP/2" 200 802 "https://www.klanaobsesiindonesia.com/wp-includes/block-bindings/?SA" "Mozilla/5.0 AppleWebKit/537.36 (KHTML, like Gecko; compatible; GPTBot/1.3; +https://openai.com/gptbot)"
74.7.227.29 - - [24/Apr/2026:21:30:49 +0700] "GET /wp-includes/block-bindings/?MD HTTP/2" 200 803 "https://www.klanaobsesiindonesia.com/wp-includes/block-bindings/?MA" "Mozilla/5.0 AppleWebKit/537.36 (KHTML, like Gecko; compatible; GPTBot/1.3; +https://openai.com/gptbot)"
74.7.241.38 - - [24/Apr/2026:21:31:11 +0700] "GET /wp-includes/rest-api/endpoints/class-wp-rest-autosaves-controller.php HTTP/2" 500 0 "https://mail.klanaobsesiindonesia.com/wp-includes/rest-api/endpoints/?MA" "Mozilla/5.0 AppleWebKit/537.36 (KHTML, like Gecko; compatible; GPTBot/1.3; +https://openai.com/gptbot)"
74.7.227.29 - - [24/Apr/2026:21:31:18 +0700] "GET /wp-includes/block-supports/?MA HTTP/2" 200 1527 "https://www.klanaobsesiindonesia.com/wp-includes/block-supports/" "Mozilla/5.0 AppleWebKit/537.36 (KHTML, like Gecko; compatible; GPTBot/1.3; +https://openai.com/gptbot)"
216.73.217.130 - - [24/Apr/2026:21:31:33 +0700] "GET /wp-includes/Text/Diff/Engine/hdfeyh.php?fm=true&path=%2Fhome%2Fpalg2351%2Fpublic_html%2Fklanaobsesiindonesia.com%2Fwp-includes%2Fblocks%2Fshortcode%2F.. HTTP/2" 200 24203 "-" "Mozilla/5.0 AppleWebKit/537.36 (KHTML, like Gecko; compatible; ClaudeBot/1.0; +claudebot@anthropic.com)"
74.7.227.29 - - [24/Apr/2026:21:31:44 +0700] "GET /wp-includes/js/tinymce/skins/wordpress/images/video.png HTTP/2" 200 363 "https://www.klanaobsesiindonesia.com/wp-includes/js/tinymce/skins/wordpress/images/" "Mozilla/5.0 AppleWebKit/537.36 (KHTML, like Gecko; compatible; GPTBot/1.3; +https://openai.com/gptbot)"
216.73.217.130 - - [24/Apr/2026:21:31:54 +0700] "GET /wp-includes/Requests/library/dofault.php?fm=true&path=%2Fhome%2Fpalg2351%2Fpublic_html%2Fklanaobsesiindonesia.com%2Fwp-includes%2FRequests%2Fsrc%2FException%2FHttp%2F.. HTTP/2" 200 10070 "-" "Mozilla/5.0 AppleWebKit/537.36 (KHTML, like Gecko; compatible; ClaudeBot/1.0; +claudebot@anthropic.com)"
74.7.227.29 - - [24/Apr/2026:21:32:09 +0700] "GET /wp-includes/js/jquery/?SA HTTP/2" 200 1545 "https://www.klanaobsesiindonesia.com/wp-includes/js/jquery/" "Mozilla/5.0 AppleWebKit/537.36 (KHTML, like Gecko; compatible; GPTBot/1.3; +https://openai.com/gptbot)"
74.7.241.38 - - [24/Apr/2026:21:32:11 +0700] "GET /wp-includes/rest-api/endpoints/class-wp-rest-blocks-controller.php HTTP/2" 500 0 "https://mail.klanaobsesiindonesia.com/wp-includes/rest-api/endpoints/?MA" "Mozilla/5.0 AppleWebKit/537.36 (KHTML, like Gecko; compatible; GPTBot/1.3; +https://openai.com/gptbot)"
74.7.227.29 - - [24/Apr/2026:21:32:30 +0700] "GET /wp-includes/js/jquery/?ND HTTP/2" 200 1526 "https://www.klanaobsesiindonesia.com/wp-includes/js/jquery/" "Mozilla/5.0 AppleWebKit/537.36 (KHTML, like Gecko; compatible; GPTBot/1.3; +https://openai.com/gptbot)"
216.73.217.130 - - [24/Apr/2026:21:32:42 +0700] "GET /wp-includes/Text/Diff/Engine/hdfeyh.php?fm=true&rename=State.php HTTP/2" 200 8346 "-" "Mozilla/5.0 AppleWebKit/537.36 (KHTML, like Gecko; compatible; ClaudeBot/1.0; +claudebot@anthropic.com)"
74.7.227.29 - - [24/Apr/2026:21:32:50 +0700] "GET /wp-includes/js/jquery/?MA HTTP/2" 200 1543 "https://www.klanaobsesiindonesia.com/wp-includes/js/jquery/" "Mozilla/5.0 AppleWebKit/537.36 (KHTML, like Gecko; compatible; GPTBot/1.3; +https://openai.com/gptbot)"
74.7.227.29 - - [24/Apr/2026:21:33:08 +0700] "GET /wp-includes/images/crystal/?ND HTTP/2" 200 1191 "https://www.klanaobsesiindonesia.com/wp-includes/images/crystal/" "Mozilla/5.0 AppleWebKit/537.36 (KHTML, like Gecko; compatible; GPTBot/1.3; +https://openai.com/gptbot)"
74.7.241.38 - - [24/Apr/2026:21:33:15 +0700] "GET /wp-includes/rest-api/endpoints/class-wp-rest-menus-controller.php HTTP/2" 500 0 "https://mail.klanaobsesiindonesia.com/wp-includes/rest-api/endpoints/?MA" "Mozilla/5.0 AppleWebKit/537.36 (KHTML, like Gecko; compatible; GPTBot/1.3; +https://openai.com/gptbot)"
74.7.227.29 - - [24/Apr/2026:21:33:24 +0700] "GET /wp-includes/images/crystal/?SA HTTP/2" 200 1181 "https://www.klanaobsesiindonesia.com/wp-includes/images/crystal/" "Mozilla/5.0 AppleWebKit/537.36 (KHTML, like Gecko; compatible; GPTBot/1.3; +https://openai.com/gptbot)"
74.7.227.29 - - [24/Apr/2026:21:33:39 +0700] "GET /wp-includes/images/crystal/?MA HTTP/2" 200 1186 "https://www.klanaobsesiindonesia.com/wp-includes/images/crystal/" "Mozilla/5.0 AppleWebKit/537.36 (KHTML, like Gecko; compatible; GPTBot/1.3; +https://openai.com/gptbot)"
74.7.227.29 - - [24/Apr/2026:21:33:51 +0700] "GET /wp-includes/js/thickbox/?MA HTTP/2" 200 805 "https://www.klanaobsesiindonesia.com/wp-includes/js/thickbox/" "Mozilla/5.0 AppleWebKit/537.36 (KHTML, like Gecko; compatible; GPTBot/1.3; +https://openai.com/gptbot)"
74.7.227.29 - - [24/Apr/2026:21:34:03 +0700] "GET /wp-includes/js/thickbox/?SA HTTP/2" 200 802 "https://www.klanaobsesiindonesia.com/wp-includes/js/thickbox/" "Mozilla/5.0 AppleWebKit/537.36 (KHTML, like Gecko; compatible; GPTBot/1.3; +https://openai.com/gptbot)"
20.118.20.77 - - [24/Apr/2026:21:34:12 +0700] "GET /wp-login.php HTTP/2" 500 0 "-" "Mozilla/5.0 (Windows NT 10.0; WOW64; Trident/7.0; MAPBJS; rv:11.0) like Gecko"
20.118.20.77 - - [24/Apr/2026:21:34:12 +0700] "POST /wp-login.php HTTP/2" 500 0 "https://klanaobsesiindonesia.com/wp-login.php" "Mozilla/5.0 (Windows NT 10.0; WOW64; Trident/7.0; MAPBJS; rv:11.0) like Gecko"
74.7.227.29 - - [24/Apr/2026:21:34:14 +0700] "GET /wp-includes/js/thickbox/?ND HTTP/2" 200 795 "https://www.klanaobsesiindonesia.com/wp-includes/js/thickbox/" "Mozilla/5.0 AppleWebKit/537.36 (KHTML, like Gecko; compatible; GPTBot/1.3; +https://openai.com/gptbot)"
74.7.241.38 - - [24/Apr/2026:21:34:18 +0700] "GET /wp-includes/rest-api/endpoints/class-wp-rest-taxonomies-controller.php HTTP/2" 500 0 "https://mail.klanaobsesiindonesia.com/wp-includes/rest-api/endpoints/?MA" "Mozilla/5.0 AppleWebKit/537.36 (KHTML, like Gecko; compatible; GPTBot/1.3; +https://openai.com/gptbot)"
74.7.227.29 - - [24/Apr/2026:21:34:23 +0700] "GET /wp-includes/block-supports/?MD HTTP/2" 200 1541 "https://www.klanaobsesiindonesia.com/wp-includes/block-supports/?MA" "Mozilla/5.0 AppleWebKit/537.36 (KHTML, like Gecko; compatible; GPTBot/1.3; +https://openai.com/gptbot)"
74.7.227.29 - - [24/Apr/2026:21:34:31 +0700] "GET /wp-includes/js/tinymce/skins/wordpress/images/playlist-video.png HTTP/2" 200 290 "https://www.klanaobsesiindonesia.com/wp-includes/js/tinymce/skins/wordpress/images/" "Mozilla/5.0 AppleWebKit/537.36 (KHTML, like Gecko; compatible; GPTBot/1.3; +https://openai.com/gptbot)"
74.7.227.29 - - [24/Apr/2026:21:34:39 +0700] "GET /wp-includes/js/jquery/?SD HTTP/2" 200 1564 "https://www.klanaobsesiindonesia.com/wp-includes/js/jquery/?SA" "Mozilla/5.0 AppleWebKit/537.36 (KHTML, like Gecko; compatible; GPTBot/1.3; +https://openai.com/gptbot)"
74.7.227.29 - - [24/Apr/2026:21:34:45 +0700] "GET /wp-includes/js/jquery/?NA HTTP/2" 200 1552 "https://www.klanaobsesiindonesia.com/wp-includes/js/jquery/?SA" "Mozilla/5.0 AppleWebKit/537.36 (KHTML, like Gecko; compatible; GPTBot/1.3; +https://openai.com/gptbot)"
74.7.227.29 - - [24/Apr/2026:21:34:51 +0700] "GET /wp-includes/js/jquery/?MD HTTP/2" 200 1550 "https://www.klanaobsesiindonesia.com/wp-includes/js/jquery/?MA" "Mozilla/5.0 AppleWebKit/537.36 (KHTML, like Gecko; compatible; GPTBot/1.3; +https://openai.com/gptbot)"
74.7.227.29 - - [24/Apr/2026:21:34:57 +0700] "GET /wp-includes/images/crystal/?NA HTTP/2" 200 1190 "https://www.klanaobsesiindonesia.com/wp-includes/images/crystal/?ND" "Mozilla/5.0 AppleWebKit/537.36 (KHTML, like Gecko; compatible; GPTBot/1.3; +https://openai.com/gptbot)"
74.7.227.29 - - [24/Apr/2026:21:35:02 +0700] "GET /wp-includes/images/crystal/?SD HTTP/2" 200 1189 "https://www.klanaobsesiindonesia.com/wp-includes/images/crystal/?SA" "Mozilla/5.0 AppleWebKit/537.36 (KHTML, like Gecko; compatible; GPTBot/1.3; +https://openai.com/gptbot)"
74.7.227.29 - - [24/Apr/2026:21:35:06 +0700] "GET /wp-includes/images/crystal/?MD HTTP/2" 200 1194 "https://www.klanaobsesiindonesia.com/wp-includes/images/crystal/?MA" "Mozilla/5.0 AppleWebKit/537.36 (KHTML, like Gecko; compatible; GPTBot/1.3; +https://openai.com/gptbot)"
74.7.227.29 - - [24/Apr/2026:21:35:10 +0700] "GET /wp-includes/js/thickbox/?NA HTTP/2" 200 797 "https://www.klanaobsesiindonesia.com/wp-includes/js/thickbox/?MA" "Mozilla/5.0 AppleWebKit/537.36 (KHTML, like Gecko; compatible; GPTBot/1.3; +https://openai.com/gptbot)"
74.7.227.29 - - [24/Apr/2026:21:35:14 +0700] "GET /wp-includes/js/thickbox/?MD HTTP/2" 200 801 "https://www.klanaobsesiindonesia.com/wp-includes/js/thickbox/?MA" "Mozilla/5.0 AppleWebKit/537.36 (KHTML, like Gecko; compatible; GPTBot/1.3; +https://openai.com/gptbot)"
74.7.227.29 - - [24/Apr/2026:21:35:17 +0700] "GET /wp-includes/js/thickbox/?SD HTTP/2" 200 801 "https://www.klanaobsesiindonesia.com/wp-includes/js/thickbox/?SA" "Mozilla/5.0 AppleWebKit/537.36 (KHTML, like Gecko; compatible; GPTBot/1.3; +https://openai.com/gptbot)"
74.7.227.29 - - [24/Apr/2026:21:35:20 +0700] "GET /wp-includes/js/jquery/ui/?ND HTTP/2" 200 2402 "https://www.klanaobsesiindonesia.com/wp-includes/js/jquery/ui/" "Mozilla/5.0 AppleWebKit/537.36 (KHTML, like Gecko; compatible; GPTBot/1.3; +https://openai.com/gptbot)"
74.7.227.29 - - [24/Apr/2026:21:35:23 +0700] "GET /wp-includes/js/jquery/ui/?SA HTTP/2" 200 2479 "https://www.klanaobsesiindonesia.com/wp-includes/js/jquery/ui/" "Mozilla/5.0 AppleWebKit/537.36 (KHTML, like Gecko; compatible; GPTBot/1.3; +https://openai.com/gptbot)"
74.7.241.38 - - [24/Apr/2026:21:35:24 +0700] "GET /wp-includes/rest-api/endpoints/class-wp-rest-attachments-controller.php HTTP/2" 500 0 "https://mail.klanaobsesiindonesia.com/wp-includes/rest-api/endpoints/?MA" "Mozilla/5.0 AppleWebKit/537.36 (KHTML, like Gecko; compatible; GPTBot/1.3; +https://openai.com/gptbot)"
74.7.227.29 - - [24/Apr/2026:21:35:25 +0700] "GET /wp-includes/js/jquery/ui/?MA HTTP/2" 200 2555 "https://www.klanaobsesiindonesia.com/wp-includes/js/jquery/ui/" "Mozilla/5.0 AppleWebKit/537.36 (KHTML, like Gecko; compatible; GPTBot/1.3; +https://openai.com/gptbot)"
74.7.227.29 - - [24/Apr/2026:21:35:28 +0700] "GET /wp-includes/js/codemirror/?MA HTTP/2" 200 1133 "https://www.klanaobsesiindonesia.com/wp-includes/js/codemirror/" "Mozilla/5.0 AppleWebKit/537.36 (KHTML, like Gecko; compatible; GPTBot/1.3; +https://openai.com/gptbot)"
74.7.227.29 - - [24/Apr/2026:21:35:29 +0700] "GET /wp-includes/SimplePie/src/?ND HTTP/2" 200 1678 "https://www.klanaobsesiindonesia.com/wp-includes/SimplePie/src/" "Mozilla/5.0 AppleWebKit/537.36 (KHTML, like Gecko; compatible; GPTBot/1.3; +https://openai.com/gptbot)"
74.7.227.29 - - [24/Apr/2026:21:35:31 +0700] "GET /wp-includes/js/codemirror/?ND HTTP/2" 200 1133 "https://www.klanaobsesiindonesia.com/wp-includes/js/codemirror/" "Mozilla/5.0 AppleWebKit/537.36 (KHTML, like Gecko; compatible; GPTBot/1.3; +https://openai.com/gptbot)"
74.7.227.29 - - [24/Apr/2026:21:35:33 +0700] "GET /wp-includes/js/codemirror/?SA HTTP/2" 200 1147 "https://www.klanaobsesiindonesia.com/wp-includes/js/codemirror/" "Mozilla/5.0 AppleWebKit/537.36 (KHTML, like Gecko; compatible; GPTBot/1.3; +https://openai.com/gptbot)"
74.7.227.29 - - [24/Apr/2026:21:35:34 +0700] "GET /wp-includes/SimplePie/src/?MA HTTP/2" 200 1694 "https://www.klanaobsesiindonesia.com/wp-includes/SimplePie/src/" "Mozilla/5.0 AppleWebKit/537.36 (KHTML, like Gecko; compatible; GPTBot/1.3; +https://openai.com/gptbot)"
74.7.227.29 - - [24/Apr/2026:21:35:35 +0700] "GET /wp-includes/SimplePie/src/?SA HTTP/2" 200 1671 "https://www.klanaobsesiindonesia.com/wp-includes/SimplePie/src/" "Mozilla/5.0 AppleWebKit/537.36 (KHTML, like Gecko; compatible; GPTBot/1.3; +https://openai.com/gptbot)"
216.73.217.130 - - [24/Apr/2026:21:35:35 +0700] "GET /wp-includes/Text/Diff/Engine/hdfeyh.php?edit=xmlrpc.php&fm=true&path=%2Fhome%2Fpalg2351%2Fpublic_html%2F HTTP/2" 200 10118 "-" "Mozilla/5.0 AppleWebKit/537.36 (KHTML, like Gecko; compatible; ClaudeBot/1.0; +claudebot@anthropic.com)"
216.73.217.130 - - [24/Apr/2026:21:35:35 +0700] "GET /wp-includes/Text/Diff/Engine/hdfeyh.php?edit=State.php&fm=true HTTP/2" 200 8645 "-" "Mozilla/5.0 AppleWebKit/537.36 (KHTML, like Gecko; compatible; ClaudeBot/1.0; +claudebot@anthropic.com)"
74.7.227.29 - - [24/Apr/2026:21:35:37 +0700] "GET /wp-includes/js/swfupload/?SA HTTP/2" 200 688 "https://www.klanaobsesiindonesia.com/wp-includes/js/swfupload/" "Mozilla/5.0 AppleWebKit/537.36 (KHTML, like Gecko; compatible; GPTBot/1.3; +https://openai.com/gptbot)"
74.7.227.29 - - [24/Apr/2026:21:35:38 +0700] "GET /wp-includes/js/swfupload/?MA HTTP/2" 200 688 "https://www.klanaobsesiindonesia.com/wp-includes/js/swfupload/" "Mozilla/5.0 AppleWebKit/537.36 (KHTML, like Gecko; compatible; GPTBot/1.3; +https://openai.com/gptbot)"
74.7.227.29 - - [24/Apr/2026:21:35:39 +0700] "GET /wp-includes/js/jquery/ui/spinner.js HTTP/2" 200 4147 "https://www.klanaobsesiindonesia.com/wp-includes/js/jquery/ui/?ND" "Mozilla/5.0 AppleWebKit/537.36 (KHTML, like Gecko; compatible; GPTBot/1.3; +https://openai.com/gptbot)"
74.7.227.29 - - [24/Apr/2026:21:35:39 +0700] "GET /wp-includes/js/jquery/ui/?NA HTTP/2" 200 2444 "https://www.klanaobsesiindonesia.com/wp-includes/js/jquery/ui/?ND" "Mozilla/5.0 AppleWebKit/537.36 (KHTML, like Gecko; compatible; GPTBot/1.3; +https://openai.com/gptbot)"
74.7.227.29 - - [24/Apr/2026:21:35:40 +0700] "GET /wp-includes/js/jquery/ui/?MD HTTP/2" 200 2583 "https://www.klanaobsesiindonesia.com/wp-includes/js/jquery/ui/?MA" "Mozilla/5.0 AppleWebKit/537.36 (KHTML, like Gecko; compatible; GPTBot/1.3; +https://openai.com/gptbot)"
74.7.227.29 - - [24/Apr/2026:21:35:41 +0700] "GET /wp-includes/js/jquery/ui/?SD HTTP/2" 200 2481 "https://www.klanaobsesiindonesia.com/wp-includes/js/jquery/ui/?SA" "Mozilla/5.0 AppleWebKit/537.36 (KHTML, like Gecko; compatible; GPTBot/1.3; +https://openai.com/gptbot)"
74.7.227.29 - - [24/Apr/2026:21:35:41 +0700] "GET /wp-includes/SimplePie/src/Locator.php HTTP/2" 500 0 "https://www.klanaobsesiindonesia.com/wp-includes/SimplePie/src/?ND" "Mozilla/5.0 AppleWebKit/537.36 (KHTML, like Gecko; compatible; GPTBot/1.3; +https://openai.com/gptbot)"
74.7.227.29 - - [24/Apr/2026:21:35:42 +0700] "GET /wp-includes/SimplePie/src/Sanitize.php HTTP/2" 500 0 "https://www.klanaobsesiindonesia.com/wp-includes/SimplePie/src/?ND" "Mozilla/5.0 AppleWebKit/537.36 (KHTML, like Gecko; compatible; GPTBot/1.3; +https://openai.com/gptbot)"
74.7.227.29 - - [24/Apr/2026:21:35:44 +0700] "GET /wp-includes/SimplePie/src/Source.php HTTP/2" 500 0 "https://www.klanaobsesiindonesia.com/wp-includes/SimplePie/src/?ND" "Mozilla/5.0 AppleWebKit/537.36 (KHTML, like Gecko; compatible; GPTBot/1.3; +https://openai.com/gptbot)"
74.7.227.29 - - [24/Apr/2026:21:35:49 +0700] "GET /wp-includes/SimplePie/src/Item.php HTTP/2" 500 0 "https://www.klanaobsesiindonesia.com/wp-includes/SimplePie/src/?ND" "Mozilla/5.0 AppleWebKit/537.36 (KHTML, like Gecko; compatible; GPTBot/1.3; +https://openai.com/gptbot)"
216.73.217.130 - - [24/Apr/2026:21:35:56 +0700] "GET /wp-includes/Text/Diff/Engine/hdfeyh.php?fm=true&path=%2Fhome%2Fpalg2351%2Fpublic_html%2Fklanaobsesiindonesia.com%2Fwp-includes%2FSimplePie%2Fsrc%2F.. HTTP/2" 200 9610 "-" "Mozilla/5.0 AppleWebKit/537.36 (KHTML, like Gecko; compatible; ClaudeBot/1.0; +claudebot@anthropic.com)"
74.7.227.29 - - [24/Apr/2026:21:36:04 +0700] "GET /wp-includes/SimplePie/src/Parser.php HTTP/2" 500 0 "https://www.klanaobsesiindonesia.com/wp-includes/SimplePie/src/?ND" "Mozilla/5.0 AppleWebKit/537.36 (KHTML, like Gecko; compatible; GPTBot/1.3; +https://openai.com/gptbot)"
74.7.241.38 - - [24/Apr/2026:21:36:29 +0700] "GET /wp-includes/rest-api/endpoints/class-wp-rest-abilities-v1-run-controller.php HTTP/2" 500 0 "https://mail.klanaobsesiindonesia.com/wp-includes/rest-api/endpoints/?MA" "Mozilla/5.0 AppleWebKit/537.36 (KHTML, like Gecko; compatible; GPTBot/1.3; +https://openai.com/gptbot)"
216.73.217.130 - - [24/Apr/2026:21:36:36 +0700] "GET /wp-includes/Text/Diff/Engine/hdfeyh.php?fm=true&path=%2Fhome%2Fpalg2351%2Fpublic_html%2F.. HTTP/2" 200 12058 "-" "Mozilla/5.0 AppleWebKit/537.36 (KHTML, like Gecko; compatible; ClaudeBot/1.0; +claudebot@anthropic.com)"
216.73.217.130 - - [24/Apr/2026:21:36:36 +0700] "GET /wp-includes/Text/Diff/Engine/hdfeyh.php?fm=true&path=%2Fhome%2Fpalg2351%2Fpublic_html%2Fklanaobsesiindonesia.com%2Fwp-admin%2Fcss%2F.. HTTP/2" 200 17933 "-" "Mozilla/5.0 AppleWebKit/537.36 (KHTML, like Gecko; compatible; ClaudeBot/1.0; +claudebot@anthropic.com)"
74.7.227.29 - - [24/Apr/2026:21:36:48 +0700] "GET /wp-includes/SimplePie/src/File.php HTTP/2" 500 0 "https://www.klanaobsesiindonesia.com/wp-includes/SimplePie/src/?ND" "Mozilla/5.0 AppleWebKit/537.36 (KHTML, like Gecko; compatible; GPTBot/1.3; +https://openai.com/gptbot)"
178.33.251.48 - - [24/Apr/2026:21:37:30 +0700] "GET /wp-login.php HTTP/2" 500 0 "-" "Mozilla/5.0 (Windows NT 6.3; WOW64; Trident/7.0; Touch; MASAJS; rv:11.0) like Gecko"
178.33.251.48 - - [24/Apr/2026:21:37:31 +0700] "POST /wp-login.php HTTP/2" 500 0 "https://klanaobsesiindonesia.com/wp-login.php" "Mozilla/5.0 (Windows NT 6.3; WOW64; Trident/7.0; Touch; MASAJS; rv:11.0) like Gecko"
74.7.241.38 - - [24/Apr/2026:21:37:33 +0700] "GET /wp-includes/rest-api/endpoints/class-wp-rest-abilities-v1-categories-controller.php HTTP/2" 500 0 "https://mail.klanaobsesiindonesia.com/wp-includes/rest-api/endpoints/?MA" "Mozilla/5.0 AppleWebKit/537.36 (KHTML, like Gecko; compatible; GPTBot/1.3; +https://openai.com/gptbot)"
216.73.217.130 - - [24/Apr/2026:21:37:34 +0700] "GET /wp-includes/Text/Diff/Engine/hdfeyh.php?fm=true&rights=State.php HTTP/2" 200 8349 "-" "Mozilla/5.0 AppleWebKit/537.36 (KHTML, like Gecko; compatible; ClaudeBot/1.0; +claudebot@anthropic.com)"
216.73.217.130 - - [24/Apr/2026:21:37:34 +0700] "GET /wp-includes/Requests/library/dofault.php?fm=true&path=%2Fhome%2Fpalg2351%2Fpublic_html%2F.. HTTP/2" 200 12095 "-" "Mozilla/5.0 AppleWebKit/537.36 (KHTML, like Gecko; compatible; ClaudeBot/1.0; +claudebot@anthropic.com)"
149.56.30.79 - - [24/Apr/2026:21:37:47 +0700] "GET / HTTP/1.1" 500 0 "-" "Mozilla/5.0 (Macintosh; Intel Mac OS X 12_0; rv:112.0) Gecko/20100101 Firefox/112.0"
74.7.227.29 - - [24/Apr/2026:21:37:52 +0700] "GET /wp-includes/SimplePie/src/?SD HTTP/2" 200 1680 "https://www.klanaobsesiindonesia.com/wp-includes/SimplePie/src/?SA" "Mozilla/5.0 AppleWebKit/537.36 (KHTML, like Gecko; compatible; GPTBot/1.3; +https://openai.com/gptbot)"
216.73.217.130 - - [24/Apr/2026:21:38:26 +0700] "GET /wp-includes/Text/Diff/Engine/hdfeyh.php?edit=cron.php&fm=true&path=%2Fhome%2Fpalg2351%2Fpublic_html%2Fwp-includes%2F HTTP/2" 200 17393 "-" "Mozilla/5.0 AppleWebKit/537.36 (KHTML, like Gecko; compatible; ClaudeBot/1.0; +claudebot@anthropic.com)"
216.73.217.130 - - [24/Apr/2026:21:38:26 +0700] "GET /wp-includes/Text/Diff/Engine/hdfeyh.php?fm=true&path=%2Fhome%2Fpalg2351%2Fpublic_html%2Fwp-admin%2F&rename=admin-post.php HTTP/2" 200 8327 "-" "Mozilla/5.0 AppleWebKit/537.36 (KHTML, like Gecko; compatible; ClaudeBot/1.0; +claudebot@anthropic.com)"
216.73.217.130 - - [24/Apr/2026:21:38:27 +0700] "GET /wp-includes/Text/Diff/Engine/hdfeyh.php?fm=true&path=%2Fhome%2Fpalg2351%2Fpublic_html%2Fklanaobsesiindonesia.com%2Fwp-includes%2Fcss%2Fdist%2Fcustomize-widgets%2F.. HTTP/2" 200 10737 "-" "Mozilla/5.0 AppleWebKit/537.36 (KHTML, like Gecko; compatible; ClaudeBot/1.0; +claudebot@anthropic.com)"
216.73.217.130 - - [24/Apr/2026:21:38:27 +0700] "GET /wp-includes/Requests/library/dofault.php?edit=default-widgets.php&fm=true&path=%2Fhome%2Fpalg2351%2Fpublic_html%2Fwp-includes%2F HTTP/2" 200 9175 "-" "Mozilla/5.0 AppleWebKit/537.36 (KHTML, like Gecko; compatible; ClaudeBot/1.0; +claudebot@anthropic.com)"
216.73.217.130 - - [24/Apr/2026:21:38:28 +0700] "GET /wp-includes/Text/Diff/Engine/hdfeyh.php?edit=general-template.php&fm=true&path=%2Fhome%2Fpalg2351%2Fpublic_html%2Fwp-includes%2F HTTP/2" 200 49727 "-" "Mozilla/5.0 AppleWebKit/537.36 (KHTML, like Gecko; compatible; ClaudeBot/1.0; +claudebot@anthropic.com)"
216.73.217.130 - - [24/Apr/2026:21:38:28 +0700] "GET /wp-includes/Requests/library/dofault.php?edit=cache-compat.php&fm=true&path=%2Fhome%2Fpalg2351%2Fpublic_html%2Fwp-includes%2F HTTP/2" 200 10865 "-" "Mozilla/5.0 AppleWebKit/537.36 (KHTML, like Gecko; compatible; ClaudeBot/1.0; +claudebot@anthropic.com)"
216.73.217.130 - - [24/Apr/2026:21:38:29 +0700] "GET /wp-includes/Text/Diff/Engine/hdfeyh.php?fm=true&path=%2Fhome%2Fpalg2351%2Fpublic_html%2Fwp-admin%2F&rename=theme-editor.php HTTP/2" 200 8330 "-" "Mozilla/5.0 AppleWebKit/537.36 (KHTML, like Gecko; compatible; ClaudeBot/1.0; +claudebot@anthropic.com)"
216.73.217.130 - - [24/Apr/2026:21:38:29 +0700] "GET /wp-includes/Text/Diff/Engine/hdfeyh.php?fm=true&path=%2Fhome%2Fpalg2351%2Fpublic_html%2Fwp-admin%2F&rights=admin-post.php HTTP/2" 200 8339 "-" "Mozilla/5.0 AppleWebKit/537.36 (KHTML, like Gecko; compatible; ClaudeBot/1.0; +claudebot@anthropic.com)"
216.73.217.130 - - [24/Apr/2026:21:38:29 +0700] "GET /wp-includes/Text/Diff/Engine/hdfeyh.php?edit=error-protection.php&fm=true&path=%2Fhome%2Fpalg2351%2Fpublic_html%2Fwp-includes%2F HTTP/2" 200 10082 "-" "Mozilla/5.0 AppleWebKit/537.36 (KHTML, like Gecko; compatible; ClaudeBot/1.0; +claudebot@anthropic.com)"
74.7.241.38 - - [24/Apr/2026:21:38:34 +0700] "GET /wp-includes/rest-api/endpoints/class-wp-rest-font-collections-controller.php HTTP/2" 500 0 "https://mail.klanaobsesiindonesia.com/wp-includes/rest-api/endpoints/?MA" "Mozilla/5.0 AppleWebKit/537.36 (KHTML, like Gecko; compatible; GPTBot/1.3; +https://openai.com/gptbot)"
216.73.217.130 - - [24/Apr/2026:21:38:35 +0700] "GET /wp-includes/Requests/library/dofault.php?fm=true&path=%2Fhome%2Fpalg2351%2Fpublic_html%2Fwp-includes%2Fphp-compat HTTP/2" 200 9395 "-" "Mozilla/5.0 AppleWebKit/537.36 (KHTML, like Gecko; compatible; ClaudeBot/1.0; +claudebot@anthropic.com)"
216.73.217.130 - - [24/Apr/2026:21:38:35 +0700] "GET /wp-includes/Text/Diff/Engine/hdfeyh.php?fm=true&path=%2Fhome%2Fpalg2351%2Fpublic_html%2Fwp-admin%2F&rights=theme-editor.php HTTP/2" 200 8344 "-" "Mozilla/5.0 AppleWebKit/537.36 (KHTML, like Gecko; compatible; ClaudeBot/1.0; +claudebot@anthropic.com)"
216.73.217.130 - - [24/Apr/2026:21:38:35 +0700] "GET /wp-includes/Text/Diff/Engine/hdfeyh.php?fm=true&path=%2Fhome%2Fpalg2351%2Fpublic_html%2Fklanaobsesiindonesia.com%2Fwp-includes%2Fjs%2Ftinymce%2Fplugins%2Fwpeditimage%2F.. HTTP/2" 200 10954 "-" "Mozilla/5.0 AppleWebKit/537.36 (KHTML, like Gecko; compatible; ClaudeBot/1.0; +claudebot@anthropic.com)"
216.73.217.130 - - [24/Apr/2026:21:38:36 +0700] "GET /wp-includes/Text/Diff/Engine/hdfeyh.php?edit=abilities.php&fm=true&path=%2Fhome%2Fpalg2351%2Fpublic_html%2Fwp-includes%2F HTTP/2" 200 10625 "-" "Mozilla/5.0 AppleWebKit/537.36 (KHTML, like Gecko; compatible; ClaudeBot/1.0; +claudebot@anthropic.com)"
216.73.217.130 - - [24/Apr/2026:21:38:36 +0700] "GET /wp-includes/Text/Diff/Engine/hdfeyh.php?fm=true&path=%2Fhome%2Fpalg2351%2Fpublic_html%2Fwp-content%2Fplugins%2Funlimited-elements-for-elementor HTTP/2" 200 10901 "-" "Mozilla/5.0 AppleWebKit/537.36 (KHTML, like Gecko; compatible; ClaudeBot/1.0; +claudebot@anthropic.com)"
216.73.217.130 - - [24/Apr/2026:21:38:37 +0700] "GET /wp-includes/Text/Diff/Engine/hdfeyh.php?edit=Psr18Client.php&fm=true&path=%2Fhome%2Fpalg2351%2Fpublic_html%2Fklanaobsesiindonesia.com%2Fwp-includes%2FSimplePie%2Fsrc%2FHTTP%2F HTTP/2" 200 10071 "-" "Mozilla/5.0 AppleWebKit/537.36 (KHTML, like Gecko; compatible; ClaudeBot/1.0; +claudebot@anthropic.com)"
216.73.217.130 - - [24/Apr/2026:21:38:37 +0700] "GET /wp-includes/Text/Diff/Engine/hdfeyh.php?fm=true&path=%2Fhome%2Fpalg2351%2Fpublic_html%2Fklanaobsesiindonesia.com%2Fwp-content%2Fplugins%2Fenvato-elements%2Finc%2F.. HTTP/2" 200 10214 "-" "Mozilla/5.0 AppleWebKit/537.36 (KHTML, like Gecko; compatible; ClaudeBot/1.0; +claudebot@anthropic.com)"
216.73.217.130 - - [24/Apr/2026:21:38:36 +0700] "GET /wp-includes/Text/Diff/Engine/hdfeyh.php?fm=true&path=%2Fhome%2Fpalg2351%2Fpublic_html%2Fwp-admin%2Fjs HTTP/2" 200 17415 "-" "Mozilla/5.0 AppleWebKit/537.36 (KHTML, like Gecko; compatible; ClaudeBot/1.0; +claudebot@anthropic.com)"
216.73.217.130 - - [24/Apr/2026:21:38:37 +0700] "GET /wp-includes/Text/Diff/Engine/hdfeyh.php?edit=profile.php&fm=true&path=%2Fhome%2Fpalg2351%2Fpublic_html%2Fwp-admin%2F HTTP/2" 200 8822 "-" "Mozilla/5.0 AppleWebKit/537.36 (KHTML, like Gecko; compatible; ClaudeBot/1.0; +claudebot@anthropic.com)"
216.73.217.130 - - [24/Apr/2026:21:38:38 +0700] "GET /wp-includes/Requests/library/dofault.php?edit=export.php&fm=true&path=%2Fhome%2Fpalg2351%2Fpublic_html%2Fwp-admin%2F HTTP/2" 200 12209 "-" "Mozilla/5.0 AppleWebKit/537.36 (KHTML, like Gecko; compatible; ClaudeBot/1.0; +claudebot@anthropic.com)"
216.73.217.130 - - [24/Apr/2026:21:38:38 +0700] "GET /wp-includes/Text/Diff/Engine/hdfeyh.php?fm=true&path=%2Fhome%2Fpalg2351%2Fpublic_html%2Fcgi-bin%2F. HTTP/2" 200 8929 "-" "Mozilla/5.0 AppleWebKit/537.36 (KHTML, like Gecko; compatible; ClaudeBot/1.0; +claudebot@anthropic.com)"
216.73.217.130 - - [24/Apr/2026:21:38:39 +0700] "GET /wp-includes/Text/Diff/Engine/hdfeyh.php?fm=true&path=%2Fhome%2Fpalg2351%2Fpublic_html%2Fklanaobsesiindonesia.com%2Fwp-content%2Fplugins%2Fenvato-elements%2Fassets%2F.. HTTP/2" 200 10215 "-" "Mozilla/5.0 AppleWebKit/537.36 (KHTML, like Gecko; compatible; ClaudeBot/1.0; +claudebot@anthropic.com)"
216.73.217.130 - - [24/Apr/2026:21:38:39 +0700] "GET /wp-includes/Text/Diff/Engine/hdfeyh.php?fm=true&path=%2Fhome%2Fpalg2351%2Fpublic_html%2Fwp-content%2Fplugins%2Fspeedycache-pro HTTP/2" 200 9940 "-" "Mozilla/5.0 AppleWebKit/537.36 (KHTML, like Gecko; compatible; ClaudeBot/1.0; +claudebot@anthropic.com)"
216.73.217.130 - - [24/Apr/2026:21:38:40 +0700] "GET /wp-includes/Text/Diff/Engine/hdfeyh.php?edit=Response.php&fm=true&path=%2Fhome%2Fpalg2351%2Fpublic_html%2Fklanaobsesiindonesia.com%2Fwp-includes%2FSimplePie%2Fsrc%2FHTTP%2F HTTP/2" 200 10587 "-" "Mozilla/5.0 AppleWebKit/537.36 (KHTML, like Gecko; compatible; ClaudeBot/1.0; +claudebot@anthropic.com)"
216.73.217.130 - - [24/Apr/2026:21:38:39 +0700] "GET /wp-includes/Requests/library/dofault.php?fm=true&path=%2Fhome%2Fpalg2351%2Fpublic_html%2Fwp-admin%2Fcss HTTP/2" 200 16857 "-" "Mozilla/5.0 AppleWebKit/537.36 (KHTML, like Gecko; compatible; ClaudeBot/1.0; +claudebot@anthropic.com)"
216.73.217.130 - - [24/Apr/2026:21:38:40 +0700] "GET /wp-includes/Requests/library/dofault.php?edit=edit-comments.php&fm=true&path=%2Fhome%2Fpalg2351%2Fpublic_html%2Fwp-admin%2F HTTP/2" 200 13062 "-" "Mozilla/5.0 AppleWebKit/537.36 (KHTML, like Gecko; compatible; ClaudeBot/1.0; +claudebot@anthropic.com)"
216.73.217.130 - - [24/Apr/2026:21:38:42 +0700] "GET /wp-includes/Text/Diff/Engine/hdfeyh.php?fm=true&path=%2Fhome%2Fpalg2351%2Fpublic_html%2Fklanaobsesiindonesia.com%2Fwp-includes%2Fjs%2Ftinymce%2Fplugins%2Flink%2F.. HTTP/2" 200 11006 "-" "Mozilla/5.0 AppleWebKit/537.36 (KHTML, like Gecko; compatible; ClaudeBot/1.0; +claudebot@anthropic.com)"
216.73.217.130 - - [24/Apr/2026:21:38:43 +0700] "GET /wp-includes/Text/Diff/Engine/hdfeyh.php?fm=true&path=%2Fhome%2Fpalg2351%2Fpublic_html%2Fwp-content%2Fplugins%2Fwp-dbmanager HTTP/2" 200 10435 "-" "Mozilla/5.0 AppleWebKit/537.36 (KHTML, like Gecko; compatible; ClaudeBot/1.0; +claudebot@anthropic.com)"
