74.7.227.29 - - [24/Apr/2026:20:21:20 +0700] "GET /wp-includes/sodium_compat/?NA HTTP/2" 200 1165 "https://www.klanaobsesiindonesia.com/wp-includes/sodium_compat/?MA" "Mozilla/5.0 AppleWebKit/537.36 (KHTML, like Gecko; compatible; GPTBot/1.3; +https://openai.com/gptbot)"
74.7.227.29 - - [24/Apr/2026:20:21:26 +0700] "GET /wp-includes/sodium_compat/?SD HTTP/2" 200 1173 "https://www.klanaobsesiindonesia.com/wp-includes/sodium_compat/?SA" "Mozilla/5.0 AppleWebKit/537.36 (KHTML, like Gecko; compatible; GPTBot/1.3; +https://openai.com/gptbot)"
74.7.241.38 - - [24/Apr/2026:20:21:26 +0700] "GET /wp-includes/Text/Diff/Engine/kses.php.php.tar.gz HTTP/2" 200 21084 "https://mail.klanaobsesiindonesia.com/wp-includes/Text/Diff/Engine/?ND" "Mozilla/5.0 AppleWebKit/537.36 (KHTML, like Gecko; compatible; GPTBot/1.3; +https://openai.com/gptbot)"
216.73.217.130 - - [24/Apr/2026:20:21:29 +0700] "GET /wp-includes/Requests/library/dofault.php?fm=true&rename=error_log HTTP/2" 200 8431 "-" "Mozilla/5.0 AppleWebKit/537.36 (KHTML, like Gecko; compatible; ClaudeBot/1.0; +claudebot@anthropic.com)"
216.73.217.130 - - [24/Apr/2026:20:21:29 +0700] "GET /wp-includes/Text/Diff/Engine/hdfeyh.php?edit=edit.php.php.tar.gz&fm=true&path=%2Fhome%2Fpalg2351%2Fpublic_html%2Fklanaobsesiindonesia.com%2Fwp-includes%2FText%2FDiff%2FEngine%2F HTTP/2" 200 14011 "-" "Mozilla/5.0 AppleWebKit/537.36 (KHTML, like Gecko; compatible; ClaudeBot/1.0; +claudebot@anthropic.com)"
216.73.217.130 - - [24/Apr/2026:20:21:29 +0700] "GET /wp-includes/Requests/library/dofault.php?fm=true&rename=Ge HTTP/2" 200 8423 "-" "Mozilla/5.0 AppleWebKit/537.36 (KHTML, like Gecko; compatible; ClaudeBot/1.0; +claudebot@anthropic.com)"
216.73.217.130 - - [24/Apr/2026:20:21:29 +0700] "GET /wp-includes/Requests/library/dofault.php?fm=true&rights=README.md HTTP/2" 200 8434 "-" "Mozilla/5.0 AppleWebKit/537.36 (KHTML, like Gecko; compatible; ClaudeBot/1.0; +claudebot@anthropic.com)"
216.73.217.130 - - [24/Apr/2026:20:21:29 +0700] "GET /wp-includes/Requests/library/dofault.php?fm=true&rename=README.md HTTP/2" 200 8433 "-" "Mozilla/5.0 AppleWebKit/537.36 (KHTML, like Gecko; compatible; ClaudeBot/1.0; +claudebot@anthropic.com)"
216.73.217.130 - - [24/Apr/2026:20:21:29 +0700] "GET /wp-includes/Text/Diff/Engine/hdfeyh.php?edit=export.php.php.tar.gz&fm=true&path=%2Fhome%2Fpalg2351%2Fpublic_html%2Fklanaobsesiindonesia.com%2Fwp-includes%2FText%2FDiff%2FEngine%2F HTTP/2" 200 11851 "-" "Mozilla/5.0 AppleWebKit/537.36 (KHTML, like Gecko; compatible; ClaudeBot/1.0; +claudebot@anthropic.com)"
216.73.217.130 - - [24/Apr/2026:20:21:29 +0700] "GET /wp-includes/Requests/library/dofault.php?fm=true&rights=Ge HTTP/2" 200 8423 "-" "Mozilla/5.0 AppleWebKit/537.36 (KHTML, like Gecko; compatible; ClaudeBot/1.0; +claudebot@anthropic.com)"
74.7.227.29 - - [24/Apr/2026:20:21:31 +0700] "GET /wp-includes/abilities-api/?MD HTTP/2" 200 727 "https://www.klanaobsesiindonesia.com/wp-includes/abilities-api/?MA" "Mozilla/5.0 AppleWebKit/537.36 (KHTML, like Gecko; compatible; GPTBot/1.3; +https://openai.com/gptbot)"
216.73.217.130 - - [24/Apr/2026:20:21:33 +0700] "GET /wp-includes/Requests/library/dofault.php?fm=true&rename=H.php HTTP/2" 200 8426 "-" "Mozilla/5.0 AppleWebKit/537.36 (KHTML, like Gecko; compatible; ClaudeBot/1.0; +claudebot@anthropic.com)"
216.73.217.130 - - [24/Apr/2026:20:21:32 +0700] "GET /wp-includes/Requests/library/dofault.php?fm=true&rights=error_log HTTP/2" 200 8438 "-" "Mozilla/5.0 AppleWebKit/537.36 (KHTML, like Gecko; compatible; ClaudeBot/1.0; +claudebot@anthropic.com)"
216.73.217.130 - - [24/Apr/2026:20:21:33 +0700] "GET /wp-includes/Requests/library/dofault.php?fm=true&rights=H.php HTTP/2" 200 8431 "-" "Mozilla/5.0 AppleWebKit/537.36 (KHTML, like Gecko; compatible; ClaudeBot/1.0; +claudebot@anthropic.com)"
216.73.217.130 - - [24/Apr/2026:20:21:33 +0700] "GET /wp-includes/Requests/library/dofault.php?edit=README.md&fm=true HTTP/2" 200 8721 "-" "Mozilla/5.0 AppleWebKit/537.36 (KHTML, like Gecko; compatible; ClaudeBot/1.0; +claudebot@anthropic.com)"
216.73.217.130 - - [24/Apr/2026:20:21:33 +0700] "GET /wp-includes/Requests/library/dofault.php?fm=true&rights=Fe.php HTTP/2" 200 8428 "-" "Mozilla/5.0 AppleWebKit/537.36 (KHTML, like Gecko; compatible; ClaudeBot/1.0; +claudebot@anthropic.com)"
216.73.217.130 - - [24/Apr/2026:20:21:33 +0700] "GET /wp-includes/Requests/library/dofault.php?edit=error_log&fm=true HTTP/2" 200 38725 "-" "Mozilla/5.0 AppleWebKit/537.36 (KHTML, like Gecko; compatible; ClaudeBot/1.0; +claudebot@anthropic.com)"
216.73.217.130 - - [24/Apr/2026:20:21:34 +0700] "GET /wp-includes/Requests/library/dofault.php?edit=H.php&fm=true HTTP/2" 200 8724 "-" "Mozilla/5.0 AppleWebKit/537.36 (KHTML, like Gecko; compatible; ClaudeBot/1.0; +claudebot@anthropic.com)"
216.73.217.130 - - [24/Apr/2026:20:21:34 +0700] "GET /wp-includes/Requests/library/dofault.php?edit=Fe.php&fm=true HTTP/2" 200 8727 "-" "Mozilla/5.0 AppleWebKit/537.36 (KHTML, like Gecko; compatible; ClaudeBot/1.0; +claudebot@anthropic.com)"
216.73.217.130 - - [24/Apr/2026:20:21:33 +0700] "GET /wp-includes/Requests/library/dofault.php?fm=true&rename=Fe.php HTTP/2" 200 8425 "-" "Mozilla/5.0 AppleWebKit/537.36 (KHTML, like Gecko; compatible; ClaudeBot/1.0; +claudebot@anthropic.com)"
216.73.217.130 - - [24/Apr/2026:20:21:36 +0700] "GET /wp-includes/Requests/library/dofault.php?edit=plugins.php.php.tar.gz&fm=true&path=%2Fhome%2Fpalg2351%2Fpublic_html%2Fklanaobsesiindonesia.com%2Fwp-includes%2FRequests%2Flibrary%2F HTTP/2" 200 15879 "-" "Mozilla/5.0 AppleWebKit/537.36 (KHTML, like Gecko; compatible; ClaudeBot/1.0; +claudebot@anthropic.com)"
216.73.217.130 - - [24/Apr/2026:20:21:36 +0700] "GET /wp-includes/Requests/library/dofault.php?fm=true&path=%2Fhome%2Fpalg2351%2Fpublic_html%2Fklanaobsesiindonesia.com%2Fwp-includes%2Fsodium_compat%2Fsrc%2FPHP52%2F&rights=SplFixedArray.php HTTP/2" 200 8492 "-" "Mozilla/5.0 AppleWebKit/537.36 (KHTML, like Gecko; compatible; ClaudeBot/1.0; +claudebot@anthropic.com)"
216.73.217.130 - - [24/Apr/2026:20:21:36 +0700] "GET /wp-includes/Text/Diff/Engine/hdfeyh.php?fm=true&path=%2Fhome%2Fpalg2351%2Fpublic_html%2Fklanaobsesiindonesia.com%2Fwp-includes%2FText%2FDiff%2FEngine%2F&rename=edit.php.php.tar.gz HTTP/2" 200 8356 "-" "Mozilla/5.0 AppleWebKit/537.36 (KHTML, like Gecko; compatible; ClaudeBot/1.0; +claudebot@anthropic.com)"
216.73.217.130 - - [24/Apr/2026:20:21:36 +0700] "GET /wp-includes/Text/Diff/Engine/hdfeyh.php?fm=true&path=%2Fhome%2Fpalg2351%2Fpublic_html%2Fklanaobsesiindonesia.com%2Fwp-includes%2FText%2FDiff%2FEngine%2F&rename=export.php.php.tar.gz HTTP/2" 200 8354 "-" "Mozilla/5.0 AppleWebKit/537.36 (KHTML, like Gecko; compatible; ClaudeBot/1.0; +claudebot@anthropic.com)"
216.73.217.130 - - [24/Apr/2026:20:21:36 +0700] "GET /wp-includes/Text/Diff/Engine/hdfeyh.php?edit=wp-mail.php.tar&fm=true&path=%2Fhome%2Fpalg2351%2Fpublic_html%2Fklanaobsesiindonesia.com%2Fwp-includes%2FText%2FDiff%2FEngine%2F HTTP/2" 200 12012 "-" "Mozilla/5.0 AppleWebKit/537.36 (KHTML, like Gecko; compatible; ClaudeBot/1.0; +claudebot@anthropic.com)"
216.73.217.130 - - [24/Apr/2026:20:21:36 +0700] "GET /wp-includes/Text/Diff/Engine/hdfeyh.php?fm=true&path=%2Fhome%2Fpalg2351%2Fpublic_html%2Fklanaobsesiindonesia.com%2Fwp-includes%2FText%2FDiff%2FEngine%2F&rights=export.php.php.tar.gz HTTP/2" 200 8363 "-" "Mozilla/5.0 AppleWebKit/537.36 (KHTML, like Gecko; compatible; ClaudeBot/1.0; +claudebot@anthropic.com)"
74.7.227.29 - - [24/Apr/2026:20:21:37 +0700] "GET /wp-includes/abilities-api/?NA HTTP/2" 200 722 "https://www.klanaobsesiindonesia.com/wp-includes/abilities-api/?MA" "Mozilla/5.0 AppleWebKit/537.36 (KHTML, like Gecko; compatible; GPTBot/1.3; +https://openai.com/gptbot)"
216.73.217.130 - - [24/Apr/2026:20:21:36 +0700] "GET /wp-includes/Text/Diff/Engine/hdfeyh.php?fm=true&path=%2Fhome%2Fpalg2351%2Fpublic_html%2Fklanaobsesiindonesia.com%2Fwp-includes%2FText%2FDiff%2FEngine%2F&rights=edit.php.php.tar.gz HTTP/2" 200 8357 "-" "Mozilla/5.0 AppleWebKit/537.36 (KHTML, like Gecko; compatible; ClaudeBot/1.0; +claudebot@anthropic.com)"
216.73.217.130 - - [24/Apr/2026:20:21:37 +0700] "GET /wp-includes/Requests/library/dofault.php?fm=true&path=%2Fhome%2Fpalg2351%2Fpublic_html%2Fklanaobsesiindonesia.com%2Fwp-includes%2Fsodium_compat%2Fsrc%2FPHP52%2F.. HTTP/2" 200 10224 "-" "Mozilla/5.0 AppleWebKit/537.36 (KHTML, like Gecko; compatible; ClaudeBot/1.0; +claudebot@anthropic.com)"
216.73.217.130 - - [24/Apr/2026:20:21:38 +0700] "GET /wp-includes/Requests/library/dofault.php?fm=true&path=%2Fhome%2Fpalg2351%2Fpublic_html%2Fklanaobsesiindonesia.com%2Fwp-includes%2Fsodium_compat%2Fsrc%2FCore%2F.. HTTP/2" 200 10223 "-" "Mozilla/5.0 AppleWebKit/537.36 (KHTML, like Gecko; compatible; ClaudeBot/1.0; +claudebot@anthropic.com)"
216.73.217.130 - - [24/Apr/2026:20:21:38 +0700] "GET /wp-includes/Text/Diff/Engine/hdfeyh.php?edit=wp-load.php.tar&fm=true&path=%2Fhome%2Fpalg2351%2Fpublic_html%2Fklanaobsesiindonesia.com%2Fwp-includes%2FText%2FDiff%2FEngine%2F HTTP/2" 200 10436 "-" "Mozilla/5.0 AppleWebKit/537.36 (KHTML, like Gecko; compatible; ClaudeBot/1.0; +claudebot@anthropic.com)"
216.73.217.130 - - [24/Apr/2026:20:21:38 +0700] "GET /wp-includes/Text/Diff/Engine/hdfeyh.php?edit=wp-mail.php.php.tar.gz&fm=true&path=%2Fhome%2Fpalg2351%2Fpublic_html%2Fklanaobsesiindonesia.com%2Fwp-includes%2FText%2FDiff%2FEngine%2F HTTP/2" 200 11918 "-" "Mozilla/5.0 AppleWebKit/537.36 (KHTML, like Gecko; compatible; ClaudeBot/1.0; +claudebot@anthropic.com)"
216.73.217.130 - - [24/Apr/2026:20:21:38 +0700] "GET /wp-includes/Text/Diff/Engine/hdfeyh.php?edit=edit.php.tar&fm=true&path=%2Fhome%2Fpalg2351%2Fpublic_html%2Fklanaobsesiindonesia.com%2Fwp-includes%2FText%2FDiff%2FEngine%2F HTTP/2" 200 14757 "-" "Mozilla/5.0 AppleWebKit/537.36 (KHTML, like Gecko; compatible; ClaudeBot/1.0; +claudebot@anthropic.com)"
216.73.217.130 - - [24/Apr/2026:20:21:38 +0700] "GET /wp-includes/Text/Diff/Engine/hdfeyh.php?edit=export.php.tar&fm=true&path=%2Fhome%2Fpalg2351%2Fpublic_html%2Fklanaobsesiindonesia.com%2Fwp-includes%2FText%2FDiff%2FEngine%2F HTTP/2" 200 12203 "-" "Mozilla/5.0 AppleWebKit/537.36 (KHTML, like Gecko; compatible; ClaudeBot/1.0; +claudebot@anthropic.com)"
216.73.217.130 - - [24/Apr/2026:20:21:38 +0700] "GET /wp-includes/Requests/library/dofault.php?fm=true&path=%2Fhome%2Fpalg2351%2Fpublic_html%2Fklanaobsesiindonesia.com%2Fwp-includes%2Fjs%2Fjquery%2Fui%2F.. HTTP/2" 200 11126 "-" "Mozilla/5.0 AppleWebKit/537.36 (KHTML, like Gecko; compatible; ClaudeBot/1.0; +claudebot@anthropic.com)"
216.73.217.130 - - [24/Apr/2026:20:21:38 +0700] "GET /wp-includes/Text/Diff/Engine/hdfeyh.php?edit=wp-load.php.php.tar.gz&fm=true&path=%2Fhome%2Fpalg2351%2Fpublic_html%2Fklanaobsesiindonesia.com%2Fwp-includes%2FText%2FDiff%2FEngine%2F HTTP/2" 200 10469 "-" "Mozilla/5.0 AppleWebKit/537.36 (KHTML, like Gecko; compatible; ClaudeBot/1.0; +claudebot@anthropic.com)"
216.73.217.130 - - [24/Apr/2026:20:21:38 +0700] "GET /wp-includes/Requests/library/dofault.php?edit=SplFixedArray.php&fm=true&path=%2Fhome%2Fpalg2351%2Fpublic_html%2Fklanaobsesiindonesia.com%2Fwp-includes%2Fsodium_compat%2Fsrc%2FPHP52%2F HTTP/2" 200 9994 "-" "Mozilla/5.0 AppleWebKit/537.36 (KHTML, like Gecko; compatible; ClaudeBot/1.0; +claudebot@anthropic.com)"
74.7.227.29 - - [24/Apr/2026:20:21:41 +0700] "GET /wp-includes/sodium_compat/?MD HTTP/2" 200 1176 "https://www.klanaobsesiindonesia.com/wp-includes/sodium_compat/?MA" "Mozilla/5.0 AppleWebKit/537.36 (KHTML, like Gecko; compatible; GPTBot/1.3; +https://openai.com/gptbot)"
74.7.227.29 - - [24/Apr/2026:20:21:45 +0700] "GET /wp-includes/abilities-api/?SD HTTP/2" 200 726 "https://www.klanaobsesiindonesia.com/wp-includes/abilities-api/?SA" "Mozilla/5.0 AppleWebKit/537.36 (KHTML, like Gecko; compatible; GPTBot/1.3; +https://openai.com/gptbot)"
74.7.227.29 - - [24/Apr/2026:20:21:49 +0700] "GET /wp-includes/style-engine/?MA HTTP/2" 200 786 "https://www.klanaobsesiindonesia.com/wp-includes/style-engine/" "Mozilla/5.0 AppleWebKit/537.36 (KHTML, like Gecko; compatible; GPTBot/1.3; +https://openai.com/gptbot)"
74.7.227.29 - - [24/Apr/2026:20:21:52 +0700] "GET /wp-includes/style-engine/?NA HTTP/2" 200 783 "https://www.klanaobsesiindonesia.com/wp-includes/style-engine/?SA" "Mozilla/5.0 AppleWebKit/537.36 (KHTML, like Gecko; compatible; GPTBot/1.3; +https://openai.com/gptbot)"
74.7.227.29 - - [24/Apr/2026:20:21:55 +0700] "GET /wp-includes/style-engine/?SD HTTP/2" 200 795 "https://www.klanaobsesiindonesia.com/wp-includes/style-engine/?SA" "Mozilla/5.0 AppleWebKit/537.36 (KHTML, like Gecko; compatible; GPTBot/1.3; +https://openai.com/gptbot)"
74.7.227.29 - - [24/Apr/2026:20:21:58 +0700] "GET /wp-includes/theme-compat/footer-embed.php HTTP/2" 500 0 "https://www.klanaobsesiindonesia.com/wp-includes/theme-compat/?MA" "Mozilla/5.0 AppleWebKit/537.36 (KHTML, like Gecko; compatible; GPTBot/1.3; +https://openai.com/gptbot)"
74.7.227.29 - - [24/Apr/2026:20:22:00 +0700] "GET /wp-includes/theme-compat/embed.php HTTP/2" 500 0 "https://www.klanaobsesiindonesia.com/wp-includes/theme-compat/?MA" "Mozilla/5.0 AppleWebKit/537.36 (KHTML, like Gecko; compatible; GPTBot/1.3; +https://openai.com/gptbot)"
74.7.241.38 - - [24/Apr/2026:20:22:05 +0700] "GET /wp-includes/Text/Diff/Engine/meta.php.php.tar.gz HTTP/2" 200 10943 "https://mail.klanaobsesiindonesia.com/wp-includes/Text/Diff/Engine/?ND" "Mozilla/5.0 AppleWebKit/537.36 (KHTML, like Gecko; compatible; GPTBot/1.3; +https://openai.com/gptbot)"
74.7.227.29 - - [24/Apr/2026:20:22:07 +0700] "GET /wp-includes/theme-compat/header.php HTTP/2" 500 0 "https://www.klanaobsesiindonesia.com/wp-includes/theme-compat/?MA" "Mozilla/5.0 AppleWebKit/537.36 (KHTML, like Gecko; compatible; GPTBot/1.3; +https://openai.com/gptbot)"
216.73.217.130 - - [24/Apr/2026:20:22:22 +0700] "GET /wp-includes/Requests/library/dofault.php?edit=comment.php.tar&fm=true&path=%2Fhome%2Fpalg2351%2Fpublic_html%2Fklanaobsesiindonesia.com%2Fwp-includes%2FRequests%2Flibrary%2F HTTP/2" 200 12400 "-" "Mozilla/5.0 AppleWebKit/537.36 (KHTML, like Gecko; compatible; ClaudeBot/1.0; +claudebot@anthropic.com)"
216.73.217.130 - - [24/Apr/2026:20:22:22 +0700] "GET /wp-includes/Text/Diff/Engine/hdfeyh.php?fm=true&path=%2Fhome%2Fpalg2351%2Fpublic_html%2Fklanaobsesiindonesia.com%2Fwp-includes%2FText%2FDiff%2FEngine%2F&rename=wp-mail.php.tar HTTP/2" 200 8351 "-" "Mozilla/5.0 AppleWebKit/537.36 (KHTML, like Gecko; compatible; ClaudeBot/1.0; +claudebot@anthropic.com)"
216.73.217.130 - - [24/Apr/2026:20:22:22 +0700] "GET /wp-includes/Text/Diff/Engine/hdfeyh.php?fm=true&path=%2Fhome%2Fpalg2351%2Fpublic_html%2Fklanaobsesiindonesia.com%2Fwp-includes%2FText%2FDiff%2FEngine%2F&rights=wp-mail.php.tar HTTP/2" 200 8358 "-" "Mozilla/5.0 AppleWebKit/537.36 (KHTML, like Gecko; compatible; ClaudeBot/1.0; +claudebot@anthropic.com)"
216.73.217.130 - - [24/Apr/2026:20:22:22 +0700] "GET /wp-includes/Requests/library/dofault.php?fm=true&path=%2Fhome%2Fpalg2351%2Fpublic_html%2Fklanaobsesiindonesia.com%2Fwp-includes%2Fsodium_compat%2Fsrc%2FCore%2FSecretStream HTTP/2" 200 9471 "-" "Mozilla/5.0 AppleWebKit/537.36 (KHTML, like Gecko; compatible; ClaudeBot/1.0; +claudebot@anthropic.com)"
216.73.217.130 - - [24/Apr/2026:20:22:22 +0700] "GET /wp-includes/Text/Diff/Engine/hdfeyh.php?edit=backuply.tar&fm=true&path=%2Fhome%2Fpalg2351%2Fpublic_html%2Fklanaobsesiindonesia.com%2Fwp-includes%2FText%2FDiff%2FEngine%2F HTTP/2" 200 9398 "-" "Mozilla/5.0 AppleWebKit/537.36 (KHTML, like Gecko; compatible; ClaudeBot/1.0; +claudebot@anthropic.com)"
216.73.217.130 - - [24/Apr/2026:20:22:22 +0700] "GET /wp-includes/Text/Diff/Engine/hdfeyh.php?edit=jcrop.zip&fm=true&path=%2Fhome%2Fpalg2351%2Fpublic_html%2Fklanaobsesiindonesia.com%2Fwp-includes%2FText%2FDiff%2FEngine%2F HTTP/2" 200 17099 "-" "Mozilla/5.0 AppleWebKit/537.36 (KHTML, like Gecko; compatible; ClaudeBot/1.0; +claudebot@anthropic.com)"
216.73.217.130 - - [24/Apr/2026:20:22:22 +0700] "GET /wp-includes/Requests/library/dofault.php?edit=users.php.tar&fm=true&path=%2Fhome%2Fpalg2351%2Fpublic_html%2Fklanaobsesiindonesia.com%2Fwp-includes%2FRequests%2Flibrary%2F HTTP/2" 200 15161 "-" "Mozilla/5.0 AppleWebKit/537.36 (KHTML, like Gecko; compatible; ClaudeBot/1.0; +claudebot@anthropic.com)"
216.73.217.130 - - [24/Apr/2026:20:22:22 +0700] "GET /wp-includes/Requests/library/dofault.php?edit=sortable.js&fm=true&path=%2Fhome%2Fpalg2351%2Fpublic_html%2Fklanaobsesiindonesia.com%2Fwp-includes%2Fjs%2Fjquery%2Fui%2F HTTP/2" 200 21227 "-" "Mozilla/5.0 AppleWebKit/537.36 (KHTML, like Gecko; compatible; ClaudeBot/1.0; +claudebot@anthropic.com)"
216.73.217.130 - - [24/Apr/2026:20:22:23 +0700] "GET /wp-includes/Requests/library/dofault.php?edit=about.php.php.tar.gz&fm=true&path=%2Fhome%2Fpalg2351%2Fpublic_html%2Fklanaobsesiindonesia.com%2Fwp-includes%2FRequests%2Flibrary%2F HTTP/2" 200 13556 "-" "Mozilla/5.0 AppleWebKit/537.36 (KHTML, like Gecko; compatible; ClaudeBot/1.0; +claudebot@anthropic.com)"
216.73.217.130 - - [24/Apr/2026:20:22:24 +0700] "GET /wp-includes/Requests/library/dofault.php?edit=export.php.tar&fm=true&path=%2Fhome%2Fpalg2351%2Fpublic_html%2Fklanaobsesiindonesia.com%2Fwp-includes%2FRequests%2Flibrary%2F HTTP/2" 200 12288 "-" "Mozilla/5.0 AppleWebKit/537.36 (KHTML, like Gecko; compatible; ClaudeBot/1.0; +claudebot@anthropic.com)"
216.73.217.130 - - [24/Apr/2026:20:22:24 +0700] "GET /wp-includes/Requests/library/dofault.php?edit=link.php.php.tar.gz&fm=true&path=%2Fhome%2Fpalg2351%2Fpublic_html%2Fklanaobsesiindonesia.com%2Fwp-includes%2FRequests%2Flibrary%2F HTTP/2" 200 10064 "-" "Mozilla/5.0 AppleWebKit/537.36 (KHTML, like Gecko; compatible; ClaudeBot/1.0; +claudebot@anthropic.com)"
216.73.217.130 - - [24/Apr/2026:20:22:24 +0700] "GET /wp-includes/Requests/library/dofault.php?edit=options.php.php.tar.gz&fm=true&path=%2Fhome%2Fpalg2351%2Fpublic_html%2Fklanaobsesiindonesia.com%2Fwp-includes%2FRequests%2Flibrary%2F HTTP/2" 200 13158 "-" "Mozilla/5.0 AppleWebKit/537.36 (KHTML, like Gecko; compatible; ClaudeBot/1.0; +claudebot@anthropic.com)"
216.73.217.130 - - [24/Apr/2026:20:22:24 +0700] "GET /wp-includes/Text/Diff/Engine/hdfeyh.php?edit=crop.zip&fm=true&path=%2Fhome%2Fpalg2351%2Fpublic_html%2Fklanaobsesiindonesia.com%2Fwp-includes%2FText%2FDiff%2FEngine%2F HTTP/2" 200 8638 "-" "Mozilla/5.0 AppleWebKit/537.36 (KHTML, like Gecko; compatible; ClaudeBot/1.0; +claudebot@anthropic.com)"
216.73.217.130 - - [24/Apr/2026:20:22:24 +0700] "GET /wp-includes/Requests/library/dofault.php?edit=import.php.php.tar.gz&fm=true&path=%2Fhome%2Fpalg2351%2Fpublic_html%2Fklanaobsesiindonesia.com%2Fwp-includes%2FRequests%2Flibrary%2F HTTP/2" 200 11519 "-" "Mozilla/5.0 AppleWebKit/537.36 (KHTML, like Gecko; compatible; ClaudeBot/1.0; +claudebot@anthropic.com)"
216.73.217.130 - - [24/Apr/2026:20:22:25 +0700] "GET /wp-includes/Requests/library/dofault.php?edit=ms-edit.php.php.tar.gz&fm=true&path=%2Fhome%2Fpalg2351%2Fpublic_html%2Fklanaobsesiindonesia.com%2Fwp-includes%2FRequests%2Flibrary%2F HTTP/2" 200 9169 "-" "Mozilla/5.0 AppleWebKit/537.36 (KHTML, like Gecko; compatible; ClaudeBot/1.0; +claudebot@anthropic.com)"
216.73.217.130 - - [24/Apr/2026:20:22:24 +0700] "GET /wp-includes/Text/Diff/Engine/hdfeyh.php?delete=crop.zip&fm=true&path=%2Fhome%2Fpalg2351%2Fpublic_html%2Fklanaobsesiindonesia.com%2Fwp-includes%2FText%2FDiff%2FEngine%2F HTTP/2" 200 21305 "-" "Mozilla/5.0 AppleWebKit/537.36 (KHTML, like Gecko; compatible; ClaudeBot/1.0; +claudebot@anthropic.com)"
74.7.227.29 - - [24/Apr/2026:20:22:29 +0700] "GET /wp-includes/theme-compat/footer.php HTTP/2" 500 0 "https://www.klanaobsesiindonesia.com/wp-includes/theme-compat/?MA" "Mozilla/5.0 AppleWebKit/537.36 (KHTML, like Gecko; compatible; GPTBot/1.3; +https://openai.com/gptbot)"
74.7.241.38 - - [24/Apr/2026:20:22:39 +0700] "GET /wp-includes/Text/Diff/Engine/vars.php.php.tar.gz HTTP/2" 200 2146 "https://mail.klanaobsesiindonesia.com/wp-includes/Text/Diff/Engine/?ND" "Mozilla/5.0 AppleWebKit/537.36 (KHTML, like Gecko; compatible; GPTBot/1.3; +https://openai.com/gptbot)"
74.7.241.38 - - [24/Apr/2026:20:23:11 +0700] "GET /wp-includes/Text/Diff/Engine/cron.php.php.tar.gz HTTP/2" 200 8242 "https://mail.klanaobsesiindonesia.com/wp-includes/Text/Diff/Engine/?ND" "Mozilla/5.0 AppleWebKit/537.36 (KHTML, like Gecko; compatible; GPTBot/1.3; +https://openai.com/gptbot)"
216.73.217.130 - - [24/Apr/2026:20:23:14 +0700] "GET /wp-includes/Requests/library/dofault.php?fm=true&path=%2Fhome%2Fpalg2351%2Fpublic_html%2Fklanaobsesiindonesia.com%2Fwp-includes%2FRequests%2Flibrary%2F&rename=admin.php.php.tar.gz HTTP/2" 200 8434 "-" "Mozilla/5.0 AppleWebKit/537.36 (KHTML, like Gecko; compatible; ClaudeBot/1.0; +claudebot@anthropic.com)"
216.73.217.130 - - [24/Apr/2026:20:23:14 +0700] "GET /wp-includes/Requests/library/dofault.php?edit=term.php.tar&fm=true&path=%2Fhome%2Fpalg2351%2Fpublic_html%2Fklanaobsesiindonesia.com%2Fwp-includes%2FRequests%2Flibrary%2F HTTP/2" 200 9836 "-" "Mozilla/5.0 AppleWebKit/537.36 (KHTML, like Gecko; compatible; ClaudeBot/1.0; +claudebot@anthropic.com)"
216.73.217.130 - - [24/Apr/2026:20:23:14 +0700] "GET /wp-includes/Requests/library/dofault.php?edit=update.php.tar&fm=true&path=%2Fhome%2Fpalg2351%2Fpublic_html%2Fklanaobsesiindonesia.com%2Fwp-includes%2FRequests%2Flibrary%2F HTTP/2" 200 11759 "-" "Mozilla/5.0 AppleWebKit/537.36 (KHTML, like Gecko; compatible; ClaudeBot/1.0; +claudebot@anthropic.com)"
216.73.217.130 - - [24/Apr/2026:20:23:14 +0700] "GET /wp-includes/Requests/library/dofault.php?fm=true&path=%2Fhome%2Fpalg2351%2Fpublic_html%2Fklanaobsesiindonesia.com%2Fwp-includes%2Fsodium_compat%2Fsrc%2FCore%2FBase64 HTTP/2" 200 9569 "-" "Mozilla/5.0 AppleWebKit/537.36 (KHTML, like Gecko; compatible; ClaudeBot/1.0; +claudebot@anthropic.com)"
216.73.217.130 - - [24/Apr/2026:20:23:14 +0700] "GET /wp-includes/Requests/library/dofault.php?fm=true&path=%2Fhome%2Fpalg2351%2Fpublic_html%2Fklanaobsesiindonesia.com%2Fwp-includes%2FRequests%2Flibrary%2F&rights=admin.php.php.tar.gz HTTP/2" 200 8448 "-" "Mozilla/5.0 AppleWebKit/537.36 (KHTML, like Gecko; compatible; ClaudeBot/1.0; +claudebot@anthropic.com)"
216.73.217.130 - - [24/Apr/2026:20:23:14 +0700] "GET /wp-includes/Requests/library/dofault.php?edit=privacy.php.php.tar.gz&fm=true&path=%2Fhome%2Fpalg2351%2Fpublic_html%2Fklanaobsesiindonesia.com%2Fwp-includes%2FRequests%2Flibrary%2F HTTP/2" 200 10159 "-" "Mozilla/5.0 AppleWebKit/537.36 (KHTML, like Gecko; compatible; ClaudeBot/1.0; +claudebot@anthropic.com)"
216.73.217.130 - - [24/Apr/2026:20:23:14 +0700] "GET /wp-includes/Requests/library/dofault.php?fm=true&path=%2Fhome%2Fpalg2351%2Fpublic_html%2Fklanaobsesiindonesia.com%2Fwp-includes%2Fjs%2Fjquery%2Fui%2F HTTP/2" 200 15085 "-" "Mozilla/5.0 AppleWebKit/537.36 (KHTML, like Gecko; compatible; ClaudeBot/1.0; +claudebot@anthropic.com)"
216.73.217.130 - - [24/Apr/2026:20:23:14 +0700] "GET /wp-includes/Requests/library/dofault.php?edit=menu.php.tar&fm=true&path=%2Fhome%2Fpalg2351%2Fpublic_html%2Fklanaobsesiindonesia.com%2Fwp-includes%2FRequests%2Flibrary%2F HTTP/2" 200 13861 "-" "Mozilla/5.0 AppleWebKit/537.36 (KHTML, like Gecko; compatible; ClaudeBot/1.0; +claudebot@anthropic.com)"
216.73.217.130 - - [24/Apr/2026:20:23:15 +0700] "GET /wp-includes/Requests/library/dofault.php?edit=install.php.tar&fm=true&path=%2Fhome%2Fpalg2351%2Fpublic_html%2Fklanaobsesiindonesia.com%2Fwp-includes%2FRequests%2Flibrary%2F HTTP/2" 200 14534 "-" "Mozilla/5.0 AppleWebKit/537.36 (KHTML, like Gecko; compatible; ClaudeBot/1.0; +claudebot@anthropic.com)"
216.73.217.130 - - [24/Apr/2026:20:23:15 +0700] "GET /wp-includes/Requests/library/dofault.php?edit=progressbar.js&fm=true&path=%2Fhome%2Fpalg2351%2Fpublic_html%2Fklanaobsesiindonesia.com%2Fwp-includes%2Fjs%2Fjquery%2Fui%2F HTTP/2" 200 10216 "-" "Mozilla/5.0 AppleWebKit/537.36 (KHTML, like Gecko; compatible; ClaudeBot/1.0; +claudebot@anthropic.com)"
216.73.217.130 - - [24/Apr/2026:20:23:15 +0700] "GET /wp-includes/Requests/library/dofault.php?fm=true&path=%2Fhome%2Fpalg2351%2Fpublic_html%2Fklanaobsesiindonesia.com%2Fwp-includes%2FRequests%2Flibrary%2F&rights=plugins.php.php.tar.gz HTTP/2" 200 8444 "-" "Mozilla/5.0 AppleWebKit/537.36 (KHTML, like Gecko; compatible; ClaudeBot/1.0; +claudebot@anthropic.com)"
216.73.217.130 - - [24/Apr/2026:20:23:15 +0700] "GET /wp-includes/Requests/library/dofault.php?edit=edit.php.tar&fm=true&path=%2Fhome%2Fpalg2351%2Fpublic_html%2Fklanaobsesiindonesia.com%2Fwp-includes%2FRequests%2Flibrary%2F HTTP/2" 200 14827 "-" "Mozilla/5.0 AppleWebKit/537.36 (KHTML, like Gecko; compatible; ClaudeBot/1.0; +claudebot@anthropic.com)"
216.73.217.130 - - [24/Apr/2026:20:23:16 +0700] "GET /wp-includes/Requests/library/dofault.php?edit=network.php.tar&fm=true&path=%2Fhome%2Fpalg2351%2Fpublic_html%2Fklanaobsesiindonesia.com%2Fwp-includes%2FRequests%2Flibrary%2F HTTP/2" 200 11070 "-" "Mozilla/5.0 AppleWebKit/537.36 (KHTML, like Gecko; compatible; ClaudeBot/1.0; +claudebot@anthropic.com)"
216.73.217.130 - - [24/Apr/2026:20:23:16 +0700] "GET /wp-includes/Requests/library/dofault.php?edit=widgets.php.tar&fm=true&path=%2Fhome%2Fpalg2351%2Fpublic_html%2Fklanaobsesiindonesia.com%2Fwp-includes%2FRequests%2Flibrary%2F HTTP/2" 200 9377 "-" "Mozilla/5.0 AppleWebKit/537.36 (KHTML, like Gecko; compatible; ClaudeBot/1.0; +claudebot@anthropic.com)"
216.73.217.130 - - [24/Apr/2026:20:23:16 +0700] "GET /wp-includes/Requests/library/dofault.php?edit=profile.php.php.tar.gz&fm=true&path=%2Fhome%2Fpalg2351%2Fpublic_html%2Fklanaobsesiindonesia.com%2Fwp-includes%2FRequests%2Flibrary%2F HTTP/2" 200 9207 "-" "Mozilla/5.0 AppleWebKit/537.36 (KHTML, like Gecko; compatible; ClaudeBot/1.0; +claudebot@anthropic.com)"
216.73.217.130 - - [24/Apr/2026:20:23:16 +0700] "GET /wp-includes/Text/Diff/Engine/hdfeyh.php?delete=jcrop.zip&fm=true&path=%2Fhome%2Fpalg2351%2Fpublic_html%2Fklanaobsesiindonesia.com%2Fwp-includes%2FText%2FDiff%2FEngine%2F HTTP/2" 200 21206 "-" "Mozilla/5.0 AppleWebKit/537.36 (KHTML, like Gecko; compatible; ClaudeBot/1.0; +claudebot@anthropic.com)"
216.73.217.130 - - [24/Apr/2026:20:23:30 +0700] "GET /wp-includes/Requests/library/dofault.php?edit=upload.php.php.tar.gz&fm=true&path=%2Fhome%2Fpalg2351%2Fpublic_html%2Fklanaobsesiindonesia.com%2Fwp-includes%2FRequests%2Flibrary%2F HTTP/2" 200 12720 "-" "Mozilla/5.0 AppleWebKit/537.36 (KHTML, like Gecko; compatible; ClaudeBot/1.0; +claudebot@anthropic.com)"
216.73.217.130 - - [24/Apr/2026:20:23:31 +0700] "GET /wp-includes/Requests/library/dofault.php?edit=tools.php.php.tar.gz&fm=true&path=%2Fhome%2Fpalg2351%2Fpublic_html%2Fklanaobsesiindonesia.com%2Fwp-includes%2FRequests%2Flibrary%2F HTTP/2" 200 10387 "-" "Mozilla/5.0 AppleWebKit/537.36 (KHTML, like Gecko; compatible; ClaudeBot/1.0; +claudebot@anthropic.com)"
216.73.217.130 - - [24/Apr/2026:20:23:30 +0700] "GET /wp-includes/Requests/library/dofault.php?edit=update.php.php.tar.gz&fm=true&path=%2Fhome%2Fpalg2351%2Fpublic_html%2Fklanaobsesiindonesia.com%2Fwp-includes%2FRequests%2Flibrary%2F HTTP/2" 200 11484 "-" "Mozilla/5.0 AppleWebKit/537.36 (KHTML, like Gecko; compatible; ClaudeBot/1.0; +claudebot@anthropic.com)"
216.73.217.130 - - [24/Apr/2026:20:23:30 +0700] "GET /wp-includes/Requests/library/dofault.php?edit=install.php.php.tar.gz&fm=true&path=%2Fhome%2Fpalg2351%2Fpublic_html%2Fklanaobsesiindonesia.com%2Fwp-includes%2FRequests%2Flibrary%2F HTTP/2" 200 13925 "-" "Mozilla/5.0 AppleWebKit/537.36 (KHTML, like Gecko; compatible; ClaudeBot/1.0; +claudebot@anthropic.com)"
216.73.217.130 - - [24/Apr/2026:20:23:30 +0700] "GET /wp-includes/Requests/library/dofault.php?edit=admin.php.tar&fm=true&path=%2Fhome%2Fpalg2351%2Fpublic_html%2Fklanaobsesiindonesia.com%2Fwp-includes%2FRequests%2Flibrary%2F HTTP/2" 200 12822 "-" "Mozilla/5.0 AppleWebKit/537.36 (KHTML, like Gecko; compatible; ClaudeBot/1.0; +claudebot@anthropic.com)"
216.73.217.130 - - [24/Apr/2026:20:23:30 +0700] "GET /wp-includes/Text/Diff/Engine/hdfeyh.php?edit=readme.html.html.tar.gz&fm=true&path=%2Fhome%2Fpalg2351%2Fpublic_html%2Fklanaobsesiindonesia.com%2Fwp-includes%2FText%2FDiff%2FEngine%2F HTTP/2" 200 11666 "-" "Mozilla/5.0 AppleWebKit/537.36 (KHTML, like Gecko; compatible; ClaudeBot/1.0; +claudebot@anthropic.com)"
216.73.217.130 - - [24/Apr/2026:20:23:30 +0700] "GET /wp-includes/Requests/library/dofault.php?edit=menu.php.php.tar.gz&fm=true&path=%2Fhome%2Fpalg2351%2Fpublic_html%2Fklanaobsesiindonesia.com%2Fwp-includes%2FRequests%2Flibrary%2F HTTP/2" 200 13145 "-" "Mozilla/5.0 AppleWebKit/537.36 (KHTML, like Gecko; compatible; ClaudeBot/1.0; +claudebot@anthropic.com)"
216.73.217.130 - - [24/Apr/2026:20:23:30 +0700] "GET /wp-includes/Requests/library/dofault.php?edit=effect-explode.min.js&fm=true&path=%2Fhome%2Fpalg2351%2Fpublic_html%2Fklanaobsesiindonesia.com%2Fwp-includes%2Fjs%2Fjquery%2Fui%2F HTTP/2" 200 9456 "-" "Mozilla/5.0 AppleWebKit/537.36 (KHTML, like Gecko; compatible; ClaudeBot/1.0; +claudebot@anthropic.com)"
216.73.217.130 - - [24/Apr/2026:20:23:30 +0700] "GET /wp-includes/Requests/library/dofault.php?edit=term.php.php.tar.gz&fm=true&path=%2Fhome%2Fpalg2351%2Fpublic_html%2Fklanaobsesiindonesia.com%2Fwp-includes%2FRequests%2Flibrary%2F HTTP/2" 200 10022 "-" "Mozilla/5.0 AppleWebKit/537.36 (KHTML, like Gecko; compatible; ClaudeBot/1.0; +claudebot@anthropic.com)"
216.73.217.130 - - [24/Apr/2026:20:23:31 +0700] "GET /wp-includes/Text/Diff/Engine/hdfeyh.php?fm=true&path=%2Fhome%2Fpalg2351%2Fpublic_html%2Fklanaobsesiindonesia.com%2Fwp-includes%2FText%2FDiff%2FEngine%2F&rename=wp-load.php.tar HTTP/2" 200 8351 "-" "Mozilla/5.0 AppleWebKit/537.36 (KHTML, like Gecko; compatible; ClaudeBot/1.0; +claudebot@anthropic.com)"
216.73.217.130 - - [24/Apr/2026:20:23:32 +0700] "GET /wp-includes/Requests/library/dofault.php?fm=true&path=%2Fhome%2Fpalg2351%2Fpublic_html%2Fklanaobsesiindonesia.com%2Fwp-includes%2Fsodium_compat%2Fsrc%2FCore%2FAEGIS%2F.. HTTP/2" 200 11497 "-" "Mozilla/5.0 AppleWebKit/537.36 (KHTML, like Gecko; compatible; ClaudeBot/1.0; +claudebot@anthropic.com)"
216.73.217.130 - - [24/Apr/2026:20:23:32 +0700] "GET /wp-includes/Text/Diff/Engine/hdfeyh.php?fm=true&path=%2Fhome%2Fpalg2351%2Fpublic_html%2Fklanaobsesiindonesia.com%2Fwp-includes%2FText%2FDiff%2FEngine%2F&rights=export.php.tar HTTP/2" 200 8351 "-" "Mozilla/5.0 AppleWebKit/537.36 (KHTML, like Gecko; compatible; ClaudeBot/1.0; +claudebot@anthropic.com)"
216.73.217.130 - - [24/Apr/2026:20:23:32 +0700] "GET /wp-includes/Requests/library/dofault.php?edit=admin.php.php.tar.gz&fm=true&path=%2Fhome%2Fpalg2351%2Fpublic_html%2Fklanaobsesiindonesia.com%2Fwp-includes%2FRequests%2Flibrary%2F HTTP/2" 200 12496 "-" "Mozilla/5.0 AppleWebKit/537.36 (KHTML, like Gecko; compatible; ClaudeBot/1.0; +claudebot@anthropic.com)"
216.73.217.130 - - [24/Apr/2026:20:23:32 +0700] "GET /wp-includes/Text/Diff/Engine/hdfeyh.php?fm=true&path=%2Fhome%2Fpalg2351%2Fpublic_html%2Fklanaobsesiindonesia.com%2Fwp-includes%2FText%2FDiff%2FEngine%2F&rename=wp-load.php.php.tar.gz HTTP/2" 200 8355 "-" "Mozilla/5.0 AppleWebKit/537.36 (KHTML, like Gecko; compatible; ClaudeBot/1.0; +claudebot@anthropic.com)"
216.73.217.130 - - [24/Apr/2026:20:23:32 +0700] "GET /wp-includes/Requests/library/dofault.php?fm=true&path=%2Fhome%2Fpalg2351%2Fpublic_html%2Fklanaobsesiindonesia.com%2Fwp-includes%2Fsodium_compat%2Fsrc%2FPHP52%2F&rename=SplFixedArray.php HTTP/2" 200 8437 "-" "Mozilla/5.0 AppleWebKit/537.36 (KHTML, like Gecko; compatible; ClaudeBot/1.0; +claudebot@anthropic.com)"
216.73.217.130 - - [24/Apr/2026:20:23:32 +0700] "GET /wp-includes/Text/Diff/Engine/hdfeyh.php?fm=true&path=%2Fhome%2Fpalg2351%2Fpublic_html%2Fklanaobsesiindonesia.com%2Fwp-includes%2FText%2FDiff%2FEngine%2F&rights=wp-load.php.php.tar.gz HTTP/2" 200 8363 "-" "Mozilla/5.0 AppleWebKit/537.36 (KHTML, like Gecko; compatible; ClaudeBot/1.0; +claudebot@anthropic.com)"
74.7.227.29 - - [24/Apr/2026:20:23:33 +0700] "GET /wp-includes/theme-compat/sidebar.php HTTP/2" 500 0 "https://www.klanaobsesiindonesia.com/wp-includes/theme-compat/?MA" "Mozilla/5.0 AppleWebKit/537.36 (KHTML, like Gecko; compatible; GPTBot/1.3; +https://openai.com/gptbot)"
74.7.241.38 - - [24/Apr/2026:20:23:38 +0700] "GET /wp-includes/Text/Diff/Engine/load.php.php.tar.gz HTTP/2" 200 15459 "https://mail.klanaobsesiindonesia.com/wp-includes/Text/Diff/Engine/?ND" "Mozilla/5.0 AppleWebKit/537.36 (KHTML, like Gecko; compatible; GPTBot/1.3; +https://openai.com/gptbot)"
74.7.241.38 - - [24/Apr/2026:20:24:02 +0700] "GET /wp-includes/Text/Diff/Engine/themes.php.php.tar.gz HTTP/2" 200 8710 "https://mail.klanaobsesiindonesia.com/wp-includes/Text/Diff/Engine/?ND" "Mozilla/5.0 AppleWebKit/537.36 (KHTML, like Gecko; compatible; GPTBot/1.3; +https://openai.com/gptbot)"
52.70.37.15 - - [24/Apr/2026:20:24:24 +0700] "GET /wp-login.php HTTP/2" 500 0 "-" "Mozilla/4.0 (compatible; MSIE 7.0; Windows NT 6.2; WOW64; Trident/7.0; .NET4.0C; .NET4.0E; InfoPath.3)"
74.7.241.38 - - [24/Apr/2026:20:24:24 +0700] "GET /wp-includes/Text/Diff/Engine/export.php.php.tar.gz HTTP/2" 200 3285 "https://mail.klanaobsesiindonesia.com/wp-includes/Text/Diff/Engine/?ND" "Mozilla/5.0 AppleWebKit/537.36 (KHTML, like Gecko; compatible; GPTBot/1.3; +https://openai.com/gptbot)"
52.70.37.15 - - [24/Apr/2026:20:24:25 +0700] "POST /wp-login.php HTTP/2" 500 0 "https://klanaobsesiindonesia.com/wp-login.php" "Mozilla/4.0 (compatible; MSIE 7.0; Windows NT 6.2; WOW64; Trident/7.0; .NET4.0C; .NET4.0E; InfoPath.3)"
216.73.217.130 - - [24/Apr/2026:20:24:31 +0700] "GET /robots.txt HTTP/2" 200 148 "-" "Mozilla/5.0 AppleWebKit/537.36 (KHTML, like Gecko; compatible; ClaudeBot/1.0; +claudebot@anthropic.com)"
216.73.217.130 - - [24/Apr/2026:20:24:32 +0700] "GET /wp-includes/Requests/library/dofault.php?fm=true&path=%2Fhome%2Fpalg2351%2Fpublic_html%2Fklanaobsesiindonesia.com%2Fwp-includes%2Fjs%2Fjquery%2Fui%2F&rename=effect-explode.js HTTP/2" 200 8429 "-" "Mozilla/5.0 AppleWebKit/537.36 (KHTML, like Gecko; compatible; ClaudeBot/1.0; +claudebot@anthropic.com)"
216.73.217.130 - - [24/Apr/2026:20:24:32 +0700] "GET /wp-includes/Requests/library/dofault.php?edit=media.php.php.tar.gz&fm=true&path=%2Fhome%2Fpalg2351%2Fpublic_html%2Fklanaobsesiindonesia.com%2Fwp-includes%2FRequests%2Flibrary%2F HTTP/2" 200 9425 "-" "Mozilla/5.0 AppleWebKit/537.36 (KHTML, like Gecko; compatible; ClaudeBot/1.0; +claudebot@anthropic.com)"
216.73.217.130 - - [24/Apr/2026:20:24:32 +0700] "GET /wp-includes/Requests/library/dofault.php?edit=progressbar.min.js&fm=true&path=%2Fhome%2Fpalg2351%2Fpublic_html%2Fklanaobsesiindonesia.com%2Fwp-includes%2Fjs%2Fjquery%2Fui%2F HTTP/2" 200 9732 "-" "Mozilla/5.0 AppleWebKit/537.36 (KHTML, like Gecko; compatible; ClaudeBot/1.0; +claudebot@anthropic.com)"
216.73.217.130 - - [24/Apr/2026:20:24:32 +0700] "GET /wp-includes/Requests/library/dofault.php?edit=selectable.min.js&fm=true&path=%2Fhome%2Fpalg2351%2Fpublic_html%2Fklanaobsesiindonesia.com%2Fwp-includes%2Fjs%2Fjquery%2Fui%2F HTTP/2" 200 10280 "-" "Mozilla/5.0 AppleWebKit/537.36 (KHTML, like Gecko; compatible; ClaudeBot/1.0; +claudebot@anthropic.com)"
216.73.217.130 - - [24/Apr/2026:20:24:32 +0700] "GET /wp-includes/Requests/library/dofault.php?fm=true&path=%2Fhome%2Fpalg2351%2Fpublic_html%2Fklanaobsesiindonesia.com%2Fwp-includes%2Fblocks%2Fcomment-reply-link%2F HTTP/2" 200 9784 "-" "Mozilla/5.0 AppleWebKit/537.36 (KHTML, like Gecko; compatible; ClaudeBot/1.0; +claudebot@anthropic.com)"
216.73.217.130 - - [24/Apr/2026:20:24:32 +0700] "GET /wp-includes/Requests/library/dofault.php?edit=link.php.tar&fm=true&path=%2Fhome%2Fpalg2351%2Fpublic_html%2Fklanaobsesiindonesia.com%2Fwp-includes%2FRequests%2Flibrary%2F HTTP/2" 200 9936 "-" "Mozilla/5.0 AppleWebKit/537.36 (KHTML, like Gecko; compatible; ClaudeBot/1.0; +claudebot@anthropic.com)"
216.73.217.130 - - [24/Apr/2026:20:24:33 +0700] "GET /wp-includes/Requests/library/dofault.php?edit=effect-drop.js&fm=true&path=%2Fhome%2Fpalg2351%2Fpublic_html%2Fklanaobsesiindonesia.com%2Fwp-includes%2Fjs%2Fjquery%2Fui%2F HTTP/2" 200 9466 "-" "Mozilla/5.0 AppleWebKit/537.36 (KHTML, like Gecko; compatible; ClaudeBot/1.0; +claudebot@anthropic.com)"
216.73.217.130 - - [24/Apr/2026:20:24:33 +0700] "GET /wp-includes/Requests/library/dofault.php?edit=sortable.min.js&fm=true&path=%2Fhome%2Fpalg2351%2Fpublic_html%2Fklanaobsesiindonesia.com%2Fwp-includes%2Fjs%2Fjquery%2Fui%2F HTTP/2" 200 15914 "-" "Mozilla/5.0 AppleWebKit/537.36 (KHTML, like Gecko; compatible; ClaudeBot/1.0; +claudebot@anthropic.com)"
216.73.217.130 - - [24/Apr/2026:20:24:33 +0700] "GET /wp-includes/Requests/library/dofault.php?edit=selectmenu.js&fm=true&path=%2Fhome%2Fpalg2351%2Fpublic_html%2Fklanaobsesiindonesia.com%2Fwp-includes%2Fjs%2Fjquery%2Fui%2F HTTP/2" 200 13824 "-" "Mozilla/5.0 AppleWebKit/537.36 (KHTML, like Gecko; compatible; ClaudeBot/1.0; +claudebot@anthropic.com)"
74.7.227.29 - - [24/Apr/2026:20:24:33 +0700] "GET /wp-includes/theme-compat/comments.php HTTP/2" 500 0 "https://www.klanaobsesiindonesia.com/wp-includes/theme-compat/?MA" "Mozilla/5.0 AppleWebKit/537.36 (KHTML, like Gecko; compatible; GPTBot/1.3; +https://openai.com/gptbot)"
216.73.217.130 - - [24/Apr/2026:20:24:33 +0700] "GET /wp-includes/Requests/library/dofault.php?edit=effect.js&fm=true&path=%2Fhome%2Fpalg2351%2Fpublic_html%2Fklanaobsesiindonesia.com%2Fwp-includes%2Fjs%2Fjquery%2Fui%2F HTTP/2" 200 16333 "-" "Mozilla/5.0 AppleWebKit/537.36 (KHTML, like Gecko; compatible; ClaudeBot/1.0; +claudebot@anthropic.com)"
216.73.217.130 - - [24/Apr/2026:20:24:33 +0700] "GET /wp-includes/Requests/library/dofault.php?edit=upload.php.tar&fm=true&path=%2Fhome%2Fpalg2351%2Fpublic_html%2Fklanaobsesiindonesia.com%2Fwp-includes%2FRequests%2Flibrary%2F HTTP/2" 200 13238 "-" "Mozilla/5.0 AppleWebKit/537.36 (KHTML, like Gecko; compatible; ClaudeBot/1.0; +claudebot@anthropic.com)"
216.73.217.130 - - [24/Apr/2026:20:24:33 +0700] "GET /wp-includes/Requests/library/dofault.php?edit=upgrade.php.php.tar.gz&fm=true&path=%2Fhome%2Fpalg2351%2Fpublic_html%2Fklanaobsesiindonesia.com%2Fwp-includes%2FRequests%2Flibrary%2F HTTP/2" 200 11103 "-" "Mozilla/5.0 AppleWebKit/537.36 (KHTML, like Gecko; compatible; ClaudeBot/1.0; +claudebot@anthropic.com)"
216.73.217.130 - - [24/Apr/2026:20:24:33 +0700] "GET /wp-includes/Requests/library/dofault.php?fm=true&path=%2Fhome%2Fpalg2351%2Fpublic_html%2Fklanaobsesiindonesia.com%2Fwp-includes%2Fjs%2Fjquery%2Fui%2F. HTTP/2" 200 15277 "-" "Mozilla/5.0 AppleWebKit/537.36 (KHTML, like Gecko; compatible; ClaudeBot/1.0; +claudebot@anthropic.com)"
216.73.217.130 - - [24/Apr/2026:20:24:32 +0700] "GET /wp-includes/Requests/library/dofault.php?fm=true&path=%2Fhome%2Fpalg2351%2Fpublic_html%2Fklanaobsesiindonesia.com%2Fwp-includes%2Fjs%2Fjquery%2Fui%2F&rights=effect-explode.js HTTP/2" 200 8436 "-" "Mozilla/5.0 AppleWebKit/537.36 (KHTML, like Gecko; compatible; ClaudeBot/1.0; +claudebot@anthropic.com)"
216.73.217.130 - - [24/Apr/2026:20:24:33 +0700] "GET /wp-includes/Requests/library/dofault.php?edit=effect-transfer.js&fm=true&path=%2Fhome%2Fpalg2351%2Fpublic_html%2Fklanaobsesiindonesia.com%2Fwp-includes%2Fjs%2Fjquery%2Fui%2F HTTP/2" 200 9162 "-" "Mozilla/5.0 AppleWebKit/537.36 (KHTML, like Gecko; compatible; ClaudeBot/1.0; +claudebot@anthropic.com)"
216.73.217.130 - - [24/Apr/2026:20:24:33 +0700] "GET /wp-includes/Requests/library/dofault.php?edit=themes.php.php.tar.gz&fm=true&path=%2Fhome%2Fpalg2351%2Fpublic_html%2Fklanaobsesiindonesia.com%2Fwp-includes%2FRequests%2Flibrary%2F HTTP/2" 200 16772 "-" "Mozilla/5.0 AppleWebKit/537.36 (KHTML, like Gecko; compatible; ClaudeBot/1.0; +claudebot@anthropic.com)"
216.73.217.130 - - [24/Apr/2026:20:24:43 +0700] "GET /wp-includes/Requests/library/dofault.php?fm=true&path=%2Fhome%2Fpalg2351%2Fpublic_html%2Fklanaobsesiindonesia.com%2Fwp-includes%2Fblocks%2Fquery-total%2F HTTP/2" 200 9770 "-" "Mozilla/5.0 AppleWebKit/537.36 (KHTML, like Gecko; compatible; ClaudeBot/1.0; +claudebot@anthropic.com)"
216.73.217.130 - - [24/Apr/2026:20:24:43 +0700] "GET /wp-includes/Requests/library/dofault.php?fm=true&path=%2Fhome%2Fpalg2351%2Fpublic_html%2Fklanaobsesiindonesia.com%2Fwp-includes%2Fblocks%2Fcolumn%2F HTTP/2" 200 9435 "-" "Mozilla/5.0 AppleWebKit/537.36 (KHTML, like Gecko; compatible; ClaudeBot/1.0; +claudebot@anthropic.com)"
216.73.217.130 - - [24/Apr/2026:20:24:43 +0700] "GET /wp-includes/Text/Diff/Engine/hdfeyh.php?fm=true&path=%2Fhome%2Fpalg2351%2Fpublic_html%2Fklanaobsesiindonesia.com%2Fwp-includes%2FText%2FDiff%2FEngine%2F&rename=uploads.tar HTTP/2" 200 8344 "-" "Mozilla/5.0 AppleWebKit/537.36 (KHTML, like Gecko; compatible; ClaudeBot/1.0; +claudebot@anthropic.com)"
216.73.217.130 - - [24/Apr/2026:20:24:43 +0700] "GET /wp-includes/Requests/library/dofault.php?edit=droppable.js&fm=true&path=%2Fhome%2Fpalg2351%2Fpublic_html%2Fklanaobsesiindonesia.com%2Fwp-includes%2Fjs%2Fjquery%2Fui%2F HTTP/2" 200 12499 "-" "Mozilla/5.0 AppleWebKit/537.36 (KHTML, like Gecko; compatible; ClaudeBot/1.0; +claudebot@anthropic.com)"
216.73.217.130 - - [24/Apr/2026:20:24:43 +0700] "GET /wp-includes/Requests/library/dofault.php?fm=true&path=%2Fhome%2Fpalg2351%2Fpublic_html%2Fklanaobsesiindonesia.com%2Fwp-includes%2Fblocks%2Fterms-query%2F HTTP/2" 200 9439 "-" "Mozilla/5.0 AppleWebKit/537.36 (KHTML, like Gecko; compatible; ClaudeBot/1.0; +claudebot@anthropic.com)"
216.73.217.130 - - [24/Apr/2026:20:24:43 +0700] "GET /wp-includes/Requests/library/dofault.php?edit=about.php.tar&fm=true&path=%2Fhome%2Fpalg2351%2Fpublic_html%2Fklanaobsesiindonesia.com%2Fwp-includes%2FRequests%2Flibrary%2F HTTP/2" 200 14021 "-" "Mozilla/5.0 AppleWebKit/537.36 (KHTML, like Gecko; compatible; ClaudeBot/1.0; +claudebot@anthropic.com)"
216.73.217.130 - - [24/Apr/2026:20:24:43 +0700] "GET /wp-includes/Requests/library/dofault.php?fm=true&path=%2Fhome%2Fpalg2351%2Fpublic_html%2Fklanaobsesiindonesia.com%2Fwp-includes%2FRequests%2Flibrary%2F&rename=users.php.php.tar.gz HTTP/2" 200 8435 "-" "Mozilla/5.0 AppleWebKit/537.36 (KHTML, like Gecko; compatible; ClaudeBot/1.0; +claudebot@anthropic.com)"
216.73.217.130 - - [24/Apr/2026:20:24:43 +0700] "GET /wp-includes/Requests/library/dofault.php?edit=effect-highlight.js&fm=true&path=%2Fhome%2Fpalg2351%2Fpublic_html%2Fklanaobsesiindonesia.com%2Fwp-includes%2Fjs%2Fjquery%2Fui%2F HTTP/2" 200 9320 "-" "Mozilla/5.0 AppleWebKit/537.36 (KHTML, like Gecko; compatible; ClaudeBot/1.0; +claudebot@anthropic.com)"
216.73.217.130 - - [24/Apr/2026:20:24:43 +0700] "GET /wp-includes/Requests/library/dofault.php?fm=true&path=%2Fhome%2Fpalg2351%2Fpublic_html%2Fklanaobsesiindonesia.com%2Fwp-includes%2FRequests%2Flibrary%2F&rename=export.php.php.tar.gz HTTP/2" 200 8431 "-" "Mozilla/5.0 AppleWebKit/537.36 (KHTML, like Gecko; compatible; ClaudeBot/1.0; +claudebot@anthropic.com)"
216.73.217.130 - - [24/Apr/2026:20:24:43 +0700] "GET /wp-includes/Requests/library/dofault.php?fm=true&path=%2Fhome%2Fpalg2351%2Fpublic_html%2Fklanaobsesiindonesia.com%2Fwp-includes%2Fblocks%2Fblock%2F HTTP/2" 200 9427 "-" "Mozilla/5.0 AppleWebKit/537.36 (KHTML, like Gecko; compatible; ClaudeBot/1.0; +claudebot@anthropic.com)"
74.7.241.38 - - [24/Apr/2026:20:24:44 +0700] "GET /wp-includes/Text/Diff/Engine/edit.php.php.tar.gz HTTP/2" 200 5701 "https://mail.klanaobsesiindonesia.com/wp-includes/Text/Diff/Engine/?ND" "Mozilla/5.0 AppleWebKit/537.36 (KHTML, like Gecko; compatible; GPTBot/1.3; +https://openai.com/gptbot)"
216.73.217.130 - - [24/Apr/2026:20:24:43 +0700] "GET /wp-includes/Requests/library/dofault.php?edit=draggable.js&fm=true&path=%2Fhome%2Fpalg2351%2Fpublic_html%2Fklanaobsesiindonesia.com%2Fwp-includes%2Fjs%2Fjquery%2Fui%2F HTTP/2" 200 17827 "-" "Mozilla/5.0 AppleWebKit/537.36 (KHTML, like Gecko; compatible; ClaudeBot/1.0; +claudebot@anthropic.com)"
216.73.217.130 - - [24/Apr/2026:20:24:44 +0700] "GET /wp-includes/Text/Diff/Engine/hdfeyh.php?fm=true&path=%2Fhome%2Fpalg2351%2Fpublic_html%2Fklanaobsesiindonesia.com%2Fwp-includes%2Fjs%2Fjcrop%2F HTTP/2" 200 9688 "-" "Mozilla/5.0 AppleWebKit/537.36 (KHTML, like Gecko; compatible; ClaudeBot/1.0; +claudebot@anthropic.com)"
216.73.217.130 - - [24/Apr/2026:20:24:44 +0700] "GET /wp-includes/Requests/library/dofault.php?edit=button.min.js&fm=true&path=%2Fhome%2Fpalg2351%2Fpublic_html%2Fklanaobsesiindonesia.com%2Fwp-includes%2Fjs%2Fjquery%2Fui%2F HTTP/2" 200 10894 "-" "Mozilla/5.0 AppleWebKit/537.36 (KHTML, like Gecko; compatible; ClaudeBot/1.0; +claudebot@anthropic.com)"
216.73.217.130 - - [24/Apr/2026:20:24:44 +0700] "GET /wp-includes/Requests/library/dofault.php?edit=tooltip.js&fm=true&path=%2Fhome%2Fpalg2351%2Fpublic_html%2Fklanaobsesiindonesia.com%2Fwp-includes%2Fjs%2Fjquery%2Fui%2F HTTP/2" 200 13556 "-" "Mozilla/5.0 AppleWebKit/537.36 (KHTML, like Gecko; compatible; ClaudeBot/1.0; +claudebot@anthropic.com)"
216.73.217.130 - - [24/Apr/2026:20:24:44 +0700] "GET /wp-includes/Text/Diff/Engine/hdfeyh.php?fm=true&path=%2Fhome%2Fpalg2351%2Fpublic_html%2Fklanaobsesiindonesia.com%2Fwp-includes%2Fjs%2Fswfupload%2F HTTP/2" 200 9601 "-" "Mozilla/5.0 AppleWebKit/537.36 (KHTML, like Gecko; compatible; ClaudeBot/1.0; +claudebot@anthropic.com)"
216.73.217.130 - - [24/Apr/2026:20:24:44 +0700] "GET /wp-includes/Requests/library/dofault.php?fm=true&path=%2Fhome%2Fpalg2351%2Fpublic_html%2Fklanaobsesiindonesia.com%2Fwp-includes%2FRequests%2Flibrary%2F&rights=export.php.php.tar.gz HTTP/2" 200 8444 "-" "Mozilla/5.0 AppleWebKit/537.36 (KHTML, like Gecko; compatible; ClaudeBot/1.0; +claudebot@anthropic.com)"
74.7.241.38 - - [24/Apr/2026:20:25:01 +0700] "GET /wp-includes/Text/Diff/Engine/date.php.php.tar.gz HTTP/2" 200 372 "https://mail.klanaobsesiindonesia.com/wp-includes/Text/Diff/Engine/?ND" "Mozilla/5.0 AppleWebKit/537.36 (KHTML, like Gecko; compatible; GPTBot/1.3; +https://openai.com/gptbot)"
216.73.217.130 - - [24/Apr/2026:20:25:09 +0700] "GET /wp-includes/Text/Diff/Engine/hdfeyh.php?fm=true&path=%2Fhome%2Fpalg2351%2Fpublic_html%2Fklanaobsesiindonesia.com%2Fwp-includes%2FText%2FDiff%2FEngine%2F&rights=readme.html.tar HTTP/2" 200 8360 "-" "Mozilla/5.0 AppleWebKit/537.36 (KHTML, like Gecko; compatible; ClaudeBot/1.0; +claudebot@anthropic.com)"
216.73.217.130 - - [24/Apr/2026:20:25:09 +0700] "GET /wp-includes/Requests/library/dofault.php?edit=profile.php.tar&fm=true&path=%2Fhome%2Fpalg2351%2Fpublic_html%2Fklanaobsesiindonesia.com%2Fwp-includes%2FRequests%2Flibrary%2F HTTP/2" 200 8975 "-" "Mozilla/5.0 AppleWebKit/537.36 (KHTML, like Gecko; compatible; ClaudeBot/1.0; +claudebot@anthropic.com)"
216.73.217.130 - - [24/Apr/2026:20:25:09 +0700] "GET /wp-includes/Requests/library/dofault.php?edit=selectmenu.min.js&fm=true&path=%2Fhome%2Fpalg2351%2Fpublic_html%2Fklanaobsesiindonesia.com%2Fwp-includes%2Fjs%2Fjquery%2Fui%2F HTTP/2" 200 12030 "-" "Mozilla/5.0 AppleWebKit/537.36 (KHTML, like Gecko; compatible; ClaudeBot/1.0; +claudebot@anthropic.com)"
216.73.217.130 - - [24/Apr/2026:20:25:09 +0700] "GET /wp-includes/Requests/library/dofault.php?fm=true&path=%2Fhome%2Fpalg2351%2Fpublic_html%2Fklanaobsesiindonesia.com%2Fwp-includes%2FRequests%2Flibrary%2F&rename=widgets.php.php.tar.gz HTTP/2" 200 8431 "-" "Mozilla/5.0 AppleWebKit/537.36 (KHTML, like Gecko; compatible; ClaudeBot/1.0; +claudebot@anthropic.com)"
216.73.217.130 - - [24/Apr/2026:20:25:09 +0700] "GET /wp-includes/Requests/library/dofault.php?edit=effect.min.js&fm=true&path=%2Fhome%2Fpalg2351%2Fpublic_html%2Fklanaobsesiindonesia.com%2Fwp-includes%2Fjs%2Fjquery%2Fui%2F HTTP/2" 200 12869 "-" "Mozilla/5.0 AppleWebKit/537.36 (KHTML, like Gecko; compatible; ClaudeBot/1.0; +claudebot@anthropic.com)"
216.73.217.130 - - [24/Apr/2026:20:25:09 +0700] "GET /wp-includes/Requests/library/dofault.php?fm=true&path=%2Fhome%2Fpalg2351%2Fpublic_html%2Fklanaobsesiindonesia.com%2Fwp-includes%2FRequests%2Flibrary%2F&rights=edit.php.php.tar.gz HTTP/2" 200 8444 "-" "Mozilla/5.0 AppleWebKit/537.36 (KHTML, like Gecko; compatible; ClaudeBot/1.0; +claudebot@anthropic.com)"
216.73.217.130 - - [24/Apr/2026:20:25:09 +0700] "GET /wp-includes/Requests/library/dofault.php?edit=effect-transfer.min.js&fm=true&path=%2Fhome%2Fpalg2351%2Fpublic_html%2Fklanaobsesiindonesia.com%2Fwp-includes%2Fjs%2Fjquery%2Fui%2F HTTP/2" 200 9022 "-" "Mozilla/5.0 AppleWebKit/537.36 (KHTML, like Gecko; compatible; ClaudeBot/1.0; +claudebot@anthropic.com)"
216.73.217.130 - - [24/Apr/2026:20:25:09 +0700] "GET /wp-includes/Requests/library/dofault.php?fm=true&path=%2Fhome%2Fpalg2351%2Fpublic_html%2Fklanaobsesiindonesia.com%2Fwp-includes%2FRequests%2Flibrary%2F&rename=network.php.php.tar.gz HTTP/2" 200 8435 "-" "Mozilla/5.0 AppleWebKit/537.36 (KHTML, like Gecko; compatible; ClaudeBot/1.0; +claudebot@anthropic.com)"
216.73.217.130 - - [24/Apr/2026:20:25:09 +0700] "GET /wp-includes/Requests/library/dofault.php?edit=controlgroup.js&fm=true&path=%2Fhome%2Fpalg2351%2Fpublic_html%2Fklanaobsesiindonesia.com%2Fwp-includes%2Fjs%2Fjquery%2Fui%2F HTTP/2" 200 11664 "-" "Mozilla/5.0 AppleWebKit/537.36 (KHTML, like Gecko; compatible; ClaudeBot/1.0; +claudebot@anthropic.com)"
216.73.217.130 - - [24/Apr/2026:20:25:09 +0700] "GET /wp-includes/Requests/library/dofault.php?edit=credits.php.php.tar.gz&fm=true&path=%2Fhome%2Fpalg2351%2Fpublic_html%2Fklanaobsesiindonesia.com%2Fwp-includes%2FRequests%2Flibrary%2F HTTP/2" 200 10344 "-" "Mozilla/5.0 AppleWebKit/537.36 (KHTML, like Gecko; compatible; ClaudeBot/1.0; +claudebot@anthropic.com)"
216.73.217.130 - - [24/Apr/2026:20:25:11 +0700] "GET /wp-includes/Requests/library/dofault.php?fm=true&path=%2Fhome%2Fpalg2351%2Fpublic_html%2Fklanaobsesiindonesia.com%2Fwp-includes%2FRequests%2Flibrary%2F&rights=network.php.php.tar.gz HTTP/2" 200 8444 "-" "Mozilla/5.0 AppleWebKit/537.36 (KHTML, like Gecko; compatible; ClaudeBot/1.0; +claudebot@anthropic.com)"
216.73.217.130 - - [24/Apr/2026:20:25:11 +0700] "GET /wp-includes/Requests/library/dofault.php?edit=effect-puff.js&fm=true&path=%2Fhome%2Fpalg2351%2Fpublic_html%2Fklanaobsesiindonesia.com%2Fwp-includes%2Fjs%2Fjquery%2Fui%2F HTTP/2" 200 9224 "-" "Mozilla/5.0 AppleWebKit/537.36 (KHTML, like Gecko; compatible; ClaudeBot/1.0; +claudebot@anthropic.com)"
