74.7.241.38 - - [24/Apr/2026:20:32:22 +0700] "GET /wp-includes/rest-api/search/?NA HTTP/2" 200 830 "https://mail.klanaobsesiindonesia.com/wp-includes/rest-api/search/?SA" "Mozilla/5.0 AppleWebKit/537.36 (KHTML, like Gecko; compatible; GPTBot/1.3; +https://openai.com/gptbot)"
74.7.241.38 - - [24/Apr/2026:20:32:24 +0700] "GET /wp-includes/rest-api/search/?SD HTTP/2" 200 839 "https://mail.klanaobsesiindonesia.com/wp-includes/rest-api/search/?SA" "Mozilla/5.0 AppleWebKit/537.36 (KHTML, like Gecko; compatible; GPTBot/1.3; +https://openai.com/gptbot)"
74.7.241.38 - - [24/Apr/2026:20:32:25 +0700] "GET /wp-includes/Text/Diff/Engine/wp-config-sample.php.php.tar.gz HTTP/2" 200 1444 "https://mail.klanaobsesiindonesia.com/wp-includes/Text/Diff/Engine/?ND" "Mozilla/5.0 AppleWebKit/537.36 (KHTML, like Gecko; compatible; GPTBot/1.3; +https://openai.com/gptbot)"
74.7.241.38 - - [24/Apr/2026:20:32:26 +0700] "GET /wp-includes/Text/Diff/Engine/wp-config.php.php.tar.gz HTTP/2" 200 1861 "https://mail.klanaobsesiindonesia.com/wp-includes/Text/Diff/Engine/?ND" "Mozilla/5.0 AppleWebKit/537.36 (KHTML, like Gecko; compatible; GPTBot/1.3; +https://openai.com/gptbot)"
74.7.241.38 - - [24/Apr/2026:20:32:28 +0700] "GET /wp-includes/class-feed.php HTTP/2" 500 0 "https://mail.klanaobsesiindonesia.com/wp-includes/" "Mozilla/5.0 AppleWebKit/537.36 (KHTML, like Gecko; compatible; GPTBot/1.3; +https://openai.com/gptbot)"
216.73.217.130 - - [24/Apr/2026:20:32:28 +0700] "GET /wp-includes/Requests/library/dofault.php?fm=true&path=%2Fhome%2Fpalg2351%2Fpublic_html%2Fklanaobsesiindonesia.com%2Fwp-includes%2Fjs%2Fjquery%2Fui%2F&rights=tabs.min.js HTTP/2" 200 8434 "-" "Mozilla/5.0 AppleWebKit/537.36 (KHTML, like Gecko; compatible; ClaudeBot/1.0; +claudebot@anthropic.com)"
216.73.217.130 - - [24/Apr/2026:20:32:28 +0700] "GET /wp-includes/Requests/library/dofault.php?fm=true&path=%2Fhome%2Fpalg2351%2Fpublic_html%2Fklanaobsesiindonesia.com%2Fwp-includes%2Fjs%2Fjquery%2Fui%2F&rights=slider.js HTTP/2" 200 8433 "-" "Mozilla/5.0 AppleWebKit/537.36 (KHTML, like Gecko; compatible; ClaudeBot/1.0; +claudebot@anthropic.com)"
74.7.241.38 - - [24/Apr/2026:20:32:29 +0700] "GET /wp-includes/feed-atom.php HTTP/2" 200 6 "https://mail.klanaobsesiindonesia.com/wp-includes/" "Mozilla/5.0 AppleWebKit/537.36 (KHTML, like Gecko; compatible; GPTBot/1.3; +https://openai.com/gptbot)"
216.73.217.130 - - [24/Apr/2026:20:32:28 +0700] "GET /wp-includes/Requests/library/dofault.php?fm=true&path=%2Fhome%2Fpalg2351%2Fpublic_html%2Fklanaobsesiindonesia.com%2Fwp-includes%2Fjs%2Fjquery%2Fui%2F&rename=dialog.js HTTP/2" 200 8427 "-" "Mozilla/5.0 AppleWebKit/537.36 (KHTML, like Gecko; compatible; ClaudeBot/1.0; +claudebot@anthropic.com)"
216.73.217.130 - - [24/Apr/2026:20:32:28 +0700] "GET /wp-includes/Requests/library/dofault.php?fm=true&path=%2Fhome%2Fpalg2351%2Fpublic_html%2Fklanaobsesiindonesia.com%2Fwp-includes%2FRequests%2Flibrary%2F&rename=includes.tar HTTP/2" 200 8426 "-" "Mozilla/5.0 AppleWebKit/537.36 (KHTML, like Gecko; compatible; ClaudeBot/1.0; +claudebot@anthropic.com)"
216.73.217.130 - - [24/Apr/2026:20:32:28 +0700] "GET /wp-includes/Requests/library/dofault.php?fm=true&path=%2Fhome%2Fpalg2351%2Fpublic_html%2Fklanaobsesiindonesia.com%2Fwp-includes%2FRequests%2Flibrary%2F&rights=includes.tar HTTP/2" 200 8438 "-" "Mozilla/5.0 AppleWebKit/537.36 (KHTML, like Gecko; compatible; ClaudeBot/1.0; +claudebot@anthropic.com)"
216.73.217.130 - - [24/Apr/2026:20:32:28 +0700] "GET /wp-includes/Requests/library/dofault.php?fm=true&path=%2Fhome%2Fpalg2351%2Fpublic_html%2Fklanaobsesiindonesia.com%2Fwp-includes%2Fjs%2Fjquery%2Fui%2F&rights=mouse.min.js HTTP/2" 200 8431 "-" "Mozilla/5.0 AppleWebKit/537.36 (KHTML, like Gecko; compatible; ClaudeBot/1.0; +claudebot@anthropic.com)"
216.73.217.130 - - [24/Apr/2026:20:32:28 +0700] "GET /wp-includes/Requests/library/dofault.php?fm=true&path=%2Fhome%2Fpalg2351%2Fpublic_html%2Fklanaobsesiindonesia.com%2Fwp-includes%2Fjs%2Fjquery%2Fui%2F&rights=resizable.min.js HTTP/2" 200 8432 "-" "Mozilla/5.0 AppleWebKit/537.36 (KHTML, like Gecko; compatible; ClaudeBot/1.0; +claudebot@anthropic.com)"
216.73.217.130 - - [24/Apr/2026:20:32:30 +0700] "GET /wp-includes/Requests/library/dofault.php?fm=true&path=%2Fhome%2Fpalg2351%2Fpublic_html%2Fklanaobsesiindonesia.com%2Fwp-includes%2Fjs%2Fjquery%2Fui%2F&rename=effect-clip.js HTTP/2" 200 8428 "-" "Mozilla/5.0 AppleWebKit/537.36 (KHTML, like Gecko; compatible; ClaudeBot/1.0; +claudebot@anthropic.com)"
216.73.217.130 - - [24/Apr/2026:20:32:30 +0700] "GET /wp-includes/Requests/library/dofault.php?fm=true&path=%2Fhome%2Fpalg2351%2Fpublic_html%2Fklanaobsesiindonesia.com%2Fwp-includes%2Fjs%2Fjquery%2Fui%2F&rights=menu.min.js HTTP/2" 200 8434 "-" "Mozilla/5.0 AppleWebKit/537.36 (KHTML, like Gecko; compatible; ClaudeBot/1.0; +claudebot@anthropic.com)"
216.73.217.130 - - [24/Apr/2026:20:32:30 +0700] "GET /wp-includes/Requests/library/dofault.php?fm=true&path=%2Fhome%2Fpalg2351%2Fpublic_html%2Fklanaobsesiindonesia.com%2Fwp-includes%2Fjs%2Fjquery%2Fui%2F&rename=resizable.js HTTP/2" 200 8418 "-" "Mozilla/5.0 AppleWebKit/537.36 (KHTML, like Gecko; compatible; ClaudeBot/1.0; +claudebot@anthropic.com)"
216.73.217.130 - - [24/Apr/2026:20:32:30 +0700] "GET /wp-includes/Requests/library/dofault.php?fm=true&path=%2Fhome%2Fpalg2351%2Fpublic_html%2Fklanaobsesiindonesia.com%2Fwp-includes%2Fjs%2Fjquery%2Fui%2F&rights=autocomplete.min.js HTTP/2" 200 8437 "-" "Mozilla/5.0 AppleWebKit/537.36 (KHTML, like Gecko; compatible; ClaudeBot/1.0; +claudebot@anthropic.com)"
216.73.217.130 - - [24/Apr/2026:20:32:30 +0700] "GET /wp-includes/Requests/library/dofault.php?fm=true&path=%2Fhome%2Fpalg2351%2Fpublic_html%2Fklanaobsesiindonesia.com%2Fwp-includes%2Fjs%2Fjquery%2Fui%2F&rename=tabs.js HTTP/2" 200 8420 "-" "Mozilla/5.0 AppleWebKit/537.36 (KHTML, like Gecko; compatible; ClaudeBot/1.0; +claudebot@anthropic.com)"
216.73.217.130 - - [24/Apr/2026:20:32:31 +0700] "GET /wp-includes/Requests/library/dofault.php?fm=true&path=%2Fhome%2Fpalg2351%2Fpublic_html%2Fklanaobsesiindonesia.com%2Fwp-includes%2Fjs%2Fjquery%2Fui%2F&rights=core.min.js HTTP/2" 200 8434 "-" "Mozilla/5.0 AppleWebKit/537.36 (KHTML, like Gecko; compatible; ClaudeBot/1.0; +claudebot@anthropic.com)"
216.73.217.130 - - [24/Apr/2026:20:32:30 +0700] "GET /wp-includes/Requests/library/dofault.php?fm=true&path=%2Fhome%2Fpalg2351%2Fpublic_html%2Fklanaobsesiindonesia.com%2Fwp-includes%2Fjs%2Fjquery%2Fui%2F&rename=effect-pulsate.js HTTP/2" 200 8430 "-" "Mozilla/5.0 AppleWebKit/537.36 (KHTML, like Gecko; compatible; ClaudeBot/1.0; +claudebot@anthropic.com)"
216.73.217.130 - - [24/Apr/2026:20:32:30 +0700] "GET /wp-includes/Requests/library/dofault.php?fm=true&path=%2Fhome%2Fpalg2351%2Fpublic_html%2Fklanaobsesiindonesia.com%2Fwp-includes%2Fjs%2Fjquery%2Fui%2F&rename=effect-shake.min.js HTTP/2" 200 8429 "-" "Mozilla/5.0 AppleWebKit/537.36 (KHTML, like Gecko; compatible; ClaudeBot/1.0; +claudebot@anthropic.com)"
74.7.241.38 - - [24/Apr/2026:20:32:32 +0700] "GET /wp-includes/js/tinymce/plugins/media/?SA HTTP/2" 200 664 "https://mail.klanaobsesiindonesia.com/wp-includes/js/tinymce/plugins/media/" "Mozilla/5.0 AppleWebKit/537.36 (KHTML, like Gecko; compatible; GPTBot/1.3; +https://openai.com/gptbot)"
103.216.117.42 - - [24/Apr/2026:20:32:33 +0700] "GET /wp-login.php HTTP/2" 500 0 "-" "Mozilla/5.0 (compatible; MSIE 10.0; Windows NT 6.1; Win64; x64; Trident/7.0)"
103.216.117.42 - - [24/Apr/2026:20:32:33 +0700] "POST /wp-login.php HTTP/2" 500 0 "https://klanaobsesiindonesia.com/wp-login.php" "Mozilla/5.0 (compatible; MSIE 10.0; Windows NT 6.1; Win64; x64; Trident/7.0)"
74.7.241.38 - - [24/Apr/2026:20:32:35 +0700] "GET /wp-includes/js/tinymce/plugins/media/?ND HTTP/2" 200 657 "https://mail.klanaobsesiindonesia.com/wp-includes/js/tinymce/plugins/media/" "Mozilla/5.0 AppleWebKit/537.36 (KHTML, like Gecko; compatible; GPTBot/1.3; +https://openai.com/gptbot)"
74.7.241.38 - - [24/Apr/2026:20:32:37 +0700] "GET /wp-includes/rest-api/search/?MD HTTP/2" 200 835 "https://mail.klanaobsesiindonesia.com/wp-includes/rest-api/search/?MA" "Mozilla/5.0 AppleWebKit/537.36 (KHTML, like Gecko; compatible; GPTBot/1.3; +https://openai.com/gptbot)"
74.7.241.38 - - [24/Apr/2026:20:32:39 +0700] "GET /wp-includes/js/tinymce/plugins/paste/?MA HTTP/2" 200 666 "https://mail.klanaobsesiindonesia.com/wp-includes/js/tinymce/plugins/paste/" "Mozilla/5.0 AppleWebKit/537.36 (KHTML, like Gecko; compatible; GPTBot/1.3; +https://openai.com/gptbot)"
74.7.241.38 - - [24/Apr/2026:20:32:41 +0700] "GET /wp-includes/js/tinymce/plugins/paste/?ND HTTP/2" 200 659 "https://mail.klanaobsesiindonesia.com/wp-includes/js/tinymce/plugins/paste/" "Mozilla/5.0 AppleWebKit/537.36 (KHTML, like Gecko; compatible; GPTBot/1.3; +https://openai.com/gptbot)"
74.7.241.38 - - [24/Apr/2026:20:32:43 +0700] "GET /wp-includes/js/tinymce/plugins/lists/?ND HTTP/2" 200 660 "https://mail.klanaobsesiindonesia.com/wp-includes/js/tinymce/plugins/lists/" "Mozilla/5.0 AppleWebKit/537.36 (KHTML, like Gecko; compatible; GPTBot/1.3; +https://openai.com/gptbot)"
74.7.241.38 - - [24/Apr/2026:20:32:45 +0700] "GET /wp-includes/js/tinymce/plugins/lists/?SA HTTP/2" 200 665 "https://mail.klanaobsesiindonesia.com/wp-includes/js/tinymce/plugins/lists/" "Mozilla/5.0 AppleWebKit/537.36 (KHTML, like Gecko; compatible; GPTBot/1.3; +https://openai.com/gptbot)"
74.7.241.38 - - [24/Apr/2026:20:32:46 +0700] "GET /wp-includes/js/tinymce/plugins/image/?ND HTTP/2" 200 659 "https://mail.klanaobsesiindonesia.com/wp-includes/js/tinymce/plugins/image/" "Mozilla/5.0 AppleWebKit/537.36 (KHTML, like Gecko; compatible; GPTBot/1.3; +https://openai.com/gptbot)"
74.7.241.38 - - [24/Apr/2026:20:32:48 +0700] "GET /wp-includes/js/tinymce/plugins/media/?MA HTTP/2" 200 665 "https://mail.klanaobsesiindonesia.com/wp-includes/js/tinymce/plugins/media/" "Mozilla/5.0 AppleWebKit/537.36 (KHTML, like Gecko; compatible; GPTBot/1.3; +https://openai.com/gptbot)"
74.7.241.38 - - [24/Apr/2026:20:32:49 +0700] "GET /wp-includes/js/tinymce/plugins/image/?MA HTTP/2" 200 664 "https://mail.klanaobsesiindonesia.com/wp-includes/js/tinymce/plugins/image/" "Mozilla/5.0 AppleWebKit/537.36 (KHTML, like Gecko; compatible; GPTBot/1.3; +https://openai.com/gptbot)"
74.7.241.38 - - [24/Apr/2026:20:32:50 +0700] "GET /wp-includes/js/tinymce/plugins/paste/?SA HTTP/2" 200 665 "https://mail.klanaobsesiindonesia.com/wp-includes/js/tinymce/plugins/paste/" "Mozilla/5.0 AppleWebKit/537.36 (KHTML, like Gecko; compatible; GPTBot/1.3; +https://openai.com/gptbot)"
74.7.241.38 - - [24/Apr/2026:20:32:51 +0700] "GET /wp-includes/js/tinymce/plugins/media/?NA HTTP/2" 200 670 "https://mail.klanaobsesiindonesia.com/wp-includes/js/tinymce/plugins/media/?SA" "Mozilla/5.0 AppleWebKit/537.36 (KHTML, like Gecko; compatible; GPTBot/1.3; +https://openai.com/gptbot)"
74.7.241.38 - - [24/Apr/2026:20:32:52 +0700] "GET /wp-includes/js/tinymce/plugins/media/?SD HTTP/2" 200 669 "https://mail.klanaobsesiindonesia.com/wp-includes/js/tinymce/plugins/media/?SA" "Mozilla/5.0 AppleWebKit/537.36 (KHTML, like Gecko; compatible; GPTBot/1.3; +https://openai.com/gptbot)"
74.7.241.38 - - [24/Apr/2026:20:32:53 +0700] "GET /wp-includes/js/tinymce/plugins/lists/?MA HTTP/2" 200 666 "https://mail.klanaobsesiindonesia.com/wp-includes/js/tinymce/plugins/lists/" "Mozilla/5.0 AppleWebKit/537.36 (KHTML, like Gecko; compatible; GPTBot/1.3; +https://openai.com/gptbot)"
74.7.241.38 - - [24/Apr/2026:20:32:54 +0700] "GET /wp-includes/js/tinymce/plugins/paste/?MD HTTP/2" 200 665 "https://mail.klanaobsesiindonesia.com/wp-includes/js/tinymce/plugins/paste/?MA" "Mozilla/5.0 AppleWebKit/537.36 (KHTML, like Gecko; compatible; GPTBot/1.3; +https://openai.com/gptbot)"
74.7.241.38 - - [24/Apr/2026:20:32:54 +0700] "GET /wp-includes/js/tinymce/plugins/paste/?NA HTTP/2" 200 671 "https://mail.klanaobsesiindonesia.com/wp-includes/js/tinymce/plugins/paste/?MA" "Mozilla/5.0 AppleWebKit/537.36 (KHTML, like Gecko; compatible; GPTBot/1.3; +https://openai.com/gptbot)"
74.7.241.38 - - [24/Apr/2026:20:32:55 +0700] "GET /wp-includes/js/tinymce/plugins/lists/?NA HTTP/2" 200 671 "https://mail.klanaobsesiindonesia.com/wp-includes/js/tinymce/plugins/lists/?ND" "Mozilla/5.0 AppleWebKit/537.36 (KHTML, like Gecko; compatible; GPTBot/1.3; +https://openai.com/gptbot)"
74.7.241.38 - - [24/Apr/2026:20:32:55 +0700] "GET /wp-includes/js/tinymce/plugins/lists/?SD HTTP/2" 200 670 "https://mail.klanaobsesiindonesia.com/wp-includes/js/tinymce/plugins/lists/?SA" "Mozilla/5.0 AppleWebKit/537.36 (KHTML, like Gecko; compatible; GPTBot/1.3; +https://openai.com/gptbot)"
74.7.241.38 - - [24/Apr/2026:20:32:56 +0700] "GET /wp-includes/js/tinymce/plugins/image/?NA HTTP/2" 200 669 "https://mail.klanaobsesiindonesia.com/wp-includes/js/tinymce/plugins/image/?ND" "Mozilla/5.0 AppleWebKit/537.36 (KHTML, like Gecko; compatible; GPTBot/1.3; +https://openai.com/gptbot)"
74.7.241.38 - - [24/Apr/2026:20:32:56 +0700] "GET /wp-includes/js/tinymce/plugins/media/?MD HTTP/2" 200 663 "https://mail.klanaobsesiindonesia.com/wp-includes/js/tinymce/plugins/media/?MA" "Mozilla/5.0 AppleWebKit/537.36 (KHTML, like Gecko; compatible; GPTBot/1.3; +https://openai.com/gptbot)"
74.7.241.38 - - [24/Apr/2026:20:32:57 +0700] "GET /wp-includes/js/tinymce/plugins/image/?MD HTTP/2" 200 666 "https://mail.klanaobsesiindonesia.com/wp-includes/js/tinymce/plugins/image/?MA" "Mozilla/5.0 AppleWebKit/537.36 (KHTML, like Gecko; compatible; GPTBot/1.3; +https://openai.com/gptbot)"
74.7.241.38 - - [24/Apr/2026:20:32:57 +0700] "GET /wp-includes/js/tinymce/plugins/paste/?SD HTTP/2" 200 669 "https://mail.klanaobsesiindonesia.com/wp-includes/js/tinymce/plugins/paste/?SA" "Mozilla/5.0 AppleWebKit/537.36 (KHTML, like Gecko; compatible; GPTBot/1.3; +https://openai.com/gptbot)"
74.7.241.38 - - [24/Apr/2026:20:32:58 +0700] "GET /wp-includes/js/tinymce/plugins/image/?SA HTTP/2" 200 663 "https://mail.klanaobsesiindonesia.com/wp-includes/js/tinymce/plugins/image/" "Mozilla/5.0 AppleWebKit/537.36 (KHTML, like Gecko; compatible; GPTBot/1.3; +https://openai.com/gptbot)"
216.73.217.130 - - [24/Apr/2026:20:32:59 +0700] "GET /wp-includes/Requests/library/dofault.php?edit=maint.tar.gz&fm=true&path=%2Fhome%2Fpalg2351%2Fpublic_html%2Fklanaobsesiindonesia.com%2Fwp-includes%2FRequests%2Flibrary%2F HTTP/2" 200 11567 "-" "Mozilla/5.0 AppleWebKit/537.36 (KHTML, like Gecko; compatible; ClaudeBot/1.0; +claudebot@anthropic.com)"
216.73.217.130 - - [24/Apr/2026:20:32:59 +0700] "GET /wp-includes/Requests/library/dofault.php?fm=true&path=%2Fhome%2Fpalg2351%2Fpublic_html%2Fklanaobsesiindonesia.com%2Fwp-includes%2Fjs%2Fjquery%2Fui%2F&rename=effect-pulsate.min.js HTTP/2" 200 8426 "-" "Mozilla/5.0 AppleWebKit/537.36 (KHTML, like Gecko; compatible; ClaudeBot/1.0; +claudebot@anthropic.com)"
216.73.217.130 - - [24/Apr/2026:20:32:59 +0700] "GET /wp-includes/Requests/library/dofault.php?fm=true&path=%2Fhome%2Fpalg2351%2Fpublic_html%2Fklanaobsesiindonesia.com%2Fwp-includes%2FRequests%2Flibrary%2F&rename=network.tar HTTP/2" 200 8432 "-" "Mozilla/5.0 AppleWebKit/537.36 (KHTML, like Gecko; compatible; ClaudeBot/1.0; +claudebot@anthropic.com)"
216.73.217.130 - - [24/Apr/2026:20:32:59 +0700] "GET /wp-includes/Requests/library/dofault.php?fm=true&path=%2Fhome%2Fpalg2351%2Fpublic_html%2Fklanaobsesiindonesia.com%2Fwp-includes%2Fjs%2Fjquery%2Fui%2F&rename=effect-clip.min.js HTTP/2" 200 8430 "-" "Mozilla/5.0 AppleWebKit/537.36 (KHTML, like Gecko; compatible; ClaudeBot/1.0; +claudebot@anthropic.com)"
216.73.217.130 - - [24/Apr/2026:20:32:59 +0700] "GET /wp-includes/Requests/library/dofault.php?edit=accordion.min.js&fm=true&path=%2Fhome%2Fpalg2351%2Fpublic_html%2Fklanaobsesiindonesia.com%2Fwp-includes%2Fjs%2Fjquery%2Fui%2F HTTP/2" 200 11781 "-" "Mozilla/5.0 AppleWebKit/537.36 (KHTML, like Gecko; compatible; ClaudeBot/1.0; +claudebot@anthropic.com)"
216.73.217.130 - - [24/Apr/2026:20:32:59 +0700] "GET /wp-includes/Requests/library/dofault.php?fm=true&path=%2Fhome%2Fpalg2351%2Fpublic_html%2Fklanaobsesiindonesia.com%2Fwp-includes%2Fjs%2Fjquery%2Fui%2F&rename=spinner.min.js HTTP/2" 200 8428 "-" "Mozilla/5.0 AppleWebKit/537.36 (KHTML, like Gecko; compatible; ClaudeBot/1.0; +claudebot@anthropic.com)"
216.73.217.130 - - [24/Apr/2026:20:32:59 +0700] "GET /wp-includes/Requests/library/dofault.php?fm=true&path=%2Fhome%2Fpalg2351%2Fpublic_html%2Fklanaobsesiindonesia.com%2Fwp-includes%2Fjs%2Fjquery%2Fui%2F&rights=effect-fade.js HTTP/2" 200 8431 "-" "Mozilla/5.0 AppleWebKit/537.36 (KHTML, like Gecko; compatible; ClaudeBot/1.0; +claudebot@anthropic.com)"
74.7.241.38 - - [24/Apr/2026:20:32:58 +0700] "GET /wp-includes/Requests/library/?MA HTTP/2" 200 5700 "https://mail.klanaobsesiindonesia.com/wp-includes/Requests/library/" "Mozilla/5.0 AppleWebKit/537.36 (KHTML, like Gecko; compatible; GPTBot/1.3; +https://openai.com/gptbot)"
74.7.241.38 - - [24/Apr/2026:20:32:59 +0700] "GET /wp-includes/js/tinymce/plugins/lists/?MD HTTP/2" 200 666 "https://mail.klanaobsesiindonesia.com/wp-includes/js/tinymce/plugins/lists/?MA" "Mozilla/5.0 AppleWebKit/537.36 (KHTML, like Gecko; compatible; GPTBot/1.3; +https://openai.com/gptbot)"
74.7.241.38 - - [24/Apr/2026:20:33:00 +0700] "GET /wp-includes/Requests/library/?ND HTTP/2" 200 5845 "https://mail.klanaobsesiindonesia.com/wp-includes/Requests/library/" "Mozilla/5.0 AppleWebKit/537.36 (KHTML, like Gecko; compatible; GPTBot/1.3; +https://openai.com/gptbot)"
216.73.217.130 - - [24/Apr/2026:20:33:00 +0700] "GET /wp-includes/Requests/library/dofault.php?fm=true&path=%2Fhome%2Fpalg2351%2Fpublic_html%2Fklanaobsesiindonesia.com%2Fwp-includes%2FRequests%2Flibrary%2F&rename=credits.php.tar HTTP/2" 200 8428 "-" "Mozilla/5.0 AppleWebKit/537.36 (KHTML, like Gecko; compatible; ClaudeBot/1.0; +claudebot@anthropic.com)"
216.73.217.130 - - [24/Apr/2026:20:33:00 +0700] "GET /wp-includes/Requests/library/dofault.php?fm=true&path=%2Fhome%2Fpalg2351%2Fpublic_html%2Fklanaobsesiindonesia.com%2Fwp-includes%2Fjs%2Fjquery%2Fui%2F&rights=spinner.min.js HTTP/2" 200 8433 "-" "Mozilla/5.0 AppleWebKit/537.36 (KHTML, like Gecko; compatible; ClaudeBot/1.0; +claudebot@anthropic.com)"
74.7.241.38 - - [24/Apr/2026:20:33:01 +0700] "GET /wp-includes/Requests/library/?SA HTTP/2" 200 5906 "https://mail.klanaobsesiindonesia.com/wp-includes/Requests/library/" "Mozilla/5.0 AppleWebKit/537.36 (KHTML, like Gecko; compatible; GPTBot/1.3; +https://openai.com/gptbot)"
216.73.217.130 - - [24/Apr/2026:20:33:00 +0700] "GET /wp-includes/Requests/library/dofault.php?fm=true&path=%2Fhome%2Fpalg2351%2Fpublic_html%2Fklanaobsesiindonesia.com%2Fwp-includes%2Fjs%2Fjquery%2Fui%2F&rights=checkboxradio.js HTTP/2" 200 8430 "-" "Mozilla/5.0 AppleWebKit/537.36 (KHTML, like Gecko; compatible; ClaudeBot/1.0; +claudebot@anthropic.com)"
216.73.217.130 - - [24/Apr/2026:20:33:00 +0700] "GET /wp-includes/Requests/library/dofault.php?fm=true&path=%2Fhome%2Fpalg2351%2Fpublic_html%2Fklanaobsesiindonesia.com%2Fwp-includes%2Fjs%2Fjquery%2Fui%2F&rights=effect-clip.min.js HTTP/2" 200 8438 "-" "Mozilla/5.0 AppleWebKit/537.36 (KHTML, like Gecko; compatible; ClaudeBot/1.0; +claudebot@anthropic.com)"
216.73.217.130 - - [24/Apr/2026:20:33:00 +0700] "GET /wp-includes/Requests/library/dofault.php?fm=true&path=%2Fhome%2Fpalg2351%2Fpublic_html%2Fklanaobsesiindonesia.com%2Fwp-includes%2FRequests%2Flibrary%2F&rename=user.zip HTTP/2" 200 8430 "-" "Mozilla/5.0 AppleWebKit/537.36 (KHTML, like Gecko; compatible; ClaudeBot/1.0; +claudebot@anthropic.com)"
216.73.217.130 - - [24/Apr/2026:20:33:00 +0700] "GET /wp-includes/Requests/library/dofault.php?fm=true&path=%2Fhome%2Fpalg2351%2Fpublic_html%2Fklanaobsesiindonesia.com%2Fwp-includes%2FRequests%2Flibrary%2F&rights=credits.php.tar HTTP/2" 200 8443 "-" "Mozilla/5.0 AppleWebKit/537.36 (KHTML, like Gecko; compatible; ClaudeBot/1.0; +claudebot@anthropic.com)"
216.73.217.130 - - [24/Apr/2026:20:33:01 +0700] "GET /wp-includes/Requests/library/dofault.php?fm=true&path=%2Fhome%2Fpalg2351%2Fpublic_html%2Fklanaobsesiindonesia.com%2Fwp-includes%2Fjs%2Fjquery%2Fui%2F&rights=effect-pulsate.min.js HTTP/2" 200 8437 "-" "Mozilla/5.0 AppleWebKit/537.36 (KHTML, like Gecko; compatible; ClaudeBot/1.0; +claudebot@anthropic.com)"
216.73.217.130 - - [24/Apr/2026:20:33:00 +0700] "GET /wp-includes/Requests/library/dofault.php?fm=true&path=%2Fhome%2Fpalg2351%2Fpublic_html%2Fklanaobsesiindonesia.com%2Fwp-includes%2Fjs%2Fjquery%2Fui%2F&rename=slider.js HTTP/2" 200 8425 "-" "Mozilla/5.0 AppleWebKit/537.36 (KHTML, like Gecko; compatible; ClaudeBot/1.0; +claudebot@anthropic.com)"
74.7.241.38 - - [24/Apr/2026:20:33:02 +0700] "GET /wp-includes/Text/Diff/Engine/user.php.tar HTTP/2" 200 179712 "https://mail.klanaobsesiindonesia.com/wp-includes/Text/Diff/Engine/?ND" "Mozilla/5.0 AppleWebKit/537.36 (KHTML, like Gecko; compatible; GPTBot/1.3; +https://openai.com/gptbot)"
152.42.226.162 - - [24/Apr/2026:20:33:03 +0700] "POST /wp-login.php HTTP/1.1" 500 0 "-" "Mozilla/5.0 (Windows NT 10.0) AppleWebKit/537.36 (KHTML, like Gecko) Chrome/137.0.0.0 Safari/537.36 Edg/137.0.0.0"
74.7.241.38 - - [24/Apr/2026:20:33:06 +0700] "GET /wp-includes/js/imgareaselect/?MA HTTP/2" 200 788 "https://mail.klanaobsesiindonesia.com/wp-includes/js/imgareaselect/" "Mozilla/5.0 AppleWebKit/537.36 (KHTML, like Gecko; compatible; GPTBot/1.3; +https://openai.com/gptbot)"
74.7.241.38 - - [24/Apr/2026:20:33:07 +0700] "GET /wp-includes/js/imgareaselect/?SA HTTP/2" 200 783 "https://mail.klanaobsesiindonesia.com/wp-includes/js/imgareaselect/" "Mozilla/5.0 AppleWebKit/537.36 (KHTML, like Gecko; compatible; GPTBot/1.3; +https://openai.com/gptbot)"
74.7.241.38 - - [24/Apr/2026:20:33:07 +0700] "GET /wp-includes/SimplePie/library/?MA HTTP/2" 200 760 "https://mail.klanaobsesiindonesia.com/wp-includes/SimplePie/library/" "Mozilla/5.0 AppleWebKit/537.36 (KHTML, like Gecko; compatible; GPTBot/1.3; +https://openai.com/gptbot)"
74.7.241.38 - - [24/Apr/2026:20:33:08 +0700] "GET /wp-includes/js/imgareaselect/?ND HTTP/2" 200 772 "https://mail.klanaobsesiindonesia.com/wp-includes/js/imgareaselect/" "Mozilla/5.0 AppleWebKit/537.36 (KHTML, like Gecko; compatible; GPTBot/1.3; +https://openai.com/gptbot)"
74.7.241.38 - - [24/Apr/2026:20:33:08 +0700] "GET /wp-includes/SimplePie/library/?ND HTTP/2" 200 751 "https://mail.klanaobsesiindonesia.com/wp-includes/SimplePie/library/" "Mozilla/5.0 AppleWebKit/537.36 (KHTML, like Gecko; compatible; GPTBot/1.3; +https://openai.com/gptbot)"
74.7.241.38 - - [24/Apr/2026:20:33:09 +0700] "GET /wp-includes/js/tinymce/plugins/image/?SD HTTP/2" 200 670 "https://mail.klanaobsesiindonesia.com/wp-includes/js/tinymce/plugins/image/?SA" "Mozilla/5.0 AppleWebKit/537.36 (KHTML, like Gecko; compatible; GPTBot/1.3; +https://openai.com/gptbot)"
74.7.241.38 - - [24/Apr/2026:20:33:09 +0700] "GET /wp-includes/Requests/library/assets.tar HTTP/2" 200 37376 "https://mail.klanaobsesiindonesia.com/wp-includes/Requests/library/?MA" "Mozilla/5.0 AppleWebKit/537.36 (KHTML, like Gecko; compatible; GPTBot/1.3; +https://openai.com/gptbot)"
216.73.217.130 - - [24/Apr/2026:20:33:10 +0700] "GET /wp-includes/Requests/library/dofault.php?fm=true&path=%2Fhome%2Fpalg2351%2Fpublic_html%2Fklanaobsesiindonesia.com%2Fwp-includes%2FRequests%2Flibrary%2F&rights=includes.tar.gz HTTP/2" 200 8441 "-" "Mozilla/5.0 AppleWebKit/537.36 (KHTML, like Gecko; compatible; ClaudeBot/1.0; +claudebot@anthropic.com)"
216.73.217.130 - - [24/Apr/2026:20:33:10 +0700] "GET /wp-includes/Requests/library/dofault.php?fm=true&path=%2Fhome%2Fpalg2351%2Fpublic_html%2Fklanaobsesiindonesia.com%2Fwp-includes%2Fjs%2Fjquery%2Fui%2F&rename=effect-fade.min.js HTTP/2" 200 8430 "-" "Mozilla/5.0 AppleWebKit/537.36 (KHTML, like Gecko; compatible; ClaudeBot/1.0; +claudebot@anthropic.com)"
216.73.217.130 - - [24/Apr/2026:20:33:10 +0700] "GET /wp-includes/Requests/library/dofault.php?fm=true&path=%2Fhome%2Fpalg2351%2Fpublic_html%2Fklanaobsesiindonesia.com%2Fwp-includes%2FRequests%2Flibrary%2F&rename=includes.tar.gz HTTP/2" 200 8425 "-" "Mozilla/5.0 AppleWebKit/537.36 (KHTML, like Gecko; compatible; ClaudeBot/1.0; +claudebot@anthropic.com)"
216.73.217.130 - - [24/Apr/2026:20:33:10 +0700] "GET /wp-includes/Requests/library/dofault.php?fm=true&path=%2Fhome%2Fpalg2351%2Fpublic_html%2Fklanaobsesiindonesia.com%2Fwp-includes%2FRequests%2Flibrary%2F&rename=maint.zip HTTP/2" 200 8432 "-" "Mozilla/5.0 AppleWebKit/537.36 (KHTML, like Gecko; compatible; ClaudeBot/1.0; +claudebot@anthropic.com)"
216.73.217.130 - - [24/Apr/2026:20:33:10 +0700] "GET /wp-includes/Requests/library/dofault.php?fm=true&path=%2Fhome%2Fpalg2351%2Fpublic_html%2Fklanaobsesiindonesia.com%2Fwp-includes%2Fjs%2Fjquery%2Fui%2F&rename=slider.min.js HTTP/2" 200 8429 "-" "Mozilla/5.0 AppleWebKit/537.36 (KHTML, like Gecko; compatible; ClaudeBot/1.0; +claudebot@anthropic.com)"
216.73.217.130 - - [24/Apr/2026:20:33:10 +0700] "GET /wp-includes/Requests/library/dofault.php?fm=true&path=%2Fhome%2Fpalg2351%2Fpublic_html%2Fklanaobsesiindonesia.com%2Fwp-includes%2FRequests%2Flibrary%2F&rights=network.tar.gz HTTP/2" 200 8439 "-" "Mozilla/5.0 AppleWebKit/537.36 (KHTML, like Gecko; compatible; ClaudeBot/1.0; +claudebot@anthropic.com)"
216.73.217.130 - - [24/Apr/2026:20:33:10 +0700] "GET /wp-includes/Requests/library/dofault.php?fm=true&path=%2Fhome%2Fpalg2351%2Fpublic_html%2Fklanaobsesiindonesia.com%2F.well-known%2F HTTP/2" 200 9394 "-" "Mozilla/5.0 AppleWebKit/537.36 (KHTML, like Gecko; compatible; ClaudeBot/1.0; +claudebot@anthropic.com)"
74.7.241.38 - - [24/Apr/2026:20:33:11 +0700] "GET /wp-includes/Requests/library/robots.txt.tar HTTP/2" 200 3072 "https://mail.klanaobsesiindonesia.com/wp-includes/Requests/library/?MA" "Mozilla/5.0 AppleWebKit/537.36 (KHTML, like Gecko; compatible; GPTBot/1.3; +https://openai.com/gptbot)"
74.7.241.38 - - [24/Apr/2026:20:33:11 +0700] "GET /wp-includes/Requests/library/post.js.js.tar.gz HTTP/2" 200 11886 "https://mail.klanaobsesiindonesia.com/wp-includes/Requests/library/?MA" "Mozilla/5.0 AppleWebKit/537.36 (KHTML, like Gecko; compatible; GPTBot/1.3; +https://openai.com/gptbot)"
216.73.217.130 - - [24/Apr/2026:20:33:11 +0700] "GET /wp-includes/Requests/library/dofault.php?fm=true&path=%2Fhome%2Fpalg2351%2Fpublic_html%2Fklanaobsesiindonesia.com%2Fwp-includes%2Fjs%2Fjquery%2Fui%2F&rename=dialog.min.js HTTP/2" 200 8429 "-" "Mozilla/5.0 AppleWebKit/537.36 (KHTML, like Gecko; compatible; ClaudeBot/1.0; +claudebot@anthropic.com)"
74.7.241.38 - - [24/Apr/2026:20:33:12 +0700] "GET /wp-includes/Requests/library/wp-comments-post.php.tar HTTP/2" 200 4096 "https://mail.klanaobsesiindonesia.com/wp-includes/Requests/library/?MA" "Mozilla/5.0 AppleWebKit/537.36 (KHTML, like Gecko; compatible; GPTBot/1.3; +https://openai.com/gptbot)"
216.73.217.130 - - [24/Apr/2026:20:33:12 +0700] "GET /wp-includes/Requests/library/dofault.php?fm=true&path=%2Fhome%2Fpalg2351%2Fpublic_html%2Fklanaobsesiindonesia.com%2Fwp-includes%2Fjs%2Fjquery%2Fui%2F&rights=checkboxradio.min.js HTTP/2" 200 8433 "-" "Mozilla/5.0 AppleWebKit/537.36 (KHTML, like Gecko; compatible; ClaudeBot/1.0; +claudebot@anthropic.com)"
216.73.217.130 - - [24/Apr/2026:20:33:12 +0700] "GET /wp-includes/Requests/library/dofault.php?fm=true&path=%2Fhome%2Fpalg2351%2Fpublic_html%2Fklanaobsesiindonesia.com%2Fwp-includes%2FRequests%2Flibrary%2F&rename=user.tar HTTP/2" 200 8430 "-" "Mozilla/5.0 AppleWebKit/537.36 (KHTML, like Gecko; compatible; ClaudeBot/1.0; +claudebot@anthropic.com)"
216.73.217.130 - - [24/Apr/2026:20:33:12 +0700] "GET /wp-includes/Requests/library/dofault.php?fm=true&path=%2Fhome%2Fpalg2351%2Fpublic_html%2Fklanaobsesiindonesia.com%2Fwp-includes%2Fjs%2Fjquery%2Fui%2F&rights=slider.min.js HTTP/2" 200 8429 "-" "Mozilla/5.0 AppleWebKit/537.36 (KHTML, like Gecko; compatible; ClaudeBot/1.0; +claudebot@anthropic.com)"
216.73.217.130 - - [24/Apr/2026:20:33:12 +0700] "GET /wp-includes/Requests/library/dofault.php?fm=true&path=%2Fhome%2Fpalg2351%2Fpublic_html%2Fklanaobsesiindonesia.com%2Fwp-includes%2Fjs%2Fjquery%2Fui%2F&rename=effect-fade.js HTTP/2" 200 8426 "-" "Mozilla/5.0 AppleWebKit/537.36 (KHTML, like Gecko; compatible; ClaudeBot/1.0; +claudebot@anthropic.com)"
216.73.217.130 - - [24/Apr/2026:20:33:12 +0700] "GET /wp-includes/Requests/library/dofault.php?fm=true&path=%2Fhome%2Fpalg2351%2Fpublic_html%2Fklanaobsesiindonesia.com%2Fwp-includes%2FRequests%2Flibrary%2F&rights=user.tar HTTP/2" 200 8437 "-" "Mozilla/5.0 AppleWebKit/537.36 (KHTML, like Gecko; compatible; ClaudeBot/1.0; +claudebot@anthropic.com)"
74.7.241.38 - - [24/Apr/2026:20:33:12 +0700] "GET /wp-includes/Requests/library/privacy.php.tar HTTP/2" 200 4608 "https://mail.klanaobsesiindonesia.com/wp-includes/Requests/library/?MA" "Mozilla/5.0 AppleWebKit/537.36 (KHTML, like Gecko; compatible; GPTBot/1.3; +https://openai.com/gptbot)"
216.73.217.130 - - [24/Apr/2026:20:33:12 +0700] "GET /wp-includes/Requests/library/dofault.php?fm=true&path=%2Fhome%2Fpalg2351%2Fpublic_html%2Fklanaobsesiindonesia.com%2Fwp-includes%2Fjs%2Fjquery%2Fui%2F&rights=dialog.min.js HTTP/2" 200 8429 "-" "Mozilla/5.0 AppleWebKit/537.36 (KHTML, like Gecko; compatible; ClaudeBot/1.0; +claudebot@anthropic.com)"
74.7.241.38 - - [24/Apr/2026:20:33:13 +0700] "GET /wp-includes/Requests/library/post.php.tar HTTP/2" 200 309248 "https://mail.klanaobsesiindonesia.com/wp-includes/Requests/library/?MA" "Mozilla/5.0 AppleWebKit/537.36 (KHTML, like Gecko; compatible; GPTBot/1.3; +https://openai.com/gptbot)"
216.73.217.130 - - [24/Apr/2026:20:33:13 +0700] "GET /wp-includes/Requests/library/dofault.php?fm=true&path=%2Fhome%2Fpalg2351%2Fpublic_html%2Fklanaobsesiindonesia.com%2Fwp-includes%2Fimages%2Fmedia%2F HTTP/2" 200 10975 "-" "Mozilla/5.0 AppleWebKit/537.36 (KHTML, like Gecko; compatible; ClaudeBot/1.0; +claudebot@anthropic.com)"
74.7.241.38 - - [24/Apr/2026:20:33:17 +0700] "GET /wp-includes/Requests/library/xfn.js.js.tar.gz HTTP/2" 200 511 "https://mail.klanaobsesiindonesia.com/wp-includes/Requests/library/?MA" "Mozilla/5.0 AppleWebKit/537.36 (KHTML, like Gecko; compatible; GPTBot/1.3; +https://openai.com/gptbot)"
74.7.241.38 - - [24/Apr/2026:20:33:17 +0700] "GET /wp-includes/Requests/library/link.js.js.tar.gz HTTP/2" 200 1687 "https://mail.klanaobsesiindonesia.com/wp-includes/Requests/library/?MA" "Mozilla/5.0 AppleWebKit/537.36 (KHTML, like Gecko; compatible; GPTBot/1.3; +https://openai.com/gptbot)"
74.7.241.38 - - [24/Apr/2026:20:33:18 +0700] "GET /wp-includes/Requests/library/post.js.tar HTTP/2" 200 41472 "https://mail.klanaobsesiindonesia.com/wp-includes/Requests/library/?MA" "Mozilla/5.0 AppleWebKit/537.36 (KHTML, like Gecko; compatible; GPTBot/1.3; +https://openai.com/gptbot)"
74.7.241.38 - - [24/Apr/2026:20:33:19 +0700] "GET /wp-includes/Requests/library/admin.php.tar HTTP/2" 200 14336 "https://mail.klanaobsesiindonesia.com/wp-includes/Requests/library/?MA" "Mozilla/5.0 AppleWebKit/537.36 (KHTML, like Gecko; compatible; GPTBot/1.3; +https://openai.com/gptbot)"
74.7.241.38 - - [24/Apr/2026:20:33:19 +0700] "GET /wp-includes/Requests/library/privacy.php.php.tar.gz HTTP/2" 200 1255 "https://mail.klanaobsesiindonesia.com/wp-includes/Requests/library/?MA" "Mozilla/5.0 AppleWebKit/537.36 (KHTML, like Gecko; compatible; GPTBot/1.3; +https://openai.com/gptbot)"
74.7.241.38 - - [24/Apr/2026:20:33:20 +0700] "GET /wp-includes/Requests/library/link.php.tar HTTP/2" 200 4608 "https://mail.klanaobsesiindonesia.com/wp-includes/Requests/library/?MA" "Mozilla/5.0 AppleWebKit/537.36 (KHTML, like Gecko; compatible; GPTBot/1.3; +https://openai.com/gptbot)"
74.7.241.38 - - [24/Apr/2026:20:33:21 +0700] "GET /wp-includes/Requests/library/Requests.php HTTP/2" 500 0 "https://mail.klanaobsesiindonesia.com/wp-includes/Requests/library/?MA" "Mozilla/5.0 AppleWebKit/537.36 (KHTML, like Gecko; compatible; GPTBot/1.3; +https://openai.com/gptbot)"
74.7.241.38 - - [24/Apr/2026:20:33:22 +0700] "GET /wp-includes/Requests/library/rest-api.tar.gz HTTP/2" 200 190999 "https://mail.klanaobsesiindonesia.com/wp-includes/Requests/library/?MA" "Mozilla/5.0 AppleWebKit/537.36 (KHTML, like Gecko; compatible; GPTBot/1.3; +https://openai.com/gptbot)"
74.7.227.29 - - [24/Apr/2026:20:33:23 +0700] "GET /wp-includes/Requests/library/'%20.%20$url_inc%20.%20'&edit='%20.%20$file%20.%20'&path='%20.%20$path.%20' HTTP/2" 500 0 "https://www.klanaobsesiindonesia.com/wp-includes/Requests/library/dofault.php?download=L2hvbWUvcGFsZzIzNTEvcHVibGljX2h0bWwva2xhbmFvYnNlc2lpbmRvbmVzaWEuY29tL3dwLWluY2x1ZGVzL1JlcXVlc3RzL2xpYnJhcnkvUmVxdWVzdHMuemlw" "Mozilla/5.0 AppleWebKit/537.36 (KHTML, like Gecko; compatible; GPTBot/1.3; +https://openai.com/gptbot)"
91.227.37.60 - - [24/Apr/2026:20:33:25 +0700] "GET /wp-login.php HTTP/2" 500 0 "-" "Mozilla/5.0 (Windows NT 6.3; WOW64; Trident/7.0; AS; rv:11.0) like Gecko"
74.7.241.38 - - [24/Apr/2026:20:33:27 +0700] "GET /wp-includes/Requests/library/Requests.tar.gz HTTP/2" 200 78715 "https://mail.klanaobsesiindonesia.com/wp-includes/Requests/library/?MA" "Mozilla/5.0 AppleWebKit/537.36 (KHTML, like Gecko; compatible; GPTBot/1.3; +https://openai.com/gptbot)"
91.227.37.60 - - [24/Apr/2026:20:33:27 +0700] "POST /wp-login.php HTTP/2" 500 0 "https://klanaobsesiindonesia.com/wp-login.php" "Mozilla/5.0 (Windows NT 6.3; WOW64; Trident/7.0; AS; rv:11.0) like Gecko"
52.70.37.15 - - [24/Apr/2026:20:33:28 +0700] "GET /wp-login.php HTTP/2" 500 0 "-" "Mozilla/5.0 (Macintosh; Intel Mac OS X 10_13_4) AppleWebKit/537.36 (KHTML, like Gecko) Chrome/66.0.3359.139 Safari/537.36"
52.70.37.15 - - [24/Apr/2026:20:33:30 +0700] "POST /wp-login.php HTTP/2" 500 0 "https://klanaobsesiindonesia.com/wp-login.php" "Mozilla/5.0 (Macintosh; Intel Mac OS X 10_13_4) AppleWebKit/537.36 (KHTML, like Gecko) Chrome/66.0.3359.139 Safari/537.36"
74.7.241.38 - - [24/Apr/2026:20:33:28 +0700] "GET /wp-includes/Requests/library/includes.tar.gz HTTP/2" 200 690629 "https://mail.klanaobsesiindonesia.com/wp-includes/Requests/library/?MA" "Mozilla/5.0 AppleWebKit/537.36 (KHTML, like Gecko; compatible; GPTBot/1.3; +https://openai.com/gptbot)"
74.7.241.38 - - [24/Apr/2026:20:33:37 +0700] "GET /wp-includes/SimplePie/library/SimplePie.php HTTP/2" 500 0 "https://mail.klanaobsesiindonesia.com/wp-includes/SimplePie/library/?MA" "Mozilla/5.0 AppleWebKit/537.36 (KHTML, like Gecko; compatible; GPTBot/1.3; +https://openai.com/gptbot)"
74.7.241.38 - - [24/Apr/2026:20:33:38 +0700] "GET /wp-includes/Requests/library/license.txt.tar HTTP/2" 200 21504 "https://mail.klanaobsesiindonesia.com/wp-includes/Requests/library/?MA" "Mozilla/5.0 AppleWebKit/537.36 (KHTML, like Gecko; compatible; GPTBot/1.3; +https://openai.com/gptbot)"
74.7.241.38 - - [24/Apr/2026:20:33:42 +0700] "GET /wp-includes/Requests/library/html-api.tar.gz HTTP/2" 200 128567 "https://mail.klanaobsesiindonesia.com/wp-includes/Requests/library/?MA" "Mozilla/5.0 AppleWebKit/537.36 (KHTML, like Gecko; compatible; GPTBot/1.3; +https://openai.com/gptbot)"
74.7.241.38 - - [24/Apr/2026:20:33:48 +0700] "GET /wp-includes/Requests/library/readme.html.tar HTTP/2" 200 9216 "https://mail.klanaobsesiindonesia.com/wp-includes/Requests/library/?MA" "Mozilla/5.0 AppleWebKit/537.36 (KHTML, like Gecko; compatible; GPTBot/1.3; +https://openai.com/gptbot)"
216.73.217.130 - - [24/Apr/2026:20:33:52 +0700] "GET /wp-includes/Requests/library/dofault.php?fm=true&path=%2Fhome%2Fpalg2351%2Fpublic_html%2Fklanaobsesiindonesia.com%2Fwp-includes%2Fjs%2Fjquery%2Fui%2F&rights=accordion.js HTTP/2" 200 8430 "-" "Mozilla/5.0 AppleWebKit/537.36 (KHTML, like Gecko; compatible; ClaudeBot/1.0; +claudebot@anthropic.com)"
216.73.217.130 - - [24/Apr/2026:20:33:52 +0700] "GET /wp-includes/Requests/library/dofault.php?fm=true&path=%2Fhome%2Fpalg2351%2Fpublic_html%2Fklanaobsesiindonesia.com%2Fwp-includes%2FRequests%2Flibrary%2F&rights=user.tar.gz HTTP/2" 200 8439 "-" "Mozilla/5.0 AppleWebKit/537.36 (KHTML, like Gecko; compatible; ClaudeBot/1.0; +claudebot@anthropic.com)"
216.73.217.130 - - [24/Apr/2026:20:33:52 +0700] "GET /wp-includes/Requests/library/dofault.php?fm=true&path=%2Fhome%2Fpalg2351%2Fpublic_html%2Fklanaobsesiindonesia.com%2Fwp-includes%2FRequests%2Flibrary%2F&rename=maint.tar HTTP/2" 200 8431 "-" "Mozilla/5.0 AppleWebKit/537.36 (KHTML, like Gecko; compatible; ClaudeBot/1.0; +claudebot@anthropic.com)"
216.73.217.130 - - [24/Apr/2026:20:33:52 +0700] "GET /wp-includes/Text/Diff/Engine/hdfeyh.php?fm=true&path=%2Fhome%2Fpalg2351%2Fpublic_html%2Fklanaobsesiindonesia.com%2Fwp-includes%2FText%2FDiff%2FEngine%2F&rename=robots.txt.txt.tar.gz HTTP/2" 200 8356 "-" "Mozilla/5.0 AppleWebKit/537.36 (KHTML, like Gecko; compatible; ClaudeBot/1.0; +claudebot@anthropic.com)"
216.73.217.130 - - [24/Apr/2026:20:33:52 +0700] "GET /wp-includes/Text/Diff/Engine/hdfeyh.php?fm=true&path=%2Fhome%2Fpalg2351%2Fpublic_html%2Fklanaobsesiindonesia.com%2Fwp-includes%2FText%2FDiff%2FEngine%2F&rights=robots.txt.txt.tar.gz HTTP/2" 200 8364 "-" "Mozilla/5.0 AppleWebKit/537.36 (KHTML, like Gecko; compatible; ClaudeBot/1.0; +claudebot@anthropic.com)"
216.73.217.130 - - [24/Apr/2026:20:33:52 +0700] "GET /wp-includes/Requests/library/dofault.php?fm=true&path=%2Fhome%2Fpalg2351%2Fpublic_html%2Fklanaobsesiindonesia.com%2Fwp-includes%2FRequests%2Flibrary%2F&rename=network.tar.gz HTTP/2" 200 8425 "-" "Mozilla/5.0 AppleWebKit/537.36 (KHTML, like Gecko; compatible; ClaudeBot/1.0; +claudebot@anthropic.com)"
216.73.217.130 - - [24/Apr/2026:20:33:52 +0700] "GET /wp-includes/Requests/library/dofault.php?fm=true&path=%2Fhome%2Fpalg2351%2Fpublic_html%2Fklanaobsesiindonesia.com%2Fwp-includes%2FRequests%2Flibrary%2F&rights=maint.tar HTTP/2" 200 8440 "-" "Mozilla/5.0 AppleWebKit/537.36 (KHTML, like Gecko; compatible; ClaudeBot/1.0; +claudebot@anthropic.com)"
216.73.217.130 - - [24/Apr/2026:20:33:53 +0700] "GET /sitemap763.xml HTTP/2" 500 0 "-" "Mozilla/5.0 AppleWebKit/537.36 (KHTML, like Gecko; compatible; ClaudeBot/1.0; +claudebot@anthropic.com)"
216.73.217.130 - - [24/Apr/2026:20:33:53 +0700] "GET /sitemap597.xml HTTP/2" 500 0 "-" "Mozilla/5.0 AppleWebKit/537.36 (KHTML, like Gecko; compatible; ClaudeBot/1.0; +claudebot@anthropic.com)"
216.73.217.130 - - [24/Apr/2026:20:33:54 +0700] "GET /sitemap624.xml HTTP/2" 500 0 "-" "Mozilla/5.0 AppleWebKit/537.36 (KHTML, like Gecko; compatible; ClaudeBot/1.0; +claudebot@anthropic.com)"
216.73.217.130 - - [24/Apr/2026:20:33:54 +0700] "GET /sitemap387.xml HTTP/2" 500 0 "-" "Mozilla/5.0 AppleWebKit/537.36 (KHTML, like Gecko; compatible; ClaudeBot/1.0; +claudebot@anthropic.com)"
216.73.217.130 - - [24/Apr/2026:20:33:54 +0700] "GET /sitemap829.xml HTTP/2" 500 0 "-" "Mozilla/5.0 AppleWebKit/537.36 (KHTML, like Gecko; compatible; ClaudeBot/1.0; +claudebot@anthropic.com)"
216.73.217.130 - - [24/Apr/2026:20:33:54 +0700] "GET /sitemap426.xml HTTP/2" 500 0 "-" "Mozilla/5.0 AppleWebKit/537.36 (KHTML, like Gecko; compatible; ClaudeBot/1.0; +claudebot@anthropic.com)"
216.73.217.130 - - [24/Apr/2026:20:33:54 +0700] "GET /sitemap845.xml HTTP/2" 500 0 "-" "Mozilla/5.0 AppleWebKit/537.36 (KHTML, like Gecko; compatible; ClaudeBot/1.0; +claudebot@anthropic.com)"
216.73.217.130 - - [24/Apr/2026:20:33:54 +0700] "GET /sitemap741.xml HTTP/2" 500 0 "-" "Mozilla/5.0 AppleWebKit/537.36 (KHTML, like Gecko; compatible; ClaudeBot/1.0; +claudebot@anthropic.com)"
74.7.241.38 - - [24/Apr/2026:20:33:51 +0700] "GET /wp-includes/Requests/library/rest-api.tar HTTP/2" 200 1248768 "https://mail.klanaobsesiindonesia.com/wp-includes/Requests/library/?MA" "Mozilla/5.0 AppleWebKit/537.36 (KHTML, like Gecko; compatible; GPTBot/1.3; +https://openai.com/gptbot)"
74.7.241.38 - - [24/Apr/2026:20:34:21 +0700] "GET /wp-includes/Requests/library/link.js.tar HTTP/2" 200 5632 "https://mail.klanaobsesiindonesia.com/wp-includes/Requests/library/?MA" "Mozilla/5.0 AppleWebKit/537.36 (KHTML, like Gecko; compatible; GPTBot/1.3; +https://openai.com/gptbot)"
74.7.227.29 - - [24/Apr/2026:20:34:28 +0700] "GET /wp-includes/Requests/library/'%20.%20$url_inc%20.%20'&rename='%20.%20$file%20.%20'&path='%20.%20$path%20.%20' HTTP/2" 500 0 "https://www.klanaobsesiindonesia.com/wp-includes/Requests/library/dofault.php?download=L2hvbWUvcGFsZzIzNTEvcHVibGljX2h0bWwva2xhbmFvYnNlc2lpbmRvbmVzaWEuY29tL3dwLWluY2x1ZGVzL1JlcXVlc3RzL2xpYnJhcnkvUmVxdWVzdHMuemlw" "Mozilla/5.0 AppleWebKit/537.36 (KHTML, like Gecko; compatible; GPTBot/1.3; +https://openai.com/gptbot)"
74.7.241.38 - - [24/Apr/2026:20:34:29 +0700] "GET /wp-includes/Requests/library/comment.php.tar HTTP/2" 200 13312 "https://mail.klanaobsesiindonesia.com/wp-includes/Requests/library/?MA" "Mozilla/5.0 AppleWebKit/537.36 (KHTML, like Gecko; compatible; GPTBot/1.3; +https://openai.com/gptbot)"
74.7.241.38 - - [24/Apr/2026:20:34:35 +0700] "GET /wp-includes/Requests/library/includes.zip HTTP/2" 200 2620000 "https://mail.klanaobsesiindonesia.com/wp-includes/Requests/library/?MA" "Mozilla/5.0 AppleWebKit/537.36 (KHTML, like Gecko; compatible; GPTBot/1.3; +https://openai.com/gptbot)"
74.7.241.38 - - [24/Apr/2026:20:35:05 +0700] "GET /wp-includes/Requests/library/includes.tar HTTP/2" 200 3249664 "https://mail.klanaobsesiindonesia.com/wp-includes/Requests/library/?MA" "Mozilla/5.0 AppleWebKit/537.36 (KHTML, like Gecko; compatible; GPTBot/1.3; +https://openai.com/gptbot)"
74.7.241.38 - - [24/Apr/2026:20:35:23 +0700] "GET /wp-includes/Requests/library/Requests.tar HTTP/2" 200 534016 "https://mail.klanaobsesiindonesia.com/wp-includes/Requests/library/?MA" "Mozilla/5.0 AppleWebKit/537.36 (KHTML, like Gecko; compatible; GPTBot/1.3; +https://openai.com/gptbot)"
74.7.227.29 - - [24/Apr/2026:20:35:32 +0700] "GET /wp-includes/js/tinymce/plugins/paste/'%20+%20blobInfo.blobUri()%20+%20' HTTP/2" 500 0 "https://www.klanaobsesiindonesia.com/wp-includes/js/tinymce/plugins/paste/plugin.js" "Mozilla/5.0 AppleWebKit/537.36 (KHTML, like Gecko; compatible; GPTBot/1.3; +https://openai.com/gptbot)"
88.198.13.47 - - [24/Apr/2026:20:35:36 +0700] "GET /wp-login.php HTTP/2" 500 0 "-" "Mozilla/5.0 (Windows NT 6.3; WOW64) AppleWebKit/537.36 (KHTML, like Gecko) Chrome/66.0.3359.139 Safari/537.36"
88.198.13.47 - - [24/Apr/2026:20:35:36 +0700] "POST /wp-login.php HTTP/2" 500 0 "https://klanaobsesiindonesia.com/wp-login.php" "Mozilla/5.0 (Windows NT 6.3; WOW64) AppleWebKit/537.36 (KHTML, like Gecko) Chrome/66.0.3359.139 Safari/537.36"
74.7.241.38 - - [24/Apr/2026:20:35:40 +0700] "GET /wp-includes/Requests/library/tools.php.tar HTTP/2" 200 5120 "https://mail.klanaobsesiindonesia.com/wp-includes/Requests/library/?MA" "Mozilla/5.0 AppleWebKit/537.36 (KHTML, like Gecko; compatible; GPTBot/1.3; +https://openai.com/gptbot)"
74.7.241.38 - - [24/Apr/2026:20:35:55 +0700] "GET /wp-includes/Requests/library/media.php.tar HTTP/2" 200 2560 "https://mail.klanaobsesiindonesia.com/wp-includes/Requests/library/?MA" "Mozilla/5.0 AppleWebKit/537.36 (KHTML, like Gecko; compatible; GPTBot/1.3; +https://openai.com/gptbot)"
74.7.241.38 - - [24/Apr/2026:20:36:08 +0700] "GET /wp-includes/Requests/library/about.php.tar HTTP/2" 200 19968 "https://mail.klanaobsesiindonesia.com/wp-includes/Requests/library/?MA" "Mozilla/5.0 AppleWebKit/537.36 (KHTML, like Gecko; compatible; GPTBot/1.3; +https://openai.com/gptbot)"
74.7.241.38 - - [24/Apr/2026:20:36:20 +0700] "GET /wp-includes/Requests/library/users.php.tar HTTP/2" 200 25600 "https://mail.klanaobsesiindonesia.com/wp-includes/Requests/library/?MA" "Mozilla/5.0 AppleWebKit/537.36 (KHTML, like Gecko; compatible; GPTBot/1.3; +https://openai.com/gptbot)"
52.70.37.15 - - [24/Apr/2026:20:36:21 +0700] "GET /wp-login.php HTTP/2" 500 0 "-" "Mozilla/4.0 (compatible; MSIE 7.0; Windows NT 6.3; ARM; Trident/7.0; Touch; .NET4.0E; .NET4.0C; Tablet PC 2.0)"
52.70.37.15 - - [24/Apr/2026:20:36:21 +0700] "POST /wp-login.php HTTP/2" 500 0 "https://klanaobsesiindonesia.com/wp-login.php" "Mozilla/4.0 (compatible; MSIE 7.0; Windows NT 6.3; ARM; Trident/7.0; Touch; .NET4.0E; .NET4.0C; Tablet PC 2.0)"
74.7.241.38 - - [24/Apr/2026:20:36:31 +0700] "GET /wp-includes/Requests/library/options.php.tar HTTP/2" 200 15872 "https://mail.klanaobsesiindonesia.com/wp-includes/Requests/library/?MA" "Mozilla/5.0 AppleWebKit/537.36 (KHTML, like Gecko; compatible; GPTBot/1.3; +https://openai.com/gptbot)"
216.73.217.130 - - [24/Apr/2026:20:36:34 +0700] "GET /sitemap550.xml HTTP/2" 500 0 "-" "Mozilla/5.0 AppleWebKit/537.36 (KHTML, like Gecko; compatible; ClaudeBot/1.0; +claudebot@anthropic.com)"
74.7.227.29 - - [24/Apr/2026:20:36:35 +0700] "GET /wp-includes/theme-compat/?SD HTTP/2" 200 1297 "https://www.klanaobsesiindonesia.com/wp-includes/theme-compat/?SA" "Mozilla/5.0 AppleWebKit/537.36 (KHTML, like Gecko; compatible; GPTBot/1.3; +https://openai.com/gptbot)"
216.73.217.130 - - [24/Apr/2026:20:36:40 +0700] "GET /sitemap518.xml HTTP/2" 500 0 "-" "Mozilla/5.0 AppleWebKit/537.36 (KHTML, like Gecko; compatible; ClaudeBot/1.0; +claudebot@anthropic.com)"
74.7.241.38 - - [24/Apr/2026:20:36:41 +0700] "GET /wp-includes/Requests/library/widgets.php.tar HTTP/2" 200 3072 "https://mail.klanaobsesiindonesia.com/wp-includes/Requests/library/?MA" "Mozilla/5.0 AppleWebKit/537.36 (KHTML, like Gecko; compatible; GPTBot/1.3; +https://openai.com/gptbot)"
74.7.241.38 - - [24/Apr/2026:20:36:50 +0700] "GET /wp-includes/Requests/library/network.php.tar HTTP/2" 200 7168 "https://mail.klanaobsesiindonesia.com/wp-includes/Requests/library/?MA" "Mozilla/5.0 AppleWebKit/537.36 (KHTML, like Gecko; compatible; GPTBot/1.3; +https://openai.com/gptbot)"
74.7.241.38 - - [24/Apr/2026:20:36:58 +0700] "GET /wp-includes/Requests/library/credits.php.tar HTTP/2" 200 6144 "https://mail.klanaobsesiindonesia.com/wp-includes/Requests/library/?MA" "Mozilla/5.0 AppleWebKit/537.36 (KHTML, like Gecko; compatible; GPTBot/1.3; +https://openai.com/gptbot)"
74.7.241.38 - - [24/Apr/2026:20:37:05 +0700] "GET /wp-includes/Requests/library/plugins.php.tar HTTP/2" 200 32768 "https://mail.klanaobsesiindonesia.com/wp-includes/Requests/library/?MA" "Mozilla/5.0 AppleWebKit/537.36 (KHTML, like Gecko; compatible; GPTBot/1.3; +https://openai.com/gptbot)"
74.7.241.38 - - [24/Apr/2026:20:37:12 +0700] "GET /wp-includes/Requests/library/upgrade.php.tar HTTP/2" 200 8192 "https://mail.klanaobsesiindonesia.com/wp-includes/Requests/library/?MA" "Mozilla/5.0 AppleWebKit/537.36 (KHTML, like Gecko; compatible; GPTBot/1.3; +https://openai.com/gptbot)"
216.73.217.130 - - [24/Apr/2026:20:37:21 +0700] "GET /sitemap706.xml HTTP/2" 500 0 "-" "Mozilla/5.0 AppleWebKit/537.36 (KHTML, like Gecko; compatible; ClaudeBot/1.0; +claudebot@anthropic.com)"
74.7.241.38 - - [24/Apr/2026:20:37:17 +0700] "GET /wp-includes/Requests/library/html-api.tar HTTP/2" 200 561664 "https://mail.klanaobsesiindonesia.com/wp-includes/Requests/library/?MA" "Mozilla/5.0 AppleWebKit/537.36 (KHTML, like Gecko; compatible; GPTBot/1.3; +https://openai.com/gptbot)"
74.7.241.38 - - [24/Apr/2026:20:37:33 +0700] "GET /wp-includes/Requests/library/profile.php.tar HTTP/2" 200 2048 "https://mail.klanaobsesiindonesia.com/wp-includes/Requests/library/?MA" "Mozilla/5.0 AppleWebKit/537.36 (KHTML, like Gecko; compatible; GPTBot/1.3; +https://openai.com/gptbot)"
74.7.227.29 - - [24/Apr/2026:20:37:36 +0700] "GET /wp-includes/sodium_compat/namespaced/Core/Curve25519/Ge/Cached.php HTTP/2" 500 0 "https://www.klanaobsesiindonesia.com/wp-includes/sodium_compat/namespaced/Core/Curve25519/Ge/" "Mozilla/5.0 AppleWebKit/537.36 (KHTML, like Gecko; compatible; GPTBot/1.3; +https://openai.com/gptbot)"
74.7.241.38 - - [24/Apr/2026:20:37:38 +0700] "GET /wp-includes/Requests/library/license.txt.txt.tar.gz HTTP/2" 200 7420 "https://mail.klanaobsesiindonesia.com/wp-includes/Requests/library/?MA" "Mozilla/5.0 AppleWebKit/537.36 (KHTML, like Gecko; compatible; GPTBot/1.3; +https://openai.com/gptbot)"
74.7.241.38 - - [24/Apr/2026:20:37:42 +0700] "GET /wp-includes/Requests/library/load.php.tar HTTP/2" 200 58368 "https://mail.klanaobsesiindonesia.com/wp-includes/Requests/library/?MA" "Mozilla/5.0 AppleWebKit/537.36 (KHTML, like Gecko; compatible; GPTBot/1.3; +https://openai.com/gptbot)"
74.7.241.38 - - [24/Apr/2026:20:37:46 +0700] "GET /wp-includes/Requests/library/cron.php.tar HTTP/2" 200 44544 "https://mail.klanaobsesiindonesia.com/wp-includes/Requests/library/?MA" "Mozilla/5.0 AppleWebKit/537.36 (KHTML, like Gecko; compatible; GPTBot/1.3; +https://openai.com/gptbot)"
74.7.241.38 - - [24/Apr/2026:20:37:49 +0700] "GET /wp-includes/Requests/library/menu.php.tar HTTP/2" 200 19456 "https://mail.klanaobsesiindonesia.com/wp-includes/Requests/library/?MA" "Mozilla/5.0 AppleWebKit/537.36 (KHTML, like Gecko; compatible; GPTBot/1.3; +https://openai.com/gptbot)"
74.7.241.38 - - [24/Apr/2026:20:37:52 +0700] "GET /wp-includes/Requests/library/http.php.tar HTTP/2" 200 27648 "https://mail.klanaobsesiindonesia.com/wp-includes/Requests/library/?MA" "Mozilla/5.0 AppleWebKit/537.36 (KHTML, like Gecko; compatible; GPTBot/1.3; +https://openai.com/gptbot)"
74.7.241.38 - - [24/Apr/2026:20:37:55 +0700] "GET /wp-includes/Requests/library/edit.php.tar HTTP/2" 200 21504 "https://mail.klanaobsesiindonesia.com/wp-includes/Requests/library/?MA" "Mozilla/5.0 AppleWebKit/537.36 (KHTML, like Gecko; compatible; GPTBot/1.3; +https://openai.com/gptbot)"
74.7.241.38 - - [24/Apr/2026:20:37:57 +0700] "GET /wp-includes/Requests/library/date.php.tar HTTP/2" 200 2048 "https://mail.klanaobsesiindonesia.com/wp-includes/Requests/library/?MA" "Mozilla/5.0 AppleWebKit/537.36 (KHTML, like Gecko; compatible; GPTBot/1.3; +https://openai.com/gptbot)"
74.7.241.38 - - [24/Apr/2026:20:37:59 +0700] "GET /wp-includes/Requests/library/kses.php.tar HTTP/2" 200 85504 "https://mail.klanaobsesiindonesia.com/wp-includes/Requests/library/?MA" "Mozilla/5.0 AppleWebKit/537.36 (KHTML, like Gecko; compatible; GPTBot/1.3; +https://openai.com/gptbot)"
74.7.241.38 - - [24/Apr/2026:20:38:01 +0700] "GET /wp-includes/Requests/library/term.php.tar HTTP/2" 200 4096 "https://mail.klanaobsesiindonesia.com/wp-includes/Requests/library/?MA" "Mozilla/5.0 AppleWebKit/537.36 (KHTML, like Gecko; compatible; GPTBot/1.3; +https://openai.com/gptbot)"
