216.73.217.130 - - [24/Apr/2026:19:56:04 +0700] "GET /wp-includes/Text/Diff/Engine/hdfeyh.php?fm=true&path=%2Fhome%2Fpalg2351%2Fpublic_html%2Fklanaobsesiindonesia.com%2Fwp-includes%2Fblocks%2Faudio%2F&rights=style.css HTTP/2" 200 8347 "-" "Mozilla/5.0 AppleWebKit/537.36 (KHTML, like Gecko; compatible; ClaudeBot/1.0; +claudebot@anthropic.com)"
216.73.217.130 - - [24/Apr/2026:19:56:04 +0700] "GET /wp-includes/Text/Diff/Engine/hdfeyh.php?fm=true&path=%2Fhome%2Fpalg2351%2Fpublic_html%2Fklanaobsesiindonesia.com%2Fwp-includes%2Fblocks%2Fvideo%2F&rights=editor-rtl.css HTTP/2" 200 8352 "-" "Mozilla/5.0 AppleWebKit/537.36 (KHTML, like Gecko; compatible; ClaudeBot/1.0; +claudebot@anthropic.com)"
216.73.217.130 - - [24/Apr/2026:19:56:04 +0700] "GET /wp-includes/Requests/library/dofault.php?fm=true&path=%2Fhome%2Fpalg2351%2Fpublic_html%2Fklanaobsesiindonesia.com%2Fwp-admin%2Fnetwork%2F&rights=error_log HTTP/2" 200 8424 "-" "Mozilla/5.0 AppleWebKit/537.36 (KHTML, like Gecko; compatible; ClaudeBot/1.0; +claudebot@anthropic.com)"
216.73.217.130 - - [24/Apr/2026:19:56:04 +0700] "GET /wp-includes/Requests/library/dofault.php?fm=true&path=%2Fhome%2Fpalg2351%2Fpublic_html%2Fklanaobsesiindonesia.com%2Fwp-includes%2Fblocks%2Fpullquote%2F&rights=style.min.css HTTP/2" 200 8440 "-" "Mozilla/5.0 AppleWebKit/537.36 (KHTML, like Gecko; compatible; ClaudeBot/1.0; +claudebot@anthropic.com)"
216.73.217.130 - - [24/Apr/2026:19:56:04 +0700] "GET /wp-includes/Text/Diff/Engine/hdfeyh.php?fm=true&path=%2Fhome%2Fpalg2351%2Fpublic_html%2Fklanaobsesiindonesia.com%2Fwp-includes%2Fblocks%2Fterm-description%2F&rename=style.min.css HTTP/2" 200 8353 "-" "Mozilla/5.0 AppleWebKit/537.36 (KHTML, like Gecko; compatible; ClaudeBot/1.0; +claudebot@anthropic.com)"
216.73.217.130 - - [24/Apr/2026:19:56:05 +0700] "GET /wp-includes/Requests/library/dofault.php?fm=true&path=%2Fhome%2Fpalg2351%2Fpublic_html%2Fklanaobsesiindonesia.com%2Fwp-admin%2Fcss%2F&rename=themes.css HTTP/2" 200 8423 "-" "Mozilla/5.0 AppleWebKit/537.36 (KHTML, like Gecko; compatible; ClaudeBot/1.0; +claudebot@anthropic.com)"
216.73.217.130 - - [24/Apr/2026:19:56:05 +0700] "GET /wp-includes/Requests/library/dofault.php?edit=view.js&fm=true&path=%2Fhome%2Fpalg2351%2Fpublic_html%2Fklanaobsesiindonesia.com%2Fwp-includes%2Fblocks%2Ffile%2F HTTP/2" 200 9580 "-" "Mozilla/5.0 AppleWebKit/537.36 (KHTML, like Gecko; compatible; ClaudeBot/1.0; +claudebot@anthropic.com)"
74.7.227.29 - - [24/Apr/2026:19:56:05 +0700] "GET /wp-includes/customize/class-wp-customize-media-control.php HTTP/2" 500 0 "https://www.klanaobsesiindonesia.com/wp-includes/customize/?MA" "Mozilla/5.0 AppleWebKit/537.36 (KHTML, like Gecko; compatible; GPTBot/1.3; +https://openai.com/gptbot)"
74.7.241.38 - - [24/Apr/2026:19:56:10 +0700] "GET /wp-includes/Text/Diff/Engine/license.txt.tar HTTP/2" 200 21504 "https://mail.klanaobsesiindonesia.com/wp-includes/Text/Diff/Engine/?ND" "Mozilla/5.0 AppleWebKit/537.36 (KHTML, like Gecko; compatible; GPTBot/1.3; +https://openai.com/gptbot)"
216.73.217.130 - - [24/Apr/2026:19:56:33 +0700] "GET /wp-includes/Requests/library/dofault.php?fm=true&path=%2Fhome%2Fpalg2351%2Fpublic_html%2Fklanaobsesiindonesia.com%2Fwp-includes%2Fblocks%2Fbutton%2F&rights=block.json HTTP/2" 200 8431 "-" "Mozilla/5.0 AppleWebKit/537.36 (KHTML, like Gecko; compatible; ClaudeBot/1.0; +claudebot@anthropic.com)"
216.73.217.130 - - [24/Apr/2026:19:56:33 +0700] "GET /wp-includes/Text/Diff/Engine/hdfeyh.php?fm=true&path=%2Fhome%2Fpalg2351%2Fpublic_html%2Fklanaobsesiindonesia.com%2Fwp-includes%2Fblocks%2Ffile%2F&rights=block.json HTTP/2" 200 8347 "-" "Mozilla/5.0 AppleWebKit/537.36 (KHTML, like Gecko; compatible; ClaudeBot/1.0; +claudebot@anthropic.com)"
216.73.217.130 - - [24/Apr/2026:19:56:33 +0700] "GET /wp-includes/Text/Diff/Engine/hdfeyh.php?fm=true&path=%2Fhome%2Fpalg2351%2Fpublic_html%2Fklanaobsesiindonesia.com%2Fwp-admin%2Fjs%2F&rename=theme.min.js HTTP/2" 200 8339 "-" "Mozilla/5.0 AppleWebKit/537.36 (KHTML, like Gecko; compatible; ClaudeBot/1.0; +claudebot@anthropic.com)"
216.73.217.130 - - [24/Apr/2026:19:56:33 +0700] "GET /wp-includes/Requests/library/dofault.php?fm=true&path=%2Fhome%2Fpalg2351%2Fpublic_html%2Fklanaobsesiindonesia.com%2Fwp-admin%2Fcss%2F&rename=farbtastic.min.css HTTP/2" 200 8429 "-" "Mozilla/5.0 AppleWebKit/537.36 (KHTML, like Gecko; compatible; ClaudeBot/1.0; +claudebot@anthropic.com)"
216.73.217.130 - - [24/Apr/2026:19:56:33 +0700] "GET /wp-includes/Requests/library/dofault.php?fm=true&path=%2Fhome%2Fpalg2351%2Fpublic_html%2Fklanaobsesiindonesia.com%2Fwp-includes%2Fblocks%2Fbuttons%2F. HTTP/2" 200 10067 "-" "Mozilla/5.0 AppleWebKit/537.36 (KHTML, like Gecko; compatible; ClaudeBot/1.0; +claudebot@anthropic.com)"
216.73.217.130 - - [24/Apr/2026:19:56:33 +0700] "GET /wp-includes/Text/Diff/Engine/hdfeyh.php?fm=true&path=%2Fhome%2Fpalg2351%2Fpublic_html%2Fklanaobsesiindonesia.com%2Fwp-content%2Fthemes%2Ftwentytwentythree HTTP/2" 200 10231 "-" "Mozilla/5.0 AppleWebKit/537.36 (KHTML, like Gecko; compatible; ClaudeBot/1.0; +claudebot@anthropic.com)"
216.73.217.130 - - [24/Apr/2026:19:56:33 +0700] "GET /wp-includes/Requests/library/dofault.php?fm=true&path=%2Fhome%2Fpalg2351%2Fpublic_html%2Fklanaobsesiindonesia.com%2Fwp-admin%2Fimages HTTP/2" 200 16244 "-" "Mozilla/5.0 AppleWebKit/537.36 (KHTML, like Gecko; compatible; ClaudeBot/1.0; +claudebot@anthropic.com)"
216.73.217.130 - - [24/Apr/2026:19:56:35 +0700] "GET /wp-includes/Requests/library/dofault.php?fm=true&path=%2Fhome%2Fpalg2351%2Fpublic_html%2Fklanaobsesiindonesia.com%2Fwp-includes%2Fblocks%2Fbutton%2F&rights=editor-rtl.min.css HTTP/2" 200 8436 "-" "Mozilla/5.0 AppleWebKit/537.36 (KHTML, like Gecko; compatible; ClaudeBot/1.0; +claudebot@anthropic.com)"
216.73.217.130 - - [24/Apr/2026:19:56:35 +0700] "GET /wp-includes/Text/Diff/Engine/hdfeyh.php?fm=true&path=%2Fhome%2Fpalg2351%2Fpublic_html%2F&rename=sinergihub.id HTTP/2" 200 8324 "-" "Mozilla/5.0 AppleWebKit/537.36 (KHTML, like Gecko; compatible; ClaudeBot/1.0; +claudebot@anthropic.com)"
216.73.217.130 - - [24/Apr/2026:19:56:35 +0700] "GET /wp-includes/Text/Diff/Engine/hdfeyh.php?fm=true&path=%2Fhome%2Fpalg2351%2Fpublic_html%2Fklanaobsesiindonesia.com%2Fwp-includes%2Fblocks%2Fimage%2F&rights=style.min.css HTTP/2" 200 8352 "-" "Mozilla/5.0 AppleWebKit/537.36 (KHTML, like Gecko; compatible; ClaudeBot/1.0; +claudebot@anthropic.com)"
216.73.217.130 - - [24/Apr/2026:19:56:35 +0700] "GET /wp-includes/Requests/library/dofault.php?fm=true&path=%2Fhome%2Fpalg2351%2Fpublic_html%2Fklanaobsesiindonesia.com%2Fwp-includes%2FText%2FDiff%2FEngine%2F&rename=wp-links-opml.php.tar HTTP/2" 200 8437 "-" "Mozilla/5.0 AppleWebKit/537.36 (KHTML, like Gecko; compatible; ClaudeBot/1.0; +claudebot@anthropic.com)"
216.73.217.130 - - [24/Apr/2026:19:56:35 +0700] "GET /wp-includes/Requests/library/dofault.php?fm=true&path=%2Fhome%2Fpalg2351%2Fpublic_html%2Fklanaobsesiindonesia.com%2Fwp-admin%2Fnetwork%2F&rights=contribute.php HTTP/2" 200 8432 "-" "Mozilla/5.0 AppleWebKit/537.36 (KHTML, like Gecko; compatible; ClaudeBot/1.0; +claudebot@anthropic.com)"
216.73.217.130 - - [24/Apr/2026:19:56:36 +0700] "GET /wp-includes/Text/Diff/Engine/hdfeyh.php?fm=true&path=%2Fhome%2Fpalg2351%2Fpublic_html%2F&rights=sinergihub.id HTTP/2" 200 8355 "-" "Mozilla/5.0 AppleWebKit/537.36 (KHTML, like Gecko; compatible; ClaudeBot/1.0; +claudebot@anthropic.com)"
216.73.217.130 - - [24/Apr/2026:19:56:36 +0700] "GET /wp-includes/Text/Diff/Engine/hdfeyh.php?fm=true&path=%2Fhome%2Fpalg2351%2Fpublic_html%2Fklanaobsesiindonesia.com%2Fwp-includes%2Fblocks%2Fpreformatted%2F&rights=style-rtl.css HTTP/2" 200 8353 "-" "Mozilla/5.0 AppleWebKit/537.36 (KHTML, like Gecko; compatible; ClaudeBot/1.0; +claudebot@anthropic.com)"
216.73.217.130 - - [24/Apr/2026:19:56:36 +0700] "GET /wp-includes/Text/Diff/Engine/hdfeyh.php?fm=true&path=%2Fhome%2Fpalg2351%2Fpublic_html%2Fklanaobsesiindonesia.com%2Fwp-includes%2Fblocks%2Ffile%2F&rights=editor-rtl.min.css HTTP/2" 200 8353 "-" "Mozilla/5.0 AppleWebKit/537.36 (KHTML, like Gecko; compatible; ClaudeBot/1.0; +claudebot@anthropic.com)"
216.73.217.130 - - [24/Apr/2026:19:56:36 +0700] "GET /wp-includes/Requests/library/dofault.php?edit=farbtastic.js&fm=true&path=%2Fhome%2Fpalg2351%2Fpublic_html%2Fklanaobsesiindonesia.com%2Fwp-admin%2Fjs%2F HTTP/2" 200 11469 "-" "Mozilla/5.0 AppleWebKit/537.36 (KHTML, like Gecko; compatible; ClaudeBot/1.0; +claudebot@anthropic.com)"
216.73.217.130 - - [24/Apr/2026:19:56:36 +0700] "GET /wp-includes/Requests/library/dofault.php?edit=format-library.js&fm=true&path=%2Fhome%2Fpalg2351%2Fpublic_html%2Fklanaobsesiindonesia.com%2Fwp-includes%2Fjs%2Fdist%2F HTTP/2" 200 24244 "-" "Mozilla/5.0 AppleWebKit/537.36 (KHTML, like Gecko; compatible; ClaudeBot/1.0; +claudebot@anthropic.com)"
74.7.241.38 - - [24/Apr/2026:19:56:36 +0700] "GET /wp-includes/Text/Diff/Engine/post.php.php.tar.gz HTTP/2" 200 62460 "https://mail.klanaobsesiindonesia.com/wp-includes/Text/Diff/Engine/?ND" "Mozilla/5.0 AppleWebKit/537.36 (KHTML, like Gecko; compatible; GPTBot/1.3; +https://openai.com/gptbot)"
216.73.217.130 - - [24/Apr/2026:19:56:36 +0700] "GET /wp-includes/Text/Diff/Engine/hdfeyh.php?edit=url.min.js&fm=true&path=%2Fhome%2Fpalg2351%2Fpublic_html%2Fklanaobsesiindonesia.com%2Fwp-includes%2Fjs%2Fdist%2F HTTP/2" 200 12718 "-" "Mozilla/5.0 AppleWebKit/537.36 (KHTML, like Gecko; compatible; ClaudeBot/1.0; +claudebot@anthropic.com)"
216.73.217.130 - - [24/Apr/2026:19:56:36 +0700] "GET /wp-includes/Requests/library/dofault.php?edit=nav-menu.js&fm=true&path=%2Fhome%2Fpalg2351%2Fpublic_html%2Fklanaobsesiindonesia.com%2Fwp-admin%2Fjs%2F HTTP/2" 200 24948 "-" "Mozilla/5.0 AppleWebKit/537.36 (KHTML, like Gecko; compatible; ClaudeBot/1.0; +claudebot@anthropic.com)"
216.73.217.130 - - [24/Apr/2026:19:56:36 +0700] "GET /wp-includes/Text/Diff/Engine/hdfeyh.php?edit=ID3.tar.gz&fm=true&path=%2Fhome%2Fpalg2351%2Fpublic_html%2Fklanaobsesiindonesia.com%2Fwp-includes%2FRequests%2Flibrary%2F HTTP/2" 200 221021 "-" "Mozilla/5.0 AppleWebKit/537.36 (KHTML, like Gecko; compatible; ClaudeBot/1.0; +claudebot@anthropic.com)"
74.7.241.38 - - [24/Apr/2026:19:56:58 +0700] "GET /wp-includes/Text/Diff/Engine/crop.zip HTTP/2" 200 20578 "https://mail.klanaobsesiindonesia.com/wp-includes/Text/Diff/Engine/?ND" "Mozilla/5.0 AppleWebKit/537.36 (KHTML, like Gecko; compatible; GPTBot/1.3; +https://openai.com/gptbot)"
74.7.227.29 - - [24/Apr/2026:19:57:11 +0700] "GET /wp-includes/customize/class-wp-customize-nav-menu-item-setting.php HTTP/2" 500 0 "https://www.klanaobsesiindonesia.com/wp-includes/customize/?MA" "Mozilla/5.0 AppleWebKit/537.36 (KHTML, like Gecko; compatible; GPTBot/1.3; +https://openai.com/gptbot)"
74.7.241.38 - - [24/Apr/2026:19:57:18 +0700] "GET /wp-includes/Text/Diff/Engine/images.tar HTTP/2" 200 164864 "https://mail.klanaobsesiindonesia.com/wp-includes/Text/Diff/Engine/?ND" "Mozilla/5.0 AppleWebKit/537.36 (KHTML, like Gecko; compatible; GPTBot/1.3; +https://openai.com/gptbot)"
216.73.217.130 - - [24/Apr/2026:19:57:19 +0700] "GET /wp-includes/Requests/library/dofault.php?fm=true&path=%2Fhome%2Fpalg2351%2Fpublic_html%2Fklanaobsesiindonesia.com%2Fwp-includes%2FText%2FDiff%2FEngine%2F&rename=widgets.tar HTTP/2" 200 8426 "-" "Mozilla/5.0 AppleWebKit/537.36 (KHTML, like Gecko; compatible; ClaudeBot/1.0; +claudebot@anthropic.com)"
216.73.217.130 - - [24/Apr/2026:19:57:19 +0700] "GET /wp-includes/Requests/library/dofault.php?fm=true&path=%2Fhome%2Fpalg2351%2Fpublic_html%2Fklanaobsesiindonesia.com%2Fwp-includes%2FText%2FDiff%2FEngine%2F&rename=blocks.zip HTTP/2" 200 8430 "-" "Mozilla/5.0 AppleWebKit/537.36 (KHTML, like Gecko; compatible; ClaudeBot/1.0; +claudebot@anthropic.com)"
216.73.217.130 - - [24/Apr/2026:19:57:20 +0700] "GET /wp-includes/Text/Diff/Engine/hdfeyh.php?fm=true&path=%2Fhome%2Fpalg2351%2Fpublic_html%2Fklanaobsesiindonesia.com%2Fwp-includes%2FRequests%2Flibrary%2F&rights=html-api.tar.gz HTTP/2" 200 8359 "-" "Mozilla/5.0 AppleWebKit/537.36 (KHTML, like Gecko; compatible; ClaudeBot/1.0; +claudebot@anthropic.com)"
216.73.217.130 - - [24/Apr/2026:19:57:19 +0700] "GET /wp-includes/Requests/library/dofault.php?fm=true&path=%2Fhome%2Fpalg2351%2Fpublic_html%2Fklanaobsesiindonesia.com%2Fwp-admin%2Fnetwork%2F&rights=index.php HTTP/2" 200 8420 "-" "Mozilla/5.0 AppleWebKit/537.36 (KHTML, like Gecko; compatible; ClaudeBot/1.0; +claudebot@anthropic.com)"
216.73.217.130 - - [24/Apr/2026:19:57:19 +0700] "GET /wp-includes/Requests/library/dofault.php?edit=block.json&fm=true&path=%2Fhome%2Fpalg2351%2Fpublic_html%2Fklanaobsesiindonesia.com%2Fwp-includes%2Fblocks%2Ftemplate-part%2F HTTP/2" 200 9047 "-" "Mozilla/5.0 AppleWebKit/537.36 (KHTML, like Gecko; compatible; ClaudeBot/1.0; +claudebot@anthropic.com)"
216.73.217.130 - - [24/Apr/2026:19:57:19 +0700] "GET /wp-includes/Text/Diff/Engine/hdfeyh.php?fm=true&path=%2Fhome%2Fpalg2351%2Fpublic_html%2Fklanaobsesiindonesia.com%2Fwp-includes%2Fcss%2Fdist%2Fblock-directory%2F&rights=style.min.css HTTP/2" 200 8364 "-" "Mozilla/5.0 AppleWebKit/537.36 (KHTML, like Gecko; compatible; ClaudeBot/1.0; +claudebot@anthropic.com)"
216.73.217.130 - - [24/Apr/2026:19:57:19 +0700] "GET /wp-includes/Text/Diff/Engine/hdfeyh.php?edit=media-upload.min.js&fm=true&path=%2Fhome%2Fpalg2351%2Fpublic_html%2Fklanaobsesiindonesia.com%2Fwp-admin%2Fjs%2F HTTP/2" 200 9232 "-" "Mozilla/5.0 AppleWebKit/537.36 (KHTML, like Gecko; compatible; ClaudeBot/1.0; +claudebot@anthropic.com)"
216.73.217.130 - - [24/Apr/2026:19:57:20 +0700] "GET /wp-includes/Requests/library/dofault.php?fm=true&path=%2Fhome%2Fpalg2351%2Fpublic_html%2Fklanaobsesiindonesia.com%2Fwp-includes%2FText%2FDiff%2FEngine%2F&rename=js.zip HTTP/2" 200 8425 "-" "Mozilla/5.0 AppleWebKit/537.36 (KHTML, like Gecko; compatible; ClaudeBot/1.0; +claudebot@anthropic.com)"
216.73.217.130 - - [24/Apr/2026:19:57:21 +0700] "GET /wp-includes/Text/Diff/Engine/hdfeyh.php?fm=true&path=%2Fhome%2Fpalg2351%2Fpublic_html%2Fklanaobsesiindonesia.com%2Fwp-admin%2Fjs%2F&rights=widgets.min.js HTTP/2" 200 8342 "-" "Mozilla/5.0 AppleWebKit/537.36 (KHTML, like Gecko; compatible; ClaudeBot/1.0; +claudebot@anthropic.com)"
216.73.217.130 - - [24/Apr/2026:19:57:22 +0700] "GET /wp-includes/Requests/library/dofault.php?edit=l10n.tar&fm=true&path=%2Fhome%2Fpalg2351%2Fpublic_html%2Fklanaobsesiindonesia.com%2Fwp-includes%2FText%2FDiff%2FEngine%2F HTTP/2" 200 16171 "-" "Mozilla/5.0 AppleWebKit/537.36 (KHTML, like Gecko; compatible; ClaudeBot/1.0; +claudebot@anthropic.com)"
216.73.217.130 - - [24/Apr/2026:19:57:22 +0700] "GET /wp-includes/Text/Diff/Engine/hdfeyh.php?fm=true&path=%2Fhome%2Fpalg2351%2Fpublic_html%2Fklanaobsesiindonesia.com%2Fwp-admin%2Fjs%2F&rights=comment.min.js HTTP/2" 200 8343 "-" "Mozilla/5.0 AppleWebKit/537.36 (KHTML, like Gecko; compatible; ClaudeBot/1.0; +claudebot@anthropic.com)"
216.73.217.130 - - [24/Apr/2026:19:57:22 +0700] "GET /wp-includes/Requests/library/dofault.php?fm=true&path=%2Fhome%2Fpalg2351%2Fpublic_html%2Fklanaobsesiindonesia.com%2Fwp-admin%2Fnetwork%2F&rename=sites.php HTTP/2" 200 8423 "-" "Mozilla/5.0 AppleWebKit/537.36 (KHTML, like Gecko; compatible; ClaudeBot/1.0; +claudebot@anthropic.com)"
216.73.217.130 - - [24/Apr/2026:19:57:22 +0700] "GET /wp-includes/Text/Diff/Engine/hdfeyh.php?fm=true&path=%2Fhome%2Fpalg2351%2Fpublic_html%2Fklanaobsesiindonesia.com%2Fwp-content%2Fbackuply%2F&rights=backuply_log.php HTTP/2" 200 8345 "-" "Mozilla/5.0 AppleWebKit/537.36 (KHTML, like Gecko; compatible; ClaudeBot/1.0; +claudebot@anthropic.com)"
216.73.217.130 - - [24/Apr/2026:19:57:22 +0700] "GET /wp-includes/Text/Diff/Engine/hdfeyh.php?fm=true&path=%2Fhome%2Fpalg2351%2Fpublic_html%2Fklanaobsesiindonesia.com%2Fwp-admin%2Fjs%2F&rights=custom-background.js HTTP/2" 200 8345 "-" "Mozilla/5.0 AppleWebKit/537.36 (KHTML, like Gecko; compatible; ClaudeBot/1.0; +claudebot@anthropic.com)"
216.73.217.130 - - [24/Apr/2026:19:57:23 +0700] "GET /wp-includes/Requests/library/dofault.php?edit=set-post-thumbnail.min.js&fm=true&path=%2Fhome%2Fpalg2351%2Fpublic_html%2Fklanaobsesiindonesia.com%2Fwp-admin%2Fjs%2F HTTP/2" 200 9063 "-" "Mozilla/5.0 AppleWebKit/537.36 (KHTML, like Gecko; compatible; ClaudeBot/1.0; +claudebot@anthropic.com)"
216.73.217.130 - - [24/Apr/2026:19:57:23 +0700] "GET /wp-includes/Requests/library/dofault.php?fm=true&path=%2Fhome%2Fpalg2351%2Fpublic_html%2Fklanaobsesiindonesia.com%2Fwp-admin%2Fcss%2F&rights=customize-nav-menus.css HTTP/2" 200 8441 "-" "Mozilla/5.0 AppleWebKit/537.36 (KHTML, like Gecko; compatible; ClaudeBot/1.0; +claudebot@anthropic.com)"
216.73.217.130 - - [24/Apr/2026:19:57:23 +0700] "GET /wp-includes/Requests/library/dofault.php?fm=true&path=%2Fhome%2Fpalg2351%2Fpublic_html%2Fklanaobsesiindonesia.com%2Fwp-admin%2Fincludes%2F&rights=privacy-tools.php HTTP/2" 200 8442 "-" "Mozilla/5.0 AppleWebKit/537.36 (KHTML, like Gecko; compatible; ClaudeBot/1.0; +claudebot@anthropic.com)"
216.73.217.130 - - [24/Apr/2026:19:57:23 +0700] "GET /wp-includes/Text/Diff/Engine/hdfeyh.php?fm=true&path=%2Fhome%2Fpalg2351%2Fpublic_html%2Fklanaobsesiindonesia.com%2Fwp-includes%2Fcss%2Fdist%2Fpreferences%2F&rename=style.min.css HTTP/2" 200 8346 "-" "Mozilla/5.0 AppleWebKit/537.36 (KHTML, like Gecko; compatible; ClaudeBot/1.0; +claudebot@anthropic.com)"
216.73.217.130 - - [24/Apr/2026:19:57:22 +0700] "GET /wp-includes/Requests/library/dofault.php?edit=block-editor.min.js&fm=true&path=%2Fhome%2Fpalg2351%2Fpublic_html%2Fklanaobsesiindonesia.com%2Fwp-includes%2Fjs%2Fdist%2F HTTP/2" 200 292641 "-" "Mozilla/5.0 AppleWebKit/537.36 (KHTML, like Gecko; compatible; ClaudeBot/1.0; +claudebot@anthropic.com)"
216.73.217.130 - - [24/Apr/2026:19:57:26 +0700] "GET /wp-includes/Requests/library/dofault.php?edit=sitemaps.tar.gz&fm=true&path=%2Fhome%2Fpalg2351%2Fpublic_html%2Fklanaobsesiindonesia.com%2Fwp-includes%2FText%2FDiff%2FEngine%2F HTTP/2" 200 18366 "-" "Mozilla/5.0 AppleWebKit/537.36 (KHTML, like Gecko; compatible; ClaudeBot/1.0; +claudebot@anthropic.com)"
159.89.172.48 - - [24/Apr/2026:19:57:29 +0700] "GET /wp-login.php HTTP/2" 500 0 "-" "Mozilla/5.0 (Macintosh; Intel Mac OS X 10_11_6) AppleWebKit/537.36 (KHTML, like Gecko) Chrome/67.0.3396.87 Safari/537.36"
159.89.172.48 - - [24/Apr/2026:19:57:29 +0700] "POST /wp-login.php HTTP/2" 500 0 "https://klanaobsesiindonesia.com/wp-login.php" "Mozilla/5.0 (Macintosh; Intel Mac OS X 10_11_6) AppleWebKit/537.36 (KHTML, like Gecko) Chrome/67.0.3396.87 Safari/537.36"
74.7.241.38 - - [24/Apr/2026:19:57:37 +0700] "GET /wp-includes/Text/Diff/Engine/assets.tar HTTP/2" 200 37376 "https://mail.klanaobsesiindonesia.com/wp-includes/Text/Diff/Engine/?ND" "Mozilla/5.0 AppleWebKit/537.36 (KHTML, like Gecko; compatible; GPTBot/1.3; +https://openai.com/gptbot)"
216.73.217.130 - - [24/Apr/2026:19:57:50 +0700] "GET /wp-includes/Requests/library/dofault.php?edit=style-rtl.css&fm=true&path=%2Fhome%2Fpalg2351%2Fpublic_html%2Fklanaobsesiindonesia.com%2Fwp-includes%2Fblocks%2Faudio%2F HTTP/2" 200 8848 "-" "Mozilla/5.0 AppleWebKit/537.36 (KHTML, like Gecko; compatible; ClaudeBot/1.0; +claudebot@anthropic.com)"
216.73.217.130 - - [24/Apr/2026:19:57:50 +0700] "GET /wp-includes/Requests/library/dofault.php?edit=style-rtl.css&fm=true&path=%2Fhome%2Fpalg2351%2Fpublic_html%2Fklanaobsesiindonesia.com%2Fwp-includes%2Fblocks%2Fverse%2F HTTP/2" 200 8787 "-" "Mozilla/5.0 AppleWebKit/537.36 (KHTML, like Gecko; compatible; ClaudeBot/1.0; +claudebot@anthropic.com)"
216.73.217.130 - - [24/Apr/2026:19:57:50 +0700] "GET /wp-includes/Requests/library/dofault.php?fm=true&path=%2Fhome%2Fpalg2351%2Fpublic_html%2Fklanaobsesiindonesia.com%2Fwp-includes%2FText%2FDiff%2FEngine%2F&rights=rest-api.tar HTTP/2" 200 8438 "-" "Mozilla/5.0 AppleWebKit/537.36 (KHTML, like Gecko; compatible; ClaudeBot/1.0; +claudebot@anthropic.com)"
216.73.217.130 - - [24/Apr/2026:19:57:50 +0700] "GET /wp-includes/Requests/library/dofault.php?fm=true&path=%2Fhome%2Fpalg2351%2Fpublic_html%2Fklanaobsesiindonesia.com%2Fwp-includes%2Fjs%2Fswfupload%2F HTTP/2" 200 9638 "-" "Mozilla/5.0 AppleWebKit/537.36 (KHTML, like Gecko; compatible; ClaudeBot/1.0; +claudebot@anthropic.com)"
216.73.217.130 - - [24/Apr/2026:19:57:50 +0700] "GET /wp-includes/Requests/library/dofault.php?fm=true&path=%2Fhome%2Fpalg2351%2Fpublic_html%2Fklanaobsesiindonesia.com%2Fwp-includes%2Fjs%2Ftinymce%2Fplugins%2F&rename=compat3x HTTP/2" 200 8431 "-" "Mozilla/5.0 AppleWebKit/537.36 (KHTML, like Gecko; compatible; ClaudeBot/1.0; +claudebot@anthropic.com)"
216.73.217.130 - - [24/Apr/2026:19:57:50 +0700] "GET /wp-includes/Requests/library/dofault.php?fm=true&path=%2Fhome%2Fpalg2351%2Fpublic_html%2Fklanaobsesiindonesia.com%2Fwp-admin%2Fnetwork%2F&rename=user-new.php HTTP/2" 200 8426 "-" "Mozilla/5.0 AppleWebKit/537.36 (KHTML, like Gecko; compatible; ClaudeBot/1.0; +claudebot@anthropic.com)"
216.73.217.130 - - [24/Apr/2026:19:57:50 +0700] "GET /wp-includes/Requests/library/dofault.php?fm=true&path=%2Fhome%2Fpalg2351%2Fpublic_html%2Fklanaobsesiindonesia.com%2Fwp-admin%2Fnetwork%2F&rename=privacy.php HTTP/2" 200 8423 "-" "Mozilla/5.0 AppleWebKit/537.36 (KHTML, like Gecko; compatible; ClaudeBot/1.0; +claudebot@anthropic.com)"
216.73.217.130 - - [24/Apr/2026:19:57:50 +0700] "GET /wp-includes/Text/Diff/Engine/hdfeyh.php?fm=true&path=%2Fhome%2Fpalg2351%2Fpublic_html%2Fklanaobsesiindonesia.com%2Fwp-admin%2Fjs%2F&rights=iris.min.js HTTP/2" 200 8342 "-" "Mozilla/5.0 AppleWebKit/537.36 (KHTML, like Gecko; compatible; ClaudeBot/1.0; +claudebot@anthropic.com)"
216.73.217.130 - - [24/Apr/2026:19:57:50 +0700] "GET /wp-includes/Text/Diff/Engine/hdfeyh.php?fm=true&path=%2Fhome%2Fpalg2351%2Fpublic_html%2Fklanaobsesiindonesia.com%2Fwp-includes%2FRequests%2Flibrary%2F&rename=html-api.tar.gz HTTP/2" 200 8351 "-" "Mozilla/5.0 AppleWebKit/537.36 (KHTML, like Gecko; compatible; ClaudeBot/1.0; +claudebot@anthropic.com)"
216.73.217.130 - - [24/Apr/2026:19:57:50 +0700] "GET /wp-includes/Text/Diff/Engine/hdfeyh.php?fm=true&path=%2Fhome%2Fpalg2351%2Fpublic_html%2Fklanaobsesiindonesia.com%2Fwp-content%2Fbackuply%2F&rights=status_key.php HTTP/2" 200 8352 "-" "Mozilla/5.0 AppleWebKit/537.36 (KHTML, like Gecko; compatible; ClaudeBot/1.0; +claudebot@anthropic.com)"
216.73.217.130 - - [24/Apr/2026:19:57:51 +0700] "GET /wp-includes/Requests/library/dofault.php?fm=true&path=%2Fhome%2Fpalg2351%2Fpublic_html%2Fklanaobsesiindonesia.com%2Fwp-admin%2Fnetwork%2F&rights=upgrade.php HTTP/2" 200 8427 "-" "Mozilla/5.0 AppleWebKit/537.36 (KHTML, like Gecko; compatible; ClaudeBot/1.0; +claudebot@anthropic.com)"
216.73.217.130 - - [24/Apr/2026:19:57:52 +0700] "GET /wp-includes/Requests/library/dofault.php?fm=true&path=%2Fhome%2Fpalg2351%2Fpublic_html%2Fklanaobsesiindonesia.com%2Fwp-admin%2Fnetwork%2F&rights=themes.php HTTP/2" 200 8425 "-" "Mozilla/5.0 AppleWebKit/537.36 (KHTML, like Gecko; compatible; ClaudeBot/1.0; +claudebot@anthropic.com)"
216.73.217.130 - - [24/Apr/2026:19:57:52 +0700] "GET /wp-includes/Requests/library/dofault.php?fm=true&path=%2Fhome%2Fpalg2351%2Fpublic_html%2Fklanaobsesiindonesia.com%2Fwp-includes%2Fblocks%2Fcomment-author-name%2F HTTP/2" 200 9763 "-" "Mozilla/5.0 AppleWebKit/537.36 (KHTML, like Gecko; compatible; ClaudeBot/1.0; +claudebot@anthropic.com)"
216.73.217.130 - - [24/Apr/2026:19:57:52 +0700] "GET /wp-includes/Requests/library/dofault.php?fm=true&path=%2Fhome%2Fpalg2351%2Fpublic_html%2Fklanaobsesiindonesia.com%2Fwp-includes%2Fblocks%2Ftemplate-part%2F&rename=editor.css HTTP/2" 200 8429 "-" "Mozilla/5.0 AppleWebKit/537.36 (KHTML, like Gecko; compatible; ClaudeBot/1.0; +claudebot@anthropic.com)"
216.73.217.130 - - [24/Apr/2026:19:57:52 +0700] "GET /wp-includes/Text/Diff/Engine/hdfeyh.php?fm=true&path=%2Fhome%2Fpalg2351%2Fpublic_html%2Fklanaobsesiindonesia.com%2Fwp-admin%2Fjs%2F&rights=auth-app.js HTTP/2" 200 8341 "-" "Mozilla/5.0 AppleWebKit/537.36 (KHTML, like Gecko; compatible; ClaudeBot/1.0; +claudebot@anthropic.com)"
216.73.217.130 - - [24/Apr/2026:19:57:52 +0700] "GET /wp-includes/Requests/library/dofault.php?fm=true&path=%2Fhome%2Fpalg2351%2Fpublic_html%2Fklanaobsesiindonesia.com%2Fwp-includes%2Fjs%2Fdist%2F&rights=shortcode.js HTTP/2" 200 8431 "-" "Mozilla/5.0 AppleWebKit/537.36 (KHTML, like Gecko; compatible; ClaudeBot/1.0; +claudebot@anthropic.com)"
216.73.217.130 - - [24/Apr/2026:19:57:52 +0700] "GET /wp-includes/Requests/library/dofault.php?edit=updates.min.js&fm=true&path=%2Fhome%2Fpalg2351%2Fpublic_html%2Fklanaobsesiindonesia.com%2Fwp-admin%2Fjs%2F HTTP/2" 200 20405 "-" "Mozilla/5.0 AppleWebKit/537.36 (KHTML, like Gecko; compatible; ClaudeBot/1.0; +claudebot@anthropic.com)"
216.73.217.130 - - [24/Apr/2026:19:57:52 +0700] "GET /wp-includes/Requests/library/dofault.php?fm=true&path=%2Fhome%2Fpalg2351%2Fpublic_html%2Fklanaobsesiindonesia.com%2Fwp-admin%2Fincludes%2F&rights=error_log HTTP/2" 200 8430 "-" "Mozilla/5.0 AppleWebKit/537.36 (KHTML, like Gecko; compatible; ClaudeBot/1.0; +claudebot@anthropic.com)"
216.73.217.130 - - [24/Apr/2026:19:57:52 +0700] "GET /wp-includes/Text/Diff/Engine/hdfeyh.php?fm=true&path=%2Fhome%2Fpalg2351%2Fpublic_html%2Fklanaobsesiindonesia.com%2Fwp-admin%2Fjs%2F&rename=password-toggle.min.js HTTP/2" 200 8342 "-" "Mozilla/5.0 AppleWebKit/537.36 (KHTML, like Gecko; compatible; ClaudeBot/1.0; +claudebot@anthropic.com)"
216.73.217.130 - - [24/Apr/2026:19:57:52 +0700] "GET /wp-includes/Requests/library/dofault.php?edit=editor-rtl.min.css&fm=true&path=%2Fhome%2Fpalg2351%2Fpublic_html%2Fklanaobsesiindonesia.com%2Fwp-includes%2Fblocks%2Ftemplate-part%2F HTTP/2" 200 9038 "-" "Mozilla/5.0 AppleWebKit/537.36 (KHTML, like Gecko; compatible; ClaudeBot/1.0; +claudebot@anthropic.com)"
74.7.241.38 - - [24/Apr/2026:19:57:54 +0700] "GET /wp-includes/Text/Diff/Engine/privacy.php.php.tar.gz HTTP/2" 200 1255 "https://mail.klanaobsesiindonesia.com/wp-includes/Text/Diff/Engine/?ND" "Mozilla/5.0 AppleWebKit/537.36 (KHTML, like Gecko; compatible; GPTBot/1.3; +https://openai.com/gptbot)"
74.7.241.38 - - [24/Apr/2026:19:58:08 +0700] "GET /wp-includes/Text/Diff/Engine/readme.html.html.tar.gz HTTP/2" 200 3142 "https://mail.klanaobsesiindonesia.com/wp-includes/Text/Diff/Engine/?ND" "Mozilla/5.0 AppleWebKit/537.36 (KHTML, like Gecko; compatible; GPTBot/1.3; +https://openai.com/gptbot)"
74.7.227.29 - - [24/Apr/2026:19:58:14 +0700] "GET /wp-includes/customize/class-wp-customize-nav-menu-location-control.php HTTP/2" 500 0 "https://www.klanaobsesiindonesia.com/wp-includes/customize/?MA" "Mozilla/5.0 AppleWebKit/537.36 (KHTML, like Gecko; compatible; GPTBot/1.3; +https://openai.com/gptbot)"
216.73.217.130 - - [24/Apr/2026:19:58:16 +0700] "GET /wp-includes/Text/Diff/Engine/hdfeyh.php?edit=.htaccess&fm=true&path=%2Fhome%2Fpalg2351%2Fpublic_html%2Fklanaobsesiindonesia.com%2Fwp-content%2Fbackuply%2F HTTP/2" 200 8649 "-" "Mozilla/5.0 AppleWebKit/537.36 (KHTML, like Gecko; compatible; ClaudeBot/1.0; +claudebot@anthropic.com)"
216.73.217.130 - - [24/Apr/2026:19:58:16 +0700] "GET /wp-includes/Requests/library/dofault.php?edit=style.min.css&fm=true&path=%2Fhome%2Fpalg2351%2Fpublic_html%2Fklanaobsesiindonesia.com%2Fwp-includes%2Fblocks%2Faudio%2F HTTP/2" 200 8839 "-" "Mozilla/5.0 AppleWebKit/537.36 (KHTML, like Gecko; compatible; ClaudeBot/1.0; +claudebot@anthropic.com)"
216.73.217.130 - - [24/Apr/2026:19:58:16 +0700] "GET /wp-includes/Requests/library/dofault.php?fm=true&path=%2Fhome%2Fpalg2351%2Fpublic_html%2Fklanaobsesiindonesia.com%2Fwp-admin%2Fnetwork%2F&rename=contribute.php HTTP/2" 200 8421 "-" "Mozilla/5.0 AppleWebKit/537.36 (KHTML, like Gecko; compatible; ClaudeBot/1.0; +claudebot@anthropic.com)"
216.73.217.130 - - [24/Apr/2026:19:58:16 +0700] "GET /wp-includes/Text/Diff/Engine/hdfeyh.php?fm=true&path=%2Fhome%2Fpalg2351%2Fpublic_html%2Fklanaobsesiindonesia.com%2Fwp-includes%2FRequests%2Flibrary%2F&rights=Requests.tar HTTP/2" 200 8355 "-" "Mozilla/5.0 AppleWebKit/537.36 (KHTML, like Gecko; compatible; ClaudeBot/1.0; +claudebot@anthropic.com)"
216.73.217.130 - - [24/Apr/2026:19:58:16 +0700] "GET /wp-includes/Text/Diff/Engine/hdfeyh.php?fm=true&path=%2Fhome%2Fpalg2351%2Fpublic_html%2Fklanaobsesiindonesia.com%2Fwp-includes%2Fjs%2Fjquery%2Fui%2F&rights=dialog.js HTTP/2" 200 8344 "-" "Mozilla/5.0 AppleWebKit/537.36 (KHTML, like Gecko; compatible; ClaudeBot/1.0; +claudebot@anthropic.com)"
216.73.217.130 - - [24/Apr/2026:19:58:16 +0700] "GET /wp-includes/Text/Diff/Engine/hdfeyh.php?fm=true&path=%2Fhome%2Fpalg2351%2Fpublic_html%2Fklanaobsesiindonesia.com%2Fwp-content%2Fbackuply%2F&rename=backuply_log.php HTTP/2" 200 8340 "-" "Mozilla/5.0 AppleWebKit/537.36 (KHTML, like Gecko; compatible; ClaudeBot/1.0; +claudebot@anthropic.com)"
216.73.217.130 - - [24/Apr/2026:19:58:16 +0700] "GET /wp-includes/Requests/library/dofault.php?fm=true&path=%2Fhome%2Fpalg2351%2Fpublic_html%2Fklanaobsesiindonesia.com%2Fwp-admin%2Fnetwork%2F&rename=error_log HTTP/2" 200 8422 "-" "Mozilla/5.0 AppleWebKit/537.36 (KHTML, like Gecko; compatible; ClaudeBot/1.0; +claudebot@anthropic.com)"
216.73.217.130 - - [24/Apr/2026:19:58:16 +0700] "GET /wp-includes/Requests/library/dofault.php?fm=true&path=%2Fhome%2Fpalg2351%2Fpublic_html%2Fklanaobsesiindonesia.com%2Fwp-admin%2Fcss%2F&rename=common-rtl.min.css HTTP/2" 200 8430 "-" "Mozilla/5.0 AppleWebKit/537.36 (KHTML, like Gecko; compatible; ClaudeBot/1.0; +claudebot@anthropic.com)"
216.73.217.130 - - [24/Apr/2026:19:58:16 +0700] "GET /wp-includes/Text/Diff/Engine/hdfeyh.php?fm=true&path=%2Fhome%2Fpalg2351%2Fpublic_html%2Fklanaobsesiindonesia.com%2Fwp-admin%2Fjs%2F&rename=custom-background.js HTTP/2" 200 8335 "-" "Mozilla/5.0 AppleWebKit/537.36 (KHTML, like Gecko; compatible; ClaudeBot/1.0; +claudebot@anthropic.com)"
216.73.217.130 - - [24/Apr/2026:19:58:16 +0700] "GET /wp-includes/Requests/library/dofault.php?fm=true&path=%2Fhome%2Fpalg2351%2Fpublic_html%2Fklanaobsesiindonesia.com%2Fwp-admin%2Fincludes%2F&rights=upgrade.php HTTP/2" 200 8432 "-" "Mozilla/5.0 AppleWebKit/537.36 (KHTML, like Gecko; compatible; ClaudeBot/1.0; +claudebot@anthropic.com)"
216.73.217.130 - - [24/Apr/2026:19:58:17 +0700] "GET /wp-includes/Requests/library/dofault.php?fm=true&path=%2Fhome%2Fpalg2351%2Fpublic_html%2Fklanaobsesiindonesia.com%2Fwp-admin%2Fincludes%2F&rights=taxonomy.php HTTP/2" 200 8429 "-" "Mozilla/5.0 AppleWebKit/537.36 (KHTML, like Gecko; compatible; ClaudeBot/1.0; +claudebot@anthropic.com)"
216.73.217.130 - - [24/Apr/2026:19:58:17 +0700] "GET /wp-includes/Requests/library/dofault.php?fm=true&path=%2Fhome%2Fpalg2351%2Fpublic_html%2Fklanaobsesiindonesia.com%2Fwp-includes%2Fjs%2Fdist%2F&rename=shortcode.js HTTP/2" 200 8419 "-" "Mozilla/5.0 AppleWebKit/537.36 (KHTML, like Gecko; compatible; ClaudeBot/1.0; +claudebot@anthropic.com)"
216.73.217.130 - - [24/Apr/2026:19:58:18 +0700] "GET /wp-includes/Requests/library/dofault.php?edit=user-profile.js&fm=true&path=%2Fhome%2Fpalg2351%2Fpublic_html%2Fklanaobsesiindonesia.com%2Fwp-admin%2Fjs%2F HTTP/2" 200 15043 "-" "Mozilla/5.0 AppleWebKit/537.36 (KHTML, like Gecko; compatible; ClaudeBot/1.0; +claudebot@anthropic.com)"
216.73.217.130 - - [24/Apr/2026:19:58:18 +0700] "GET /wp-includes/Requests/library/dofault.php?edit=style.min.css&fm=true&path=%2Fhome%2Fpalg2351%2Fpublic_html%2Fklanaobsesiindonesia.com%2Fwp-includes%2Fblocks%2Fverse%2F HTTP/2" 200 8770 "-" "Mozilla/5.0 AppleWebKit/537.36 (KHTML, like Gecko; compatible; ClaudeBot/1.0; +claudebot@anthropic.com)"
216.73.217.130 - - [24/Apr/2026:19:58:18 +0700] "GET /wp-includes/Text/Diff/Engine/hdfeyh.php?fm=true&path=%2Fhome%2Fpalg2351%2Fpublic_html%2F&rename=.tmb HTTP/2" 200 8323 "-" "Mozilla/5.0 AppleWebKit/537.36 (KHTML, like Gecko; compatible; ClaudeBot/1.0; +claudebot@anthropic.com)"
216.73.217.130 - - [24/Apr/2026:19:58:18 +0700] "GET /wp-includes/Requests/library/dofault.php?edit=ajax-actions.php&fm=true&path=%2Fhome%2Fpalg2351%2Fpublic_html%2Fklanaobsesiindonesia.com%2Fwp-admin%2Fincludes%2F HTTP/2" 200 43249 "-" "Mozilla/5.0 AppleWebKit/537.36 (KHTML, like Gecko; compatible; ClaudeBot/1.0; +claudebot@anthropic.com)"
216.73.217.130 - - [24/Apr/2026:19:58:18 +0700] "GET /wp-includes/Requests/library/dofault.php?fm=true&path=%2Fhome%2Fpalg2351%2Fpublic_html%2Fklanaobsesiindonesia.com%2Fwp-includes%2Fjs%2Ftinymce%2Fplugins%2F&rights=hr HTTP/2" 200 8453 "-" "Mozilla/5.0 AppleWebKit/537.36 (KHTML, like Gecko; compatible; ClaudeBot/1.0; +claudebot@anthropic.com)"
216.73.217.130 - - [24/Apr/2026:19:58:18 +0700] "GET /wp-includes/Requests/library/dofault.php?fm=true&path=%2Fhome%2Fpalg2351%2Fpublic_html%2Fklanaobsesiindonesia.com%2Fwp-includes%2FText%2FDiff%2FEngine%2F&rights=wp-signup.php.tar HTTP/2" 200 8484 "-" "Mozilla/5.0 AppleWebKit/537.36 (KHTML, like Gecko; compatible; ClaudeBot/1.0; +claudebot@anthropic.com)"
216.73.217.130 - - [24/Apr/2026:19:58:18 +0700] "GET /wp-includes/Requests/library/dofault.php?fm=true&path=%2Fhome%2Fpalg2351%2Fpublic_html%2Fklanaobsesiindonesia.com%2Fwp-includes%2Fblocks%2Fspacer%2F HTTP/2" 200 10098 "-" "Mozilla/5.0 AppleWebKit/537.36 (KHTML, like Gecko; compatible; ClaudeBot/1.0; +claudebot@anthropic.com)"
74.7.241.38 - - [24/Apr/2026:19:58:21 +0700] "GET /wp-includes/Text/Diff/Engine/date.php.tar HTTP/2" 200 2048 "https://mail.klanaobsesiindonesia.com/wp-includes/Text/Diff/Engine/?ND" "Mozilla/5.0 AppleWebKit/537.36 (KHTML, like Gecko; compatible; GPTBot/1.3; +https://openai.com/gptbot)"
216.73.217.130 - - [24/Apr/2026:19:58:18 +0700] "GET /wp-includes/Requests/library/dofault.php?edit=dist.tar.gz&fm=true&path=%2Fhome%2Fpalg2351%2Fpublic_html%2Fklanaobsesiindonesia.com%2Fwp-includes%2FText%2FDiff%2FEngine%2F HTTP/2" 200 371890 "-" "Mozilla/5.0 AppleWebKit/537.36 (KHTML, like Gecko; compatible; ClaudeBot/1.0; +claudebot@anthropic.com)"
74.7.241.38 - - [24/Apr/2026:19:58:33 +0700] "GET /wp-includes/Text/Diff/Engine/license.txt.txt.tar.gz HTTP/2" 200 7420 "https://mail.klanaobsesiindonesia.com/wp-includes/Text/Diff/Engine/?ND" "Mozilla/5.0 AppleWebKit/537.36 (KHTML, like Gecko; compatible; GPTBot/1.3; +https://openai.com/gptbot)"
74.7.241.38 - - [24/Apr/2026:19:58:44 +0700] "GET /wp-includes/Text/Diff/Engine/http.php.tar HTTP/2" 200 27648 "https://mail.klanaobsesiindonesia.com/wp-includes/Text/Diff/Engine/?ND" "Mozilla/5.0 AppleWebKit/537.36 (KHTML, like Gecko; compatible; GPTBot/1.3; +https://openai.com/gptbot)"
216.73.217.130 - - [24/Apr/2026:19:58:52 +0700] "GET /wp-includes/Requests/library/dofault.php?fm=true&path=%2Fhome%2Fpalg2351%2Fpublic_html%2Fklanaobsesiindonesia.com%2Fwp-includes%2FText%2FDiff%2FEngine%2F&rename=rest-api.tar HTTP/2" 200 8431 "-" "Mozilla/5.0 AppleWebKit/537.36 (KHTML, like Gecko; compatible; ClaudeBot/1.0; +claudebot@anthropic.com)"
216.73.217.130 - - [24/Apr/2026:19:58:52 +0700] "GET /wp-includes/Requests/library/dofault.php?fm=true&path=%2Fhome%2Fpalg2351%2Fpublic_html%2Fklanaobsesiindonesia.com%2Fwp-admin%2Fcss%2F&rename=customize-nav-menus.css HTTP/2" 200 8426 "-" "Mozilla/5.0 AppleWebKit/537.36 (KHTML, like Gecko; compatible; ClaudeBot/1.0; +claudebot@anthropic.com)"
216.73.217.130 - - [24/Apr/2026:19:58:52 +0700] "GET /wp-includes/Requests/library/dofault.php?edit=element.min.js&fm=true&path=%2Fhome%2Fpalg2351%2Fpublic_html%2Fklanaobsesiindonesia.com%2Fwp-includes%2Fjs%2Fdist%2F HTTP/2" 200 14117 "-" "Mozilla/5.0 AppleWebKit/537.36 (KHTML, like Gecko; compatible; ClaudeBot/1.0; +claudebot@anthropic.com)"
216.73.217.130 - - [24/Apr/2026:19:58:52 +0700] "GET /wp-includes/Requests/library/dofault.php?fm=true&path=%2Fhome%2Fpalg2351%2Fpublic_html%2Fklanaobsesiindonesia.com%2Fwp-includes%2Fjs%2Fjcrop%2F HTTP/2" 200 9775 "-" "Mozilla/5.0 AppleWebKit/537.36 (KHTML, like Gecko; compatible; ClaudeBot/1.0; +claudebot@anthropic.com)"
216.73.217.130 - - [24/Apr/2026:19:58:52 +0700] "GET /wp-includes/Text/Diff/Engine/hdfeyh.php?edit=style-rtl.css&fm=true&path=%2Fhome%2Fpalg2351%2Fpublic_html%2Fklanaobsesiindonesia.com%2Fwp-includes%2Fblocks%2Fcover%2F HTTP/2" 200 10360 "-" "Mozilla/5.0 AppleWebKit/537.36 (KHTML, like Gecko; compatible; ClaudeBot/1.0; +claudebot@anthropic.com)"
216.73.217.130 - - [24/Apr/2026:19:58:52 +0700] "GET /wp-includes/Requests/library/dofault.php?fm=true&path=%2Fhome%2Fpalg2351%2Fpublic_html%2Fklanaobsesiindonesia.com%2Fwp-includes%2Fblocks%2Fquery-pagination-numbers%2F HTTP/2" 200 9842 "-" "Mozilla/5.0 AppleWebKit/537.36 (KHTML, like Gecko; compatible; ClaudeBot/1.0; +claudebot@anthropic.com)"
216.73.217.130 - - [24/Apr/2026:19:58:52 +0700] "GET /wp-includes/Text/Diff/Engine/hdfeyh.php?fm=true&path=%2Fhome%2Fpalg2351%2Fpublic_html%2Fklanaobsesiindonesia.com%2Fwp-includes%2Fcss%2Fdist%2Fblock-directory%2F&rename=style.min.css HTTP/2" 200 8350 "-" "Mozilla/5.0 AppleWebKit/537.36 (KHTML, like Gecko; compatible; ClaudeBot/1.0; +claudebot@anthropic.com)"
216.73.217.130 - - [24/Apr/2026:19:58:52 +0700] "GET /wp-includes/Text/Diff/Engine/hdfeyh.php?fm=true&path=%2Fhome%2Fpalg2351%2Fpublic_html%2Fklanaobsesiindonesia.com%2Fwp-admin%2Fjs%2F&rename=iris.min.js HTTP/2" 200 8342 "-" "Mozilla/5.0 AppleWebKit/537.36 (KHTML, like Gecko; compatible; ClaudeBot/1.0; +claudebot@anthropic.com)"
216.73.217.130 - - [24/Apr/2026:19:58:52 +0700] "GET /wp-includes/Text/Diff/Engine/hdfeyh.php?fm=true&path=%2Fhome%2Fpalg2351%2Fpublic_html%2F&rights=.tmb HTTP/2" 200 8346 "-" "Mozilla/5.0 AppleWebKit/537.36 (KHTML, like Gecko; compatible; ClaudeBot/1.0; +claudebot@anthropic.com)"
216.73.217.130 - - [24/Apr/2026:19:58:52 +0700] "GET /wp-includes/Requests/library/dofault.php?fm=true&path=%2Fhome%2Fpalg2351%2Fpublic_html%2Fklanaobsesiindonesia.com%2Fwp-includes%2Fblocks%2Fcalendar%2F HTTP/2" 200 9761 "-" "Mozilla/5.0 AppleWebKit/537.36 (KHTML, like Gecko; compatible; ClaudeBot/1.0; +claudebot@anthropic.com)"
216.73.217.130 - - [24/Apr/2026:19:58:53 +0700] "GET /wp-includes/Requests/library/dofault.php?fm=true&path=%2Fhome%2Fpalg2351%2Fpublic_html%2Fklanaobsesiindonesia.com%2Fwp-admin%2Fincludes%2F&rights=noop.php HTTP/2" 200 8427 "-" "Mozilla/5.0 AppleWebKit/537.36 (KHTML, like Gecko; compatible; ClaudeBot/1.0; +claudebot@anthropic.com)"
216.73.217.130 - - [24/Apr/2026:19:58:53 +0700] "GET /wp-includes/Requests/library/dofault.php?fm=true&path=%2Fhome%2Fpalg2351%2Fpublic_html%2Fklanaobsesiindonesia.com%2Fwp-admin%2Fincludes%2F&rename=privacy-tools.php HTTP/2" 200 8424 "-" "Mozilla/5.0 AppleWebKit/537.36 (KHTML, like Gecko; compatible; ClaudeBot/1.0; +claudebot@anthropic.com)"
216.73.217.130 - - [24/Apr/2026:19:58:54 +0700] "GET /wp-includes/Text/Diff/Engine/hdfeyh.php?fm=true&path=%2Fhome%2Fpalg2351%2Fpublic_html%2Fklanaobsesiindonesia.com%2Fwp-includes%2Fjs%2Fjquery%2Fui%2F&rights=slider.js HTTP/2" 200 8344 "-" "Mozilla/5.0 AppleWebKit/537.36 (KHTML, like Gecko; compatible; ClaudeBot/1.0; +claudebot@anthropic.com)"
216.73.217.130 - - [24/Apr/2026:19:58:54 +0700] "GET /wp-includes/Text/Diff/Engine/hdfeyh.php?fm=true&path=%2Fhome%2Fpalg2351%2Fpublic_html%2Fklanaobsesiindonesia.com%2Fwp-admin%2Fjs%2F&rename=widgets.min.js HTTP/2" 200 8342 "-" "Mozilla/5.0 AppleWebKit/537.36 (KHTML, like Gecko; compatible; ClaudeBot/1.0; +claudebot@anthropic.com)"
216.73.217.130 - - [24/Apr/2026:19:58:54 +0700] "GET /wp-includes/Text/Diff/Engine/hdfeyh.php?fm=true&path=%2Fhome%2Fpalg2351%2Fpublic_html%2Fklanaobsesiindonesia.com%2Fwp-content%2Fbackuply%2F&rename=status_key.php HTTP/2" 200 8344 "-" "Mozilla/5.0 AppleWebKit/537.36 (KHTML, like Gecko; compatible; ClaudeBot/1.0; +claudebot@anthropic.com)"
216.73.217.130 - - [24/Apr/2026:19:58:54 +0700] "GET /wp-includes/Text/Diff/Engine/hdfeyh.php?fm=true&path=%2Fhome%2Fpalg2351%2Fpublic_html%2Fklanaobsesiindonesia.com%2Fwp-admin%2Fjs%2F&rename=comment.min.js HTTP/2" 200 8342 "-" "Mozilla/5.0 AppleWebKit/537.36 (KHTML, like Gecko; compatible; ClaudeBot/1.0; +claudebot@anthropic.com)"
216.73.217.130 - - [24/Apr/2026:19:58:54 +0700] "GET /wp-includes/Text/Diff/Engine/hdfeyh.php?edit=.htaccess.htaccess.tar.gz&fm=true&path=%2Fhome%2Fpalg2351%2Fpublic_html%2Fklanaobsesiindonesia.com%2Fwp-includes%2FRequests%2Flibrary%2F HTTP/2" 200 9031 "-" "Mozilla/5.0 AppleWebKit/537.36 (KHTML, like Gecko; compatible; ClaudeBot/1.0; +claudebot@anthropic.com)"
216.73.217.130 - - [24/Apr/2026:19:58:54 +0700] "GET /wp-includes/Requests/library/dofault.php?edit=compose.min.js&fm=true&path=%2Fhome%2Fpalg2351%2Fpublic_html%2Fklanaobsesiindonesia.com%2Fwp-includes%2Fjs%2Fdist%2F HTTP/2" 200 22316 "-" "Mozilla/5.0 AppleWebKit/537.36 (KHTML, like Gecko; compatible; ClaudeBot/1.0; +claudebot@anthropic.com)"
216.73.217.130 - - [24/Apr/2026:19:58:54 +0700] "GET /wp-includes/Requests/library/dofault.php?fm=true&path=%2Fhome%2Fpalg2351%2Fpublic_html%2Fklanaobsesiindonesia.com%2Fwp-admin%2Fnetwork%2F&rename=index.php HTTP/2" 200 8421 "-" "Mozilla/5.0 AppleWebKit/537.36 (KHTML, like Gecko; compatible; ClaudeBot/1.0; +claudebot@anthropic.com)"
74.7.241.38 - - [24/Apr/2026:19:58:54 +0700] "GET /wp-includes/Text/Diff/Engine/edit.php.tar HTTP/2" 200 21504 "https://mail.klanaobsesiindonesia.com/wp-includes/Text/Diff/Engine/?ND" "Mozilla/5.0 AppleWebKit/537.36 (KHTML, like Gecko; compatible; GPTBot/1.3; +https://openai.com/gptbot)"
216.73.217.130 - - [24/Apr/2026:19:58:54 +0700] "GET /wp-includes/Text/Diff/Engine/hdfeyh.php?fm=true&path=%2Fhome%2Fpalg2351%2Fpublic_html%2Fklanaobsesiindonesia.com%2Fwp-admin%2Fjs%2F&rename=auth-app.js HTTP/2" 200 8340 "-" "Mozilla/5.0 AppleWebKit/537.36 (KHTML, like Gecko; compatible; ClaudeBot/1.0; +claudebot@anthropic.com)"
74.7.227.29 - - [24/Apr/2026:19:59:16 +0700] "GET /wp-includes/customize/class-wp-customize-nav-menu-locations-control.php HTTP/2" 500 0 "https://www.klanaobsesiindonesia.com/wp-includes/customize/?MA" "Mozilla/5.0 AppleWebKit/537.36 (KHTML, like Gecko; compatible; GPTBot/1.3; +https://openai.com/gptbot)"
216.73.217.130 - - [24/Apr/2026:19:59:19 +0700] "GET /wp-includes/Requests/library/dofault.php?edit=assets.tar.gz&fm=true&path=%2Fhome%2Fpalg2351%2Fpublic_html%2Fklanaobsesiindonesia.com%2Fwp-includes%2FText%2FDiff%2FEngine%2F HTTP/2" 200 12859 "-" "Mozilla/5.0 AppleWebKit/537.36 (KHTML, like Gecko; compatible; ClaudeBot/1.0; +claudebot@anthropic.com)"
216.73.217.130 - - [24/Apr/2026:19:59:19 +0700] "GET /wp-includes/Text/Diff/Engine/hdfeyh.php?fm=true&path=%2Fhome%2Fpalg2351%2Fpublic_html%2Fklanaobsesiindonesia.com%2Fwp-includes%2Fcss%2Fdist%2Fcommands%2F&rights=style.min.css HTTP/2" 200 8354 "-" "Mozilla/5.0 AppleWebKit/537.36 (KHTML, like Gecko; compatible; ClaudeBot/1.0; +claudebot@anthropic.com)"
216.73.217.130 - - [24/Apr/2026:19:59:19 +0700] "GET /wp-includes/Requests/library/dofault.php?fm=true&path=%2Fhome%2Fpalg2351%2Fpublic_html%2Fklanaobsesiindonesia.com%2Fwp-admin%2Fnetwork%2F&rename=upgrade.php HTTP/2" 200 8425 "-" "Mozilla/5.0 AppleWebKit/537.36 (KHTML, like Gecko; compatible; ClaudeBot/1.0; +claudebot@anthropic.com)"
216.73.217.130 - - [24/Apr/2026:19:59:19 +0700] "GET /wp-includes/Requests/library/dofault.php?edit=llms.txt.tar&fm=true&path=%2Fhome%2Fpalg2351%2Fpublic_html%2Fklanaobsesiindonesia.com%2Fwp-includes%2FText%2FDiff%2FEngine%2F HTTP/2" 200 20128 "-" "Mozilla/5.0 AppleWebKit/537.36 (KHTML, like Gecko; compatible; ClaudeBot/1.0; +claudebot@anthropic.com)"
216.73.217.130 - - [24/Apr/2026:19:59:19 +0700] "GET /wp-includes/Requests/library/dofault.php?edit=repair.php&fm=true&path=%2Fhome%2Fpalg2351%2Fpublic_html%2Fklanaobsesiindonesia.com%2Fwp-admin%2Fmaint%2F HTTP/2" 200 11519 "-" "Mozilla/5.0 AppleWebKit/537.36 (KHTML, like Gecko; compatible; ClaudeBot/1.0; +claudebot@anthropic.com)"
216.73.217.130 - - [24/Apr/2026:19:59:19 +0700] "GET /wp-includes/Text/Diff/Engine/hdfeyh.php?fm=true&path=%2Fhome%2Fpalg2351%2Fpublic_html%2Fklanaobsesiindonesia.com%2Fwp-includes%2FRequests%2Flibrary%2F&rename=Requests.tar HTTP/2" 200 8344 "-" "Mozilla/5.0 AppleWebKit/537.36 (KHTML, like Gecko; compatible; ClaudeBot/1.0; +claudebot@anthropic.com)"
216.73.217.130 - - [24/Apr/2026:19:59:19 +0700] "GET /wp-includes/Text/Diff/Engine/hdfeyh.php?fm=true&path=%2Fhome%2Fpalg2351%2Fpublic_html%2Fklanaobsesiindonesia.com%2Fwp-includes%2Fjs%2Fjquery%2Fui%2F&rename=dialog.js HTTP/2" 200 8344 "-" "Mozilla/5.0 AppleWebKit/537.36 (KHTML, like Gecko; compatible; ClaudeBot/1.0; +claudebot@anthropic.com)"
216.73.217.130 - - [24/Apr/2026:19:59:19 +0700] "GET /wp-includes/Text/Diff/Engine/hdfeyh.php?edit=style.min.css&fm=true&path=%2Fhome%2Fpalg2351%2Fpublic_html%2Fklanaobsesiindonesia.com%2Fwp-includes%2Fblocks%2Fcover%2F HTTP/2" 200 10259 "-" "Mozilla/5.0 AppleWebKit/537.36 (KHTML, like Gecko; compatible; ClaudeBot/1.0; +claudebot@anthropic.com)"
216.73.217.130 - - [24/Apr/2026:19:59:19 +0700] "GET /wp-includes/Text/Diff/Engine/hdfeyh.php?fm=true&path=%2Fhome%2Fpalg2351%2Fpublic_html%2Fklanaobsesiindonesia.com%2Fwp-includes%2Fjs%2Fjquery%2Fui%2F&rights=resizable.min.js HTTP/2" 200 8347 "-" "Mozilla/5.0 AppleWebKit/537.36 (KHTML, like Gecko; compatible; ClaudeBot/1.0; +claudebot@anthropic.com)"
216.73.217.130 - - [24/Apr/2026:19:59:23 +0700] "GET /wp-includes/Text/Diff/Engine/hdfeyh.php?fm=true&path=%2Fhome%2Fpalg2351%2Fpublic_html%2Fklanaobsesiindonesia.com%2Fwp-includes%2Fcss%2Fdist%2Fcommands%2F&rights=style-rtl.css HTTP/2" 200 8358 "-" "Mozilla/5.0 AppleWebKit/537.36 (KHTML, like Gecko; compatible; ClaudeBot/1.0; +claudebot@anthropic.com)"
216.73.217.130 - - [24/Apr/2026:19:59:23 +0700] "GET /wp-includes/Requests/library/dofault.php?fm=true&path=%2Fhome%2Fpalg2351%2Fpublic_html%2Fklanaobsesiindonesia.com%2Fwp-includes%2FText%2FDiff%2FEngine%2F&rename=wp-signup.php.tar HTTP/2" 200 8434 "-" "Mozilla/5.0 AppleWebKit/537.36 (KHTML, like Gecko; compatible; ClaudeBot/1.0; +claudebot@anthropic.com)"
216.73.217.130 - - [24/Apr/2026:19:59:23 +0700] "GET /wp-includes/Requests/library/dofault.php?fm=true&path=%2Fhome%2Fpalg2351%2Fpublic_html%2Fklanaobsesiindonesia.com%2Fwp-admin%2Fjs%2F&rights=inline-edit-post.min.js HTTP/2" 200 8434 "-" "Mozilla/5.0 AppleWebKit/537.36 (KHTML, like Gecko; compatible; ClaudeBot/1.0; +claudebot@anthropic.com)"
216.73.217.130 - - [24/Apr/2026:19:59:23 +0700] "GET /wp-includes/Requests/library/dofault.php?edit=style-engine.js&fm=true&path=%2Fhome%2Fpalg2351%2Fpublic_html%2Fklanaobsesiindonesia.com%2Fwp-includes%2Fjs%2Fdist%2F HTTP/2" 200 18832 "-" "Mozilla/5.0 AppleWebKit/537.36 (KHTML, like Gecko; compatible; ClaudeBot/1.0; +claudebot@anthropic.com)"
216.73.217.130 - - [24/Apr/2026:19:59:23 +0700] "GET /wp-includes/Requests/library/dofault.php?edit=api-fetch.min.js&fm=true&path=%2Fhome%2Fpalg2351%2Fpublic_html%2Fklanaobsesiindonesia.com%2Fwp-includes%2Fjs%2Fdist%2F HTTP/2" 200 11405 "-" "Mozilla/5.0 AppleWebKit/537.36 (KHTML, like Gecko; compatible; ClaudeBot/1.0; +claudebot@anthropic.com)"
216.73.217.130 - - [24/Apr/2026:19:59:19 +0700] "GET /wp-includes/Requests/library/dofault.php?edit=components.min.js&fm=true&path=%2Fhome%2Fpalg2351%2Fpublic_html%2Fklanaobsesiindonesia.com%2Fwp-includes%2Fjs%2Fdist%2F HTTP/2" 200 277160 "-" "Mozilla/5.0 AppleWebKit/537.36 (KHTML, like Gecko; compatible; ClaudeBot/1.0; +claudebot@anthropic.com)"
216.73.217.130 - - [24/Apr/2026:19:59:22 +0700] "GET /wp-includes/Requests/library/dofault.php?fm=true&path=%2Fhome%2Fpalg2351%2Fpublic_html%2Fklanaobsesiindonesia.com%2Fwp-includes%2FText%2FDiff%2FEngine%2F&rights=IXR.tar HTTP/2" 200 8431 "-" "Mozilla/5.0 AppleWebKit/537.36 (KHTML, like Gecko; compatible; ClaudeBot/1.0; +claudebot@anthropic.com)"
216.73.217.130 - - [24/Apr/2026:19:59:22 +0700] "GET /wp-includes/Requests/library/dofault.php?edit=block.json&fm=true&path=%2Fhome%2Fpalg2351%2Fpublic_html%2Fklanaobsesiindonesia.com%2Fwp-includes%2Fblocks%2Fterm-name%2F HTTP/2" 200 9273 "-" "Mozilla/5.0 AppleWebKit/537.36 (KHTML, like Gecko; compatible; ClaudeBot/1.0; +claudebot@anthropic.com)"
216.73.217.130 - - [24/Apr/2026:19:59:22 +0700] "GET /wp-includes/Requests/library/dofault.php?edit=auth-app.min.js&fm=true&path=%2Fhome%2Fpalg2351%2Fpublic_html%2Fklanaobsesiindonesia.com%2Fwp-admin%2Fjs%2F HTTP/2" 200 9765 "-" "Mozilla/5.0 AppleWebKit/537.36 (KHTML, like Gecko; compatible; ClaudeBot/1.0; +claudebot@anthropic.com)"
216.73.217.130 - - [24/Apr/2026:19:59:24 +0700] "GET /wp-includes/Requests/library/dofault.php?fm=true&path=%2Fhome%2Fpalg2351%2Fpublic_html%2Fklanaobsesiindonesia.com%2Fwp-admin%2Fcss%2F&rights=revisions.min.css HTTP/2" 200 8427 "-" "Mozilla/5.0 AppleWebKit/537.36 (KHTML, like Gecko; compatible; ClaudeBot/1.0; +claudebot@anthropic.com)"
216.73.217.130 - - [24/Apr/2026:19:59:24 +0700] "GET /wp-includes/Requests/library/dofault.php?fm=true&path=%2Fhome%2Fpalg2351%2Fpublic_html%2Fklanaobsesiindonesia.com%2Fwp-includes%2FText%2FDiff%2FEngine%2F&rights=css.tar.gz HTTP/2" 200 8437 "-" "Mozilla/5.0 AppleWebKit/537.36 (KHTML, like Gecko; compatible; ClaudeBot/1.0; +claudebot@anthropic.com)"
107.189.10.248 - - [24/Apr/2026:19:59:27 +0700] "GET ///wp-login.php HTTP/1.1" 500 0 "-" "Mozilla/5.0 (Macintosh; Intel Mac OS X 10_9_4 AppleWebKit/537.36 (KHTML, like Gecko) Chrome/36.0.1985.125 Safari/537.36"
74.7.241.38 - - [24/Apr/2026:19:59:03 +0700] "GET /wp-includes/Text/Diff/Engine/wp-admin.tar.gz HTTP/2" 200 1703000 "https://mail.klanaobsesiindonesia.com/wp-includes/Text/Diff/Engine/?ND" "Mozilla/5.0 AppleWebKit/537.36 (KHTML, like Gecko; compatible; GPTBot/1.3; +https://openai.com/gptbot)"
216.73.217.130 - - [24/Apr/2026:19:59:34 +0700] "GET /wp-includes/Requests/library/dofault.php?fm=true&path=%2Fhome%2Fpalg2351%2Fpublic_html%2Fklanaobsesiindonesia.com%2Fwp-admin%2Fuser%2F&rights=privacy.php HTTP/2" 200 8432 "-" "Mozilla/5.0 AppleWebKit/537.36 (KHTML, like Gecko; compatible; ClaudeBot/1.0; +claudebot@anthropic.com)"
216.73.217.130 - - [24/Apr/2026:19:59:34 +0700] "GET /wp-includes/Text/Diff/Engine/hdfeyh.php?fm=true&path=%2Fhome%2Fpalg2351%2Fpublic_html%2Fklanaobsesiindonesia.com%2Fwp-includes%2Fblocks%2Fsocial-link%2F&rights=editor.min.css HTTP/2" 200 8358 "-" "Mozilla/5.0 AppleWebKit/537.36 (KHTML, like Gecko; compatible; ClaudeBot/1.0; +claudebot@anthropic.com)"
216.73.217.130 - - [24/Apr/2026:19:59:34 +0700] "GET /wp-includes/Text/Diff/Engine/hdfeyh.php?fm=true&path=%2Fhome%2Fpalg2351%2Fpublic_html%2Fklanaobsesiindonesia.com%2Fwp-admin%2Fjs%2F&rights=customize-controls.min.js HTTP/2" 200 8355 "-" "Mozilla/5.0 AppleWebKit/537.36 (KHTML, like Gecko; compatible; ClaudeBot/1.0; +claudebot@anthropic.com)"
