File manager - Edit - /usr/local/apache/domlogs/palg2351/klanaobsesiindonesia.com.palestinerun.com-ssl_log
Back
74.7.227.29 - - [24/Apr/2026:19:03:51 +0700] "GET /wp-includes/js/dist/vendor/wp-polyfill-element-closest.min.js HTTP/2" 200 210 "https://www.klanaobsesiindonesia.com/wp-includes/js/dist/vendor/" "Mozilla/5.0 AppleWebKit/537.36 (KHTML, like Gecko; compatible; GPTBot/1.3; +https://openai.com/gptbot)"
74.7.241.38 - - [24/Apr/2026:19:03:53 +0700] "GET /wp-includes/js/mediaelement/?MD HTTP/2" 200 1522 "https://mail.klanaobsesiindonesia.com/wp-includes/js/mediaelement/?MA" "Mozilla/5.0 AppleWebKit/537.36 (KHTML, like Gecko; compatible; GPTBot/1.3; +https://openai.com/gptbot)"
74.7.227.29 - - [24/Apr/2026:19:04:49 +0700] "GET /wp-includes/js/tinymce/skins/lightgray/fonts/tinymce.woff HTTP/2" 200 18824 "https://www.klanaobsesiindonesia.com/wp-includes/js/tinymce/skins/lightgray/fonts/" "Mozilla/5.0 AppleWebKit/537.36 (KHTML, like Gecko; compatible; GPTBot/1.3; +https://openai.com/gptbot)"
74.7.241.38 - - [24/Apr/2026:19:04:52 +0700] "GET /wp-includes/js/mediaelement/?NA HTTP/2" 200 1518 "https://mail.klanaobsesiindonesia.com/wp-includes/js/mediaelement/?SA" "Mozilla/5.0 AppleWebKit/537.36 (KHTML, like Gecko; compatible; GPTBot/1.3; +https://openai.com/gptbot)"
74.7.227.29 - - [24/Apr/2026:19:05:41 +0700] "GET /wp-includes/Requests/src/Exception/Http/error_log HTTP/2" 403 1242 "https://www.klanaobsesiindonesia.com/wp-includes/Requests/src/Exception/Http/" "Mozilla/5.0 AppleWebKit/537.36 (KHTML, like Gecko; compatible; GPTBot/1.3; +https://openai.com/gptbot)"
74.7.241.38 - - [24/Apr/2026:19:05:46 +0700] "GET /wp-includes/js/dist/vendor/?ND HTTP/2" 200 1876 "https://mail.klanaobsesiindonesia.com/wp-includes/js/dist/vendor/" "Mozilla/5.0 AppleWebKit/537.36 (KHTML, like Gecko; compatible; GPTBot/1.3; +https://openai.com/gptbot)"
74.7.227.29 - - [24/Apr/2026:19:06:27 +0700] "GET /wp-includes/js/'%20+%20URL%20+%20' HTTP/2" 500 0 "https://www.klanaobsesiindonesia.com/wp-includes/js/quicktags.js" "Mozilla/5.0 AppleWebKit/537.36 (KHTML, like Gecko; compatible; GPTBot/1.3; +https://openai.com/gptbot)"
74.7.241.38 - - [24/Apr/2026:19:06:29 +0700] "GET /wp-includes/js/dist/vendor/?NA HTTP/2" 200 1913 "https://mail.klanaobsesiindonesia.com/wp-includes/js/dist/vendor/?SA" "Mozilla/5.0 AppleWebKit/537.36 (KHTML, like Gecko; compatible; GPTBot/1.3; +https://openai.com/gptbot)"
74.7.241.38 - - [24/Apr/2026:19:07:12 +0700] "GET /wp-includes/js/dist/vendor/?SD HTTP/2" 200 1933 "https://mail.klanaobsesiindonesia.com/wp-includes/js/dist/vendor/?SA" "Mozilla/5.0 AppleWebKit/537.36 (KHTML, like Gecko; compatible; GPTBot/1.3; +https://openai.com/gptbot)"
74.7.227.29 - - [24/Apr/2026:19:07:12 +0700] "GET /wp-includes/js/dist/vendor/wp-polyfill-dom-rect.js HTTP/2" 200 481 "https://www.klanaobsesiindonesia.com/wp-includes/js/dist/vendor/" "Mozilla/5.0 AppleWebKit/537.36 (KHTML, like Gecko; compatible; GPTBot/1.3; +https://openai.com/gptbot)"
74.7.241.38 - - [24/Apr/2026:19:07:49 +0700] "GET /wp-includes/js/dist/vendor/?MA HTTP/2" 200 1930 "https://mail.klanaobsesiindonesia.com/wp-includes/js/dist/vendor/" "Mozilla/5.0 AppleWebKit/537.36 (KHTML, like Gecko; compatible; GPTBot/1.3; +https://openai.com/gptbot)"
74.7.227.29 - - [24/Apr/2026:19:08:17 +0700] "GET /wp-includes/js/dist/%E2%80%A6 HTTP/2" 500 0 "https://www.klanaobsesiindonesia.com/wp-includes/js/dist/latex-to-mathml.js" "Mozilla/5.0 AppleWebKit/537.36 (KHTML, like Gecko; compatible; GPTBot/1.3; +https://openai.com/gptbot)"
74.7.241.38 - - [24/Apr/2026:19:08:22 +0700] "GET /wp-includes/interactivity-api/?ND HTTP/2" 200 791 "https://mail.klanaobsesiindonesia.com/wp-includes/interactivity-api/" "Mozilla/5.0 AppleWebKit/537.36 (KHTML, like Gecko; compatible; GPTBot/1.3; +https://openai.com/gptbot)"
74.7.241.38 - - [24/Apr/2026:19:08:51 +0700] "GET /wp-includes/interactivity-api/?MA HTTP/2" 200 799 "https://mail.klanaobsesiindonesia.com/wp-includes/interactivity-api/" "Mozilla/5.0 AppleWebKit/537.36 (KHTML, like Gecko; compatible; GPTBot/1.3; +https://openai.com/gptbot)"
74.7.227.29 - - [24/Apr/2026:19:09:13 +0700] "GET /wp-includes/certificates/?ND HTTP/2" 200 628 "https://www.klanaobsesiindonesia.com/wp-includes/certificates/" "Mozilla/5.0 AppleWebKit/537.36 (KHTML, like Gecko; compatible; GPTBot/1.3; +https://openai.com/gptbot)"
216.73.217.130 - - [24/Apr/2026:19:09:14 +0700] "GET /sitemap518.xml HTTP/2" 500 0 "-" "Mozilla/5.0 AppleWebKit/537.36 (KHTML, like Gecko; compatible; ClaudeBot/1.0; +claudebot@anthropic.com)"
74.7.241.38 - - [24/Apr/2026:19:09:17 +0700] "GET /wp-includes/interactivity-api/?SA HTTP/2" 200 800 "https://mail.klanaobsesiindonesia.com/wp-includes/interactivity-api/" "Mozilla/5.0 AppleWebKit/537.36 (KHTML, like Gecko; compatible; GPTBot/1.3; +https://openai.com/gptbot)"
74.7.241.38 - - [24/Apr/2026:19:09:42 +0700] "GET /wp-includes/class-wp-comment.php HTTP/2" 200 0 "https://mail.klanaobsesiindonesia.com/wp-includes/" "Mozilla/5.0 AppleWebKit/537.36 (KHTML, like Gecko; compatible; GPTBot/1.3; +https://openai.com/gptbot)"
107.189.4.58 - - [24/Apr/2026:19:09:43 +0700] "GET /wp-login.php HTTP/1.1" 500 0 "-" "Mozilla/5.0 (Linux; Android 13; Pixel 7) AppleWebKit/537.36 (KHTML, like Gecko) Chrome/120.0.0.0 Mobile Safari/537.36"
74.7.241.38 - - [24/Apr/2026:19:10:03 +0700] "GET /wp-includes/js/tinymce/skins/wordpress/images/gallery-2x.png HTTP/2" 200 447 "https://mail.klanaobsesiindonesia.com/wp-includes/js/tinymce/skins/wordpress/images/" "Mozilla/5.0 AppleWebKit/537.36 (KHTML, like Gecko; compatible; GPTBot/1.3; +https://openai.com/gptbot)"
74.7.227.29 - - [24/Apr/2026:19:10:16 +0700] "GET /wp-includes/certificates/?SA HTTP/2" 200 635 "https://www.klanaobsesiindonesia.com/wp-includes/certificates/" "Mozilla/5.0 AppleWebKit/537.36 (KHTML, like Gecko; compatible; GPTBot/1.3; +https://openai.com/gptbot)"
74.7.241.38 - - [24/Apr/2026:19:10:23 +0700] "GET /wp-includes/sodium_compat/src/?ND HTTP/2" 200 1243 "https://mail.klanaobsesiindonesia.com/wp-includes/sodium_compat/src/" "Mozilla/5.0 AppleWebKit/537.36 (KHTML, like Gecko; compatible; GPTBot/1.3; +https://openai.com/gptbot)"
74.7.241.38 - - [24/Apr/2026:19:10:41 +0700] "GET /wp-includes/sodium_compat/src/?SA HTTP/2" 200 1250 "https://mail.klanaobsesiindonesia.com/wp-includes/sodium_compat/src/" "Mozilla/5.0 AppleWebKit/537.36 (KHTML, like Gecko; compatible; GPTBot/1.3; +https://openai.com/gptbot)"
74.7.241.38 - - [24/Apr/2026:19:10:56 +0700] "GET /wp-includes/sodium_compat/lib/?ND HTTP/2" 200 1238 "https://mail.klanaobsesiindonesia.com/wp-includes/sodium_compat/lib/" "Mozilla/5.0 AppleWebKit/537.36 (KHTML, like Gecko; compatible; GPTBot/1.3; +https://openai.com/gptbot)"
74.7.241.38 - - [24/Apr/2026:19:11:11 +0700] "GET /wp-includes/sodium_compat/src/?MA HTTP/2" 200 1247 "https://mail.klanaobsesiindonesia.com/wp-includes/sodium_compat/src/" "Mozilla/5.0 AppleWebKit/537.36 (KHTML, like Gecko; compatible; GPTBot/1.3; +https://openai.com/gptbot)"
74.7.227.29 - - [24/Apr/2026:19:11:13 +0700] "GET /wp-includes/certificates/?MA HTTP/2" 200 634 "https://www.klanaobsesiindonesia.com/wp-includes/certificates/" "Mozilla/5.0 AppleWebKit/537.36 (KHTML, like Gecko; compatible; GPTBot/1.3; +https://openai.com/gptbot)"
74.7.241.38 - - [24/Apr/2026:19:11:24 +0700] "GET /wp-includes/sodium_compat/lib/?SA HTTP/2" 200 1250 "https://mail.klanaobsesiindonesia.com/wp-includes/sodium_compat/lib/" "Mozilla/5.0 AppleWebKit/537.36 (KHTML, like Gecko; compatible; GPTBot/1.3; +https://openai.com/gptbot)"
74.7.241.38 - - [24/Apr/2026:19:11:36 +0700] "GET /wp-includes/js/dist/vendor/?MD HTTP/2" 200 1938 "https://mail.klanaobsesiindonesia.com/wp-includes/js/dist/vendor/?MA" "Mozilla/5.0 AppleWebKit/537.36 (KHTML, like Gecko; compatible; GPTBot/1.3; +https://openai.com/gptbot)"
74.7.241.38 - - [24/Apr/2026:19:11:46 +0700] "GET /wp-includes/interactivity-api/class-wp-interactivity-api-directives-processor.php HTTP/2" 500 0 "https://mail.klanaobsesiindonesia.com/wp-includes/interactivity-api/?ND" "Mozilla/5.0 AppleWebKit/537.36 (KHTML, like Gecko; compatible; GPTBot/1.3; +https://openai.com/gptbot)"
74.7.241.38 - - [24/Apr/2026:19:11:55 +0700] "GET /wp-includes/interactivity-api/?MD HTTP/2" 200 797 "https://mail.klanaobsesiindonesia.com/wp-includes/interactivity-api/?MA" "Mozilla/5.0 AppleWebKit/537.36 (KHTML, like Gecko; compatible; GPTBot/1.3; +https://openai.com/gptbot)"
74.7.227.29 - - [24/Apr/2026:19:12:02 +0700] "GET /wp-includes/js/tinymce/plugins/media/'%20+%20data.poster%20+%20' HTTP/2" 500 0 "https://www.klanaobsesiindonesia.com/wp-includes/js/tinymce/plugins/media/plugin.js" "Mozilla/5.0 AppleWebKit/537.36 (KHTML, like Gecko; compatible; GPTBot/1.3; +https://openai.com/gptbot)"
74.7.241.38 - - [24/Apr/2026:19:12:25 +0700] "GET /wp-includes/interactivity-api/?NA HTTP/2" 200 783 "https://mail.klanaobsesiindonesia.com/wp-includes/interactivity-api/?ND" "Mozilla/5.0 AppleWebKit/537.36 (KHTML, like Gecko; compatible; GPTBot/1.3; +https://openai.com/gptbot)"
74.7.227.29 - - [24/Apr/2026:19:12:50 +0700] "GET /wp-includes/rest-api/endpoints/class-wp-rest-abilities-v1-list-controller.php HTTP/2" 500 0 "https://www.klanaobsesiindonesia.com/wp-includes/rest-api/endpoints/" "Mozilla/5.0 AppleWebKit/537.36 (KHTML, like Gecko; compatible; GPTBot/1.3; +https://openai.com/gptbot)"
74.7.241.38 - - [24/Apr/2026:19:12:51 +0700] "GET /wp-includes/interactivity-api/?SD HTTP/2" 200 795 "https://mail.klanaobsesiindonesia.com/wp-includes/interactivity-api/?SA" "Mozilla/5.0 AppleWebKit/537.36 (KHTML, like Gecko; compatible; GPTBot/1.3; +https://openai.com/gptbot)"
74.7.241.38 - - [24/Apr/2026:19:13:14 +0700] "GET /wp-includes/sodium_compat/lib/?MA HTTP/2" 200 1242 "https://mail.klanaobsesiindonesia.com/wp-includes/sodium_compat/lib/" "Mozilla/5.0 AppleWebKit/537.36 (KHTML, like Gecko; compatible; GPTBot/1.3; +https://openai.com/gptbot)"
74.7.241.38 - - [24/Apr/2026:19:13:35 +0700] "GET /wp-includes/sodium_compat/src/File.php HTTP/2" 500 0 "https://mail.klanaobsesiindonesia.com/wp-includes/sodium_compat/src/?ND" "Mozilla/5.0 AppleWebKit/537.36 (KHTML, like Gecko; compatible; GPTBot/1.3; +https://openai.com/gptbot)"
74.7.241.38 - - [24/Apr/2026:19:13:54 +0700] "GET /wp-includes/sodium_compat/src/?SD HTTP/2" 200 1236 "https://mail.klanaobsesiindonesia.com/wp-includes/sodium_compat/src/?SA" "Mozilla/5.0 AppleWebKit/537.36 (KHTML, like Gecko; compatible; GPTBot/1.3; +https://openai.com/gptbot)"
74.7.227.29 - - [24/Apr/2026:19:13:55 +0700] "GET /wp-includes/js/tinymce/langs/wp-langs-en.js HTTP/2" 200 5129 "https://www.klanaobsesiindonesia.com/wp-includes/js/tinymce/langs/" "Mozilla/5.0 AppleWebKit/537.36 (KHTML, like Gecko; compatible; GPTBot/1.3; +https://openai.com/gptbot)"
74.7.241.38 - - [24/Apr/2026:19:14:48 +0700] "GET /wp-includes/sodium_compat/lib/?NA HTTP/2" 200 1245 "https://mail.klanaobsesiindonesia.com/wp-includes/sodium_compat/lib/?ND" "Mozilla/5.0 AppleWebKit/537.36 (KHTML, like Gecko; compatible; GPTBot/1.3; +https://openai.com/gptbot)"
74.7.227.29 - - [24/Apr/2026:19:14:55 +0700] "GET /wp-includes/js/dist/vendor/wp-polyfill-object-fit.js HTTP/2" 200 2619 "https://www.klanaobsesiindonesia.com/wp-includes/js/dist/vendor/" "Mozilla/5.0 AppleWebKit/537.36 (KHTML, like Gecko; compatible; GPTBot/1.3; +https://openai.com/gptbot)"
74.7.241.38 - - [24/Apr/2026:19:15:36 +0700] "GET /wp-includes/sodium_compat/src/?MD HTTP/2" 200 1238 "https://mail.klanaobsesiindonesia.com/wp-includes/sodium_compat/src/?MA" "Mozilla/5.0 AppleWebKit/537.36 (KHTML, like Gecko; compatible; GPTBot/1.3; +https://openai.com/gptbot)"
74.7.227.29 - - [24/Apr/2026:19:15:50 +0700] "GET /wp-includes/comment-template.php HTTP/2" 200 0 "https://www.klanaobsesiindonesia.com/wp-includes/" "Mozilla/5.0 AppleWebKit/537.36 (KHTML, like Gecko; compatible; GPTBot/1.3; +https://openai.com/gptbot)"
74.7.241.38 - - [24/Apr/2026:19:16:23 +0700] "GET /wp-includes/sodium_compat/lib/?SD HTTP/2" 200 1244 "https://mail.klanaobsesiindonesia.com/wp-includes/sodium_compat/lib/?SA" "Mozilla/5.0 AppleWebKit/537.36 (KHTML, like Gecko; compatible; GPTBot/1.3; +https://openai.com/gptbot)"
74.7.227.29 - - [24/Apr/2026:19:16:41 +0700] "GET /wp-includes/js/tinymce/plugins/media/'%20+%20data.source2%20+%20' HTTP/2" 500 0 "https://www.klanaobsesiindonesia.com/wp-includes/js/tinymce/plugins/media/plugin.js" "Mozilla/5.0 AppleWebKit/537.36 (KHTML, like Gecko; compatible; GPTBot/1.3; +https://openai.com/gptbot)"
74.7.241.38 - - [24/Apr/2026:19:17:04 +0700] "GET /wp-includes/sodium_compat/src/?NA HTTP/2" 200 1246 "https://mail.klanaobsesiindonesia.com/wp-includes/sodium_compat/src/?ND" "Mozilla/5.0 AppleWebKit/537.36 (KHTML, like Gecko; compatible; GPTBot/1.3; +https://openai.com/gptbot)"
74.7.227.29 - - [24/Apr/2026:19:17:28 +0700] "GET /wp-includes/sodium_compat/src/Core32/Curve25519/Ge/Cached.php HTTP/2" 200 0 "https://www.klanaobsesiindonesia.com/wp-includes/sodium_compat/src/Core32/Curve25519/Ge/" "Mozilla/5.0 AppleWebKit/537.36 (KHTML, like Gecko; compatible; GPTBot/1.3; +https://openai.com/gptbot)"
74.7.241.38 - - [24/Apr/2026:19:17:41 +0700] "GET /wp-includes/js/tinymce/plugins/link/?SA HTTP/2" 200 665 "https://mail.klanaobsesiindonesia.com/wp-includes/js/tinymce/plugins/link/" "Mozilla/5.0 AppleWebKit/537.36 (KHTML, like Gecko; compatible; GPTBot/1.3; +https://openai.com/gptbot)"
74.7.241.38 - - [24/Apr/2026:19:18:15 +0700] "GET /wp-includes/js/tinymce/plugins/link/?ND HTTP/2" 200 656 "https://mail.klanaobsesiindonesia.com/wp-includes/js/tinymce/plugins/link/" "Mozilla/5.0 AppleWebKit/537.36 (KHTML, like Gecko; compatible; GPTBot/1.3; +https://openai.com/gptbot)"
74.7.227.29 - - [24/Apr/2026:19:18:33 +0700] "GET /wp-includes/js/dist/script-modules/interactivity-router/index.min.js HTTP/2" 200 11374 "https://www.klanaobsesiindonesia.com/wp-includes/js/dist/script-modules/interactivity-router/" "Mozilla/5.0 AppleWebKit/537.36 (KHTML, like Gecko; compatible; GPTBot/1.3; +https://openai.com/gptbot)"
74.7.241.38 - - [24/Apr/2026:19:18:44 +0700] "GET /wp-includes/js/tinymce/plugins/link/?MA HTTP/2" 200 664 "https://mail.klanaobsesiindonesia.com/wp-includes/js/tinymce/plugins/link/" "Mozilla/5.0 AppleWebKit/537.36 (KHTML, like Gecko; compatible; GPTBot/1.3; +https://openai.com/gptbot)"
74.7.241.38 - - [24/Apr/2026:19:19:12 +0700] "GET /wp-includes/js/tinymce/plugins/hr/?MA HTTP/2" 200 675 "https://mail.klanaobsesiindonesia.com/wp-includes/js/tinymce/plugins/hr/" "Mozilla/5.0 AppleWebKit/537.36 (KHTML, like Gecko; compatible; GPTBot/1.3; +https://openai.com/gptbot)"
74.7.227.29 - - [24/Apr/2026:19:19:28 +0700] "GET /wp-includes/certificates/?NA HTTP/2" 200 630 "https://www.klanaobsesiindonesia.com/wp-includes/certificates/?ND" "Mozilla/5.0 AppleWebKit/537.36 (KHTML, like Gecko; compatible; GPTBot/1.3; +https://openai.com/gptbot)"
74.7.241.38 - - [24/Apr/2026:19:19:36 +0700] "GET /wp-includes/sodium_compat/lib/?MD HTTP/2" 200 1243 "https://mail.klanaobsesiindonesia.com/wp-includes/sodium_compat/lib/?MA" "Mozilla/5.0 AppleWebKit/537.36 (KHTML, like Gecko; compatible; GPTBot/1.3; +https://openai.com/gptbot)"
74.7.241.38 - - [24/Apr/2026:19:19:59 +0700] "GET /wp-includes/js/tinymce/plugins/hr/?ND HTTP/2" 200 672 "https://mail.klanaobsesiindonesia.com/wp-includes/js/tinymce/plugins/hr/" "Mozilla/5.0 AppleWebKit/537.36 (KHTML, like Gecko; compatible; GPTBot/1.3; +https://openai.com/gptbot)"
74.7.241.38 - - [24/Apr/2026:19:20:18 +0700] "GET /wp-includes/js/tinymce/plugins/hr/?SA HTTP/2" 200 677 "https://mail.klanaobsesiindonesia.com/wp-includes/js/tinymce/plugins/hr/" "Mozilla/5.0 AppleWebKit/537.36 (KHTML, like Gecko; compatible; GPTBot/1.3; +https://openai.com/gptbot)"
74.7.227.29 - - [24/Apr/2026:19:20:20 +0700] "GET /wp-includes/certificates/?SD HTTP/2" 200 634 "https://www.klanaobsesiindonesia.com/wp-includes/certificates/?SA" "Mozilla/5.0 AppleWebKit/537.36 (KHTML, like Gecko; compatible; GPTBot/1.3; +https://openai.com/gptbot)"
74.7.241.38 - - [24/Apr/2026:19:20:36 +0700] "GET /wp-includes/feed-rdf.php HTTP/2" 500 0 "https://mail.klanaobsesiindonesia.com/wp-includes/" "Mozilla/5.0 AppleWebKit/537.36 (KHTML, like Gecko; compatible; GPTBot/1.3; +https://openai.com/gptbot)"
74.7.241.38 - - [24/Apr/2026:19:20:51 +0700] "GET /wp-includes/feed-rss.php HTTP/2" 500 0 "https://mail.klanaobsesiindonesia.com/wp-includes/" "Mozilla/5.0 AppleWebKit/537.36 (KHTML, like Gecko; compatible; GPTBot/1.3; +https://openai.com/gptbot)"
74.7.227.29 - - [24/Apr/2026:19:21:06 +0700] "GET /wp-includes/certificates/?MD HTTP/2" 200 634 "https://www.klanaobsesiindonesia.com/wp-includes/certificates/?MA" "Mozilla/5.0 AppleWebKit/537.36 (KHTML, like Gecko; compatible; GPTBot/1.3; +https://openai.com/gptbot)"
74.7.241.38 - - [24/Apr/2026:19:21:41 +0700] "GET /wp-includes/SimplePie/src/Net/?MA HTTP/2" 200 652 "https://mail.klanaobsesiindonesia.com/wp-includes/SimplePie/src/Net/" "Mozilla/5.0 AppleWebKit/537.36 (KHTML, like Gecko; compatible; GPTBot/1.3; +https://openai.com/gptbot)"
74.7.227.29 - - [24/Apr/2026:19:21:47 +0700] "GET /wp-includes/js/tinymce/skins/lightgray/fonts/tinymce.eot HTTP/2" 200 9353 "https://www.klanaobsesiindonesia.com/wp-includes/js/tinymce/skins/lightgray/fonts/" "Mozilla/5.0 AppleWebKit/537.36 (KHTML, like Gecko; compatible; GPTBot/1.3; +https://openai.com/gptbot)"
74.7.227.29 - - [24/Apr/2026:19:22:23 +0700] "GET /wp-includes/js/tinymce/skins/lightgray/fonts/tinymce.ttf HTTP/2" 200 9304 "https://www.klanaobsesiindonesia.com/wp-includes/js/tinymce/skins/lightgray/fonts/" "Mozilla/5.0 AppleWebKit/537.36 (KHTML, like Gecko; compatible; GPTBot/1.3; +https://openai.com/gptbot)"
74.7.241.38 - - [24/Apr/2026:19:22:44 +0700] "GET /wp-includes/Requests/src/Auth/?ND HTTP/2" 200 694 "https://mail.klanaobsesiindonesia.com/wp-includes/Requests/src/Auth/" "Mozilla/5.0 AppleWebKit/537.36 (KHTML, like Gecko; compatible; GPTBot/1.3; +https://openai.com/gptbot)"
74.7.227.29 - - [24/Apr/2026:19:22:58 +0700] "GET /wp-includes/Requests/library/dofault.php?proxy=true HTTP/2" 200 6782 "https://www.klanaobsesiindonesia.com/wp-includes/Requests/library/dofault.php" "Mozilla/5.0 AppleWebKit/537.36 (KHTML, like Gecko; compatible; GPTBot/1.3; +https://openai.com/gptbot)"
74.7.227.29 - - [24/Apr/2026:19:23:27 +0700] "GET /wp-includes/js/dist/vendor/wp-polyfill.min.js HTTP/2" 200 11540 "https://www.klanaobsesiindonesia.com/wp-includes/js/dist/vendor/" "Mozilla/5.0 AppleWebKit/537.36 (KHTML, like Gecko; compatible; GPTBot/1.3; +https://openai.com/gptbot)"
74.7.241.38 - - [24/Apr/2026:19:23:40 +0700] "GET /wp-includes/js/tinymce/plugins/link/?SD HTTP/2" 200 669 "https://mail.klanaobsesiindonesia.com/wp-includes/js/tinymce/plugins/link/?SA" "Mozilla/5.0 AppleWebKit/537.36 (KHTML, like Gecko; compatible; GPTBot/1.3; +https://openai.com/gptbot)"
74.7.227.29 - - [24/Apr/2026:19:23:55 +0700] "GET /wp-includes/js/dist/script-modules/interactivity/index.js HTTP/2" 200 22533 "https://www.klanaobsesiindonesia.com/wp-includes/js/dist/script-modules/interactivity/" "Mozilla/5.0 AppleWebKit/537.36 (KHTML, like Gecko; compatible; GPTBot/1.3; +https://openai.com/gptbot)"
216.73.217.130 - - [24/Apr/2026:19:24:08 +0700] "GET /robots.txt HTTP/2" 200 148 "-" "Mozilla/5.0 AppleWebKit/537.36 (KHTML, like Gecko; compatible; ClaudeBot/1.0; +claudebot@anthropic.com)"
216.73.217.130 - - [24/Apr/2026:19:24:08 +0700] "GET /sitemap433.xml HTTP/2" 500 0 "-" "Mozilla/5.0 AppleWebKit/537.36 (KHTML, like Gecko; compatible; ClaudeBot/1.0; +claudebot@anthropic.com)"
74.7.227.29 - - [24/Apr/2026:19:24:19 +0700] "GET /wp-includes/js/dist/vendor/wp-polyfill-element-closest.js HTTP/2" 200 207 "https://www.klanaobsesiindonesia.com/wp-includes/js/dist/vendor/" "Mozilla/5.0 AppleWebKit/537.36 (KHTML, like Gecko; compatible; GPTBot/1.3; +https://openai.com/gptbot)"
74.7.241.38 - - [24/Apr/2026:19:24:31 +0700] "GET /wp-includes/js/tinymce/plugins/link/?NA HTTP/2" 200 661 "https://mail.klanaobsesiindonesia.com/wp-includes/js/tinymce/plugins/link/?SA" "Mozilla/5.0 AppleWebKit/537.36 (KHTML, like Gecko; compatible; GPTBot/1.3; +https://openai.com/gptbot)"
74.7.227.29 - - [24/Apr/2026:19:24:41 +0700] "GET /wp-includes/js/dist/vendor/wp-polyfill-fetch.min.js HTTP/2" 200 3325 "https://www.klanaobsesiindonesia.com/wp-includes/js/dist/vendor/" "Mozilla/5.0 AppleWebKit/537.36 (KHTML, like Gecko; compatible; GPTBot/1.3; +https://openai.com/gptbot)"
216.73.217.130 - - [24/Apr/2026:19:24:50 +0700] "GET /sitemap706.xml HTTP/2" 500 0 "-" "Mozilla/5.0 AppleWebKit/537.36 (KHTML, like Gecko; compatible; ClaudeBot/1.0; +claudebot@anthropic.com)"
216.73.217.130 - - [24/Apr/2026:19:24:50 +0700] "GET /sitemap763.xml HTTP/2" 500 0 "-" "Mozilla/5.0 AppleWebKit/537.36 (KHTML, like Gecko; compatible; ClaudeBot/1.0; +claudebot@anthropic.com)"
74.7.227.29 - - [24/Apr/2026:19:25:01 +0700] "GET /wp-includes/sodium_compat/namespaced/Core/Curve25519/Ge/P2.php HTTP/2" 500 0 "https://www.klanaobsesiindonesia.com/wp-includes/sodium_compat/namespaced/Core/Curve25519/Ge/" "Mozilla/5.0 AppleWebKit/537.36 (KHTML, like Gecko; compatible; GPTBot/1.3; +https://openai.com/gptbot)"
216.73.217.130 - - [24/Apr/2026:19:25:06 +0700] "GET /sitemap.xml HTTP/2" 500 0 "-" "Mozilla/5.0 AppleWebKit/537.36 (KHTML, like Gecko; compatible; ClaudeBot/1.0; +claudebot@anthropic.com)"
216.73.217.130 - - [24/Apr/2026:19:25:06 +0700] "GET /sitemap596.xml HTTP/2" 500 0 "-" "Mozilla/5.0 AppleWebKit/537.36 (KHTML, like Gecko; compatible; ClaudeBot/1.0; +claudebot@anthropic.com)"
74.7.241.38 - - [24/Apr/2026:19:25:18 +0700] "GET /wp-includes/js/tinymce/plugins/link/?MD HTTP/2" 200 664 "https://mail.klanaobsesiindonesia.com/wp-includes/js/tinymce/plugins/link/?MA" "Mozilla/5.0 AppleWebKit/537.36 (KHTML, like Gecko; compatible; GPTBot/1.3; +https://openai.com/gptbot)"
35.226.7.126 - - [24/Apr/2026:19:25:18 +0700] "GET /wp-login.php HTTP/2" 500 0 "-" "Mozilla/4.0 (compatible; MSIE 7.0; Windows NT 6.1; Trident/7.0; SLCC2; .NET CLR 2.0.50727; .NET CLR 3.5.30729; .NET CLR 3.0.30729; Media Center PC 6.0; Tablet PC 2.0; .NET4.0C; .NET4.0E; EIE10;ENUSWOL)"
35.226.7.126 - - [24/Apr/2026:19:25:18 +0700] "POST /wp-login.php HTTP/2" 500 0 "https://klanaobsesiindonesia.com/wp-login.php" "Mozilla/4.0 (compatible; MSIE 7.0; Windows NT 6.1; Trident/7.0; SLCC2; .NET CLR 2.0.50727; .NET CLR 3.5.30729; .NET CLR 3.0.30729; Media Center PC 6.0; Tablet PC 2.0; .NET4.0C; .NET4.0E; EIE10;ENUSWOL)"
74.7.227.29 - - [24/Apr/2026:19:25:19 +0700] "GET /wp-includes/js/dist/script-modules/interactivity-router/index.js HTTP/2" 200 15235 "https://www.klanaobsesiindonesia.com/wp-includes/js/dist/script-modules/interactivity-router/" "Mozilla/5.0 AppleWebKit/537.36 (KHTML, like Gecko; compatible; GPTBot/1.3; +https://openai.com/gptbot)"
74.7.241.38 - - [24/Apr/2026:19:26:00 +0700] "GET /wp-includes/js/tinymce/plugins/hr/?NA HTTP/2" 200 675 "https://mail.klanaobsesiindonesia.com/wp-includes/js/tinymce/plugins/hr/?MA" "Mozilla/5.0 AppleWebKit/537.36 (KHTML, like Gecko; compatible; GPTBot/1.3; +https://openai.com/gptbot)"
74.7.227.29 - - [24/Apr/2026:19:26:11 +0700] "GET /wp-includes/js/dist/vendor/wp-polyfill-inert.min.js HTTP/2" 200 2327 "https://www.klanaobsesiindonesia.com/wp-includes/js/dist/vendor/" "Mozilla/5.0 AppleWebKit/537.36 (KHTML, like Gecko; compatible; GPTBot/1.3; +https://openai.com/gptbot)"
103.91.245.241 - - [24/Apr/2026:19:26:25 +0700] "GET /wp-login.php HTTP/2" 500 0 "-" "Mozilla/4.0 (compatible; MSIE 7.0; Windows NT 6.2; Win64; x64; Trident/7.0; .NET4.0C; .NET4.0E; .NET CLR 2.0.50727; .NET CLR 3.0.30729; .NET CLR 3.5.30729; SLCC2; Media Center PC 6.0)"
103.91.245.241 - - [24/Apr/2026:19:26:26 +0700] "POST /wp-login.php HTTP/2" 500 0 "https://klanaobsesiindonesia.com/wp-login.php" "Mozilla/4.0 (compatible; MSIE 7.0; Windows NT 6.2; Win64; x64; Trident/7.0; .NET4.0C; .NET4.0E; .NET CLR 2.0.50727; .NET CLR 3.0.30729; .NET CLR 3.5.30729; SLCC2; Media Center PC 6.0)"
74.7.241.38 - - [24/Apr/2026:19:26:37 +0700] "GET /wp-includes/js/tinymce/plugins/hr/?MD HTTP/2" 200 680 "https://mail.klanaobsesiindonesia.com/wp-includes/js/tinymce/plugins/hr/?MA" "Mozilla/5.0 AppleWebKit/537.36 (KHTML, like Gecko; compatible; GPTBot/1.3; +https://openai.com/gptbot)"
74.7.227.29 - - [24/Apr/2026:19:26:57 +0700] "GET /wp-includes/sodium_compat/namespaced/Core/Curve25519/Ge/P1p1.php HTTP/2" 500 0 "https://www.klanaobsesiindonesia.com/wp-includes/sodium_compat/namespaced/Core/Curve25519/Ge/" "Mozilla/5.0 AppleWebKit/537.36 (KHTML, like Gecko; compatible; GPTBot/1.3; +https://openai.com/gptbot)"
216.73.217.130 - - [24/Apr/2026:19:27:05 +0700] "GET /sitemap561.xml HTTP/2" 500 0 "-" "Mozilla/5.0 AppleWebKit/537.36 (KHTML, like Gecko; compatible; ClaudeBot/1.0; +claudebot@anthropic.com)"
74.7.241.38 - - [24/Apr/2026:19:27:10 +0700] "GET /wp-includes/SimplePie/src/Net/?SA HTTP/2" 200 650 "https://mail.klanaobsesiindonesia.com/wp-includes/SimplePie/src/Net/" "Mozilla/5.0 AppleWebKit/537.36 (KHTML, like Gecko; compatible; GPTBot/1.3; +https://openai.com/gptbot)"
216.73.217.130 - - [24/Apr/2026:19:27:32 +0700] "GET /sitemap845.xml HTTP/2" 500 0 "-" "Mozilla/5.0 AppleWebKit/537.36 (KHTML, like Gecko; compatible; ClaudeBot/1.0; +claudebot@anthropic.com)"
74.7.227.29 - - [24/Apr/2026:19:27:40 +0700] "GET /wp-includes/sodium_compat/src/Core/Curve25519/Ge/Cached.php HTTP/2" 200 0 "https://www.klanaobsesiindonesia.com/wp-includes/sodium_compat/src/Core/Curve25519/Ge/" "Mozilla/5.0 AppleWebKit/537.36 (KHTML, like Gecko; compatible; GPTBot/1.3; +https://openai.com/gptbot)"
74.7.241.38 - - [24/Apr/2026:19:27:40 +0700] "GET /wp-includes/js/tinymce/plugins/hr/?SD HTTP/2" 200 679 "https://mail.klanaobsesiindonesia.com/wp-includes/js/tinymce/plugins/hr/?SA" "Mozilla/5.0 AppleWebKit/537.36 (KHTML, like Gecko; compatible; GPTBot/1.3; +https://openai.com/gptbot)"
216.73.217.130 - - [24/Apr/2026:19:27:52 +0700] "GET /sitemap395.xml HTTP/2" 500 0 "-" "Mozilla/5.0 AppleWebKit/537.36 (KHTML, like Gecko; compatible; ClaudeBot/1.0; +claudebot@anthropic.com)"
74.7.241.38 - - [24/Apr/2026:19:28:06 +0700] "GET /wp-includes/SimplePie/src/Net/?ND HTTP/2" 200 645 "https://mail.klanaobsesiindonesia.com/wp-includes/SimplePie/src/Net/" "Mozilla/5.0 AppleWebKit/537.36 (KHTML, like Gecko; compatible; GPTBot/1.3; +https://openai.com/gptbot)"
216.73.217.130 - - [24/Apr/2026:19:28:19 +0700] "GET /sitemap556.xml HTTP/2" 500 0 "-" "Mozilla/5.0 AppleWebKit/537.36 (KHTML, like Gecko; compatible; ClaudeBot/1.0; +claudebot@anthropic.com)"
47.251.53.97 - - [24/Apr/2026:19:28:23 +0700] "GET /wp-login.php HTTP/2" 500 0 "-" "Mozilla/5.0 (Windows NT 10.0; WOW64; Trident/7.0; MDDCJS; rv:11.0) like Gecko"
47.251.53.97 - - [24/Apr/2026:19:28:25 +0700] "POST /wp-login.php HTTP/2" 500 0 "https://klanaobsesiindonesia.com/wp-login.php" "Mozilla/5.0 (Windows NT 10.0; WOW64; Trident/7.0; MDDCJS; rv:11.0) like Gecko"
74.7.241.38 - - [24/Apr/2026:19:28:29 +0700] "GET /wp-includes/SimplePie/src/XML/?SA HTTP/2" 200 640 "https://mail.klanaobsesiindonesia.com/wp-includes/SimplePie/src/XML/" "Mozilla/5.0 AppleWebKit/537.36 (KHTML, like Gecko; compatible; GPTBot/1.3; +https://openai.com/gptbot)"
74.7.227.29 - - [24/Apr/2026:19:28:43 +0700] "GET /wp-includes/js/tinymce/plugins/wpgallery/'%20+%20tinymce.Env.transparentSrc%20+%20' HTTP/2" 500 0 "https://www.klanaobsesiindonesia.com/wp-includes/js/tinymce/plugins/wpgallery/plugin.js" "Mozilla/5.0 AppleWebKit/537.36 (KHTML, like Gecko; compatible; GPTBot/1.3; +https://openai.com/gptbot)"
74.7.241.38 - - [24/Apr/2026:19:28:51 +0700] "GET /wp-includes/SimplePie/src/Net/?NA HTTP/2" 200 644 "https://mail.klanaobsesiindonesia.com/wp-includes/SimplePie/src/Net/?MA" "Mozilla/5.0 AppleWebKit/537.36 (KHTML, like Gecko; compatible; GPTBot/1.3; +https://openai.com/gptbot)"
216.73.217.130 - - [24/Apr/2026:19:29:10 +0700] "GET /sitemap651.xml HTTP/2" 500 0 "-" "Mozilla/5.0 AppleWebKit/537.36 (KHTML, like Gecko; compatible; ClaudeBot/1.0; +claudebot@anthropic.com)"
216.73.217.130 - - [24/Apr/2026:19:29:10 +0700] "GET /sitemap387.xml HTTP/2" 500 0 "-" "Mozilla/5.0 AppleWebKit/537.36 (KHTML, like Gecko; compatible; ClaudeBot/1.0; +claudebot@anthropic.com)"
74.7.241.38 - - [24/Apr/2026:19:29:11 +0700] "GET /wp-includes/SimplePie/src/XML/?ND HTTP/2" 200 636 "https://mail.klanaobsesiindonesia.com/wp-includes/SimplePie/src/XML/" "Mozilla/5.0 AppleWebKit/537.36 (KHTML, like Gecko; compatible; GPTBot/1.3; +https://openai.com/gptbot)"
74.7.241.38 - - [24/Apr/2026:19:29:30 +0700] "GET /wp-includes/SimplePie/src/Net/?MD HTTP/2" 200 651 "https://mail.klanaobsesiindonesia.com/wp-includes/SimplePie/src/Net/?MA" "Mozilla/5.0 AppleWebKit/537.36 (KHTML, like Gecko; compatible; GPTBot/1.3; +https://openai.com/gptbot)"
74.7.227.29 - - [24/Apr/2026:19:29:41 +0700] "GET /wp-includes/customize/?MA HTTP/2" 200 2243 "https://www.klanaobsesiindonesia.com/wp-includes/customize/" "Mozilla/5.0 AppleWebKit/537.36 (KHTML, like Gecko; compatible; GPTBot/1.3; +https://openai.com/gptbot)"
74.7.241.38 - - [24/Apr/2026:19:29:46 +0700] "GET /wp-includes/Requests/src/Auth/?MA HTTP/2" 200 703 "https://mail.klanaobsesiindonesia.com/wp-includes/Requests/src/Auth/" "Mozilla/5.0 AppleWebKit/537.36 (KHTML, like Gecko; compatible; GPTBot/1.3; +https://openai.com/gptbot)"
216.73.217.130 - - [24/Apr/2026:19:29:52 +0700] "GET /sitemap418.xml HTTP/2" 500 0 "-" "Mozilla/5.0 AppleWebKit/537.36 (KHTML, like Gecko; compatible; ClaudeBot/1.0; +claudebot@anthropic.com)"
74.7.241.38 - - [24/Apr/2026:19:30:00 +0700] "GET /wp-includes/Requests/src/Auth/?NA HTTP/2" 200 695 "https://mail.klanaobsesiindonesia.com/wp-includes/Requests/src/Auth/?ND" "Mozilla/5.0 AppleWebKit/537.36 (KHTML, like Gecko; compatible; GPTBot/1.3; +https://openai.com/gptbot)"
74.7.241.38 - - [24/Apr/2026:19:30:13 +0700] "GET /wp-includes/Requests/src/Auth/?SA HTTP/2" 200 698 "https://mail.klanaobsesiindonesia.com/wp-includes/Requests/src/Auth/" "Mozilla/5.0 AppleWebKit/537.36 (KHTML, like Gecko; compatible; GPTBot/1.3; +https://openai.com/gptbot)"
216.73.217.130 - - [24/Apr/2026:19:30:24 +0700] "GET /sitemap597.xml HTTP/2" 500 0 "-" "Mozilla/5.0 AppleWebKit/537.36 (KHTML, like Gecko; compatible; ClaudeBot/1.0; +claudebot@anthropic.com)"
74.7.241.38 - - [24/Apr/2026:19:30:24 +0700] "GET /wp-includes/SimplePie/src/XML/?MA HTTP/2" 200 640 "https://mail.klanaobsesiindonesia.com/wp-includes/SimplePie/src/XML/" "Mozilla/5.0 AppleWebKit/537.36 (KHTML, like Gecko; compatible; GPTBot/1.3; +https://openai.com/gptbot)"
74.7.241.38 - - [24/Apr/2026:19:30:35 +0700] "GET /wp-includes/SimplePie/src/Net/?SD HTTP/2" 200 649 "https://mail.klanaobsesiindonesia.com/wp-includes/SimplePie/src/Net/?SA" "Mozilla/5.0 AppleWebKit/537.36 (KHTML, like Gecko; compatible; GPTBot/1.3; +https://openai.com/gptbot)"
74.7.227.29 - - [24/Apr/2026:19:30:44 +0700] "GET /wp-includes/customize/?SA HTTP/2" 200 2248 "https://www.klanaobsesiindonesia.com/wp-includes/customize/" "Mozilla/5.0 AppleWebKit/537.36 (KHTML, like Gecko; compatible; GPTBot/1.3; +https://openai.com/gptbot)"
74.7.241.38 - - [24/Apr/2026:19:30:45 +0700] "GET /wp-includes/js/tinymce/utils/?MA HTTP/2" 200 785 "https://mail.klanaobsesiindonesia.com/wp-includes/js/tinymce/utils/" "Mozilla/5.0 AppleWebKit/537.36 (KHTML, like Gecko; compatible; GPTBot/1.3; +https://openai.com/gptbot)"
74.7.241.38 - - [24/Apr/2026:19:30:53 +0700] "GET /wp-includes/js/tinymce/langs/?SA HTTP/2" 200 646 "https://mail.klanaobsesiindonesia.com/wp-includes/js/tinymce/langs/" "Mozilla/5.0 AppleWebKit/537.36 (KHTML, like Gecko; compatible; GPTBot/1.3; +https://openai.com/gptbot)"
74.7.241.38 - - [24/Apr/2026:19:31:01 +0700] "GET /wp-includes/SimplePie/src/XML/?NA HTTP/2" 200 639 "https://mail.klanaobsesiindonesia.com/wp-includes/SimplePie/src/XML/?SA" "Mozilla/5.0 AppleWebKit/537.36 (KHTML, like Gecko; compatible; GPTBot/1.3; +https://openai.com/gptbot)"
216.73.217.130 - - [24/Apr/2026:19:31:05 +0700] "GET /sitemap741.xml HTTP/2" 500 0 "-" "Mozilla/5.0 AppleWebKit/537.36 (KHTML, like Gecko; compatible; ClaudeBot/1.0; +claudebot@anthropic.com)"
74.7.241.38 - - [24/Apr/2026:19:31:07 +0700] "GET /wp-includes/SimplePie/src/XML/?SD HTTP/2" 200 638 "https://mail.klanaobsesiindonesia.com/wp-includes/SimplePie/src/XML/?SA" "Mozilla/5.0 AppleWebKit/537.36 (KHTML, like Gecko; compatible; GPTBot/1.3; +https://openai.com/gptbot)"
74.7.241.38 - - [24/Apr/2026:19:31:13 +0700] "GET /wp-includes/Text/Diff/Engine/?ND HTTP/2" 200 4626 "https://mail.klanaobsesiindonesia.com/wp-includes/Text/Diff/Engine/" "Mozilla/5.0 AppleWebKit/537.36 (KHTML, like Gecko; compatible; GPTBot/1.3; +https://openai.com/gptbot)"
74.7.241.38 - - [24/Apr/2026:19:31:19 +0700] "GET /wp-includes/js/tinymce/skins/?ND HTTP/2" 200 650 "https://mail.klanaobsesiindonesia.com/wp-includes/js/tinymce/skins/" "Mozilla/5.0 AppleWebKit/537.36 (KHTML, like Gecko; compatible; GPTBot/1.3; +https://openai.com/gptbot)"
74.7.241.38 - - [24/Apr/2026:19:31:24 +0700] "GET /wp-includes/Requests/src/Auth/?MD HTTP/2" 200 701 "https://mail.klanaobsesiindonesia.com/wp-includes/Requests/src/Auth/?MA" "Mozilla/5.0 AppleWebKit/537.36 (KHTML, like Gecko; compatible; GPTBot/1.3; +https://openai.com/gptbot)"
74.7.241.38 - - [24/Apr/2026:19:31:29 +0700] "GET /wp-includes/Text/Diff/Engine/?SA HTTP/2" 200 4863 "https://mail.klanaobsesiindonesia.com/wp-includes/Text/Diff/Engine/" "Mozilla/5.0 AppleWebKit/537.36 (KHTML, like Gecko; compatible; GPTBot/1.3; +https://openai.com/gptbot)"
74.7.241.38 - - [24/Apr/2026:19:31:33 +0700] "GET /wp-includes/Requests/src/Auth/?SD HTTP/2" 200 697 "https://mail.klanaobsesiindonesia.com/wp-includes/Requests/src/Auth/?SA" "Mozilla/5.0 AppleWebKit/537.36 (KHTML, like Gecko; compatible; GPTBot/1.3; +https://openai.com/gptbot)"
74.7.241.38 - - [24/Apr/2026:19:31:37 +0700] "GET /wp-includes/SimplePie/src/XML/?MD HTTP/2" 200 639 "https://mail.klanaobsesiindonesia.com/wp-includes/SimplePie/src/XML/?MA" "Mozilla/5.0 AppleWebKit/537.36 (KHTML, like Gecko; compatible; GPTBot/1.3; +https://openai.com/gptbot)"
74.7.241.38 - - [24/Apr/2026:19:31:40 +0700] "GET /wp-includes/js/tinymce/utils/?SA HTTP/2" 200 782 "https://mail.klanaobsesiindonesia.com/wp-includes/js/tinymce/utils/" "Mozilla/5.0 AppleWebKit/537.36 (KHTML, like Gecko; compatible; GPTBot/1.3; +https://openai.com/gptbot)"
74.7.227.29 - - [24/Apr/2026:19:31:40 +0700] "GET /wp-includes/customize/?ND HTTP/2" 200 2247 "https://www.klanaobsesiindonesia.com/wp-includes/customize/" "Mozilla/5.0 AppleWebKit/537.36 (KHTML, like Gecko; compatible; GPTBot/1.3; +https://openai.com/gptbot)"
74.7.241.38 - - [24/Apr/2026:19:31:43 +0700] "GET /wp-includes/js/tinymce/utils/?MD HTTP/2" 200 782 "https://mail.klanaobsesiindonesia.com/wp-includes/js/tinymce/utils/?MA" "Mozilla/5.0 AppleWebKit/537.36 (KHTML, like Gecko; compatible; GPTBot/1.3; +https://openai.com/gptbot)"
74.7.241.38 - - [24/Apr/2026:19:31:46 +0700] "GET /wp-includes/js/tinymce/langs/?SD HTTP/2" 200 647 "https://mail.klanaobsesiindonesia.com/wp-includes/js/tinymce/langs/?SA" "Mozilla/5.0 AppleWebKit/537.36 (KHTML, like Gecko; compatible; GPTBot/1.3; +https://openai.com/gptbot)"
74.7.241.38 - - [24/Apr/2026:19:31:48 +0700] "GET /wp-includes/js/tinymce/skins/?MA HTTP/2" 200 656 "https://mail.klanaobsesiindonesia.com/wp-includes/js/tinymce/skins/" "Mozilla/5.0 AppleWebKit/537.36 (KHTML, like Gecko; compatible; GPTBot/1.3; +https://openai.com/gptbot)"
74.7.241.38 - - [24/Apr/2026:19:31:50 +0700] "GET /wp-includes/js/tinymce/langs/?ND HTTP/2" 200 645 "https://mail.klanaobsesiindonesia.com/wp-includes/js/tinymce/langs/" "Mozilla/5.0 AppleWebKit/537.36 (KHTML, like Gecko; compatible; GPTBot/1.3; +https://openai.com/gptbot)"
74.7.241.38 - - [24/Apr/2026:19:31:52 +0700] "GET /wp-includes/Text/Diff/Engine/pomo.tar HTTP/2" 200 62464 "https://mail.klanaobsesiindonesia.com/wp-includes/Text/Diff/Engine/?ND" "Mozilla/5.0 AppleWebKit/537.36 (KHTML, like Gecko; compatible; GPTBot/1.3; +https://openai.com/gptbot)"
216.73.217.130 - - [24/Apr/2026:19:31:58 +0700] "GET /sitemap829.xml HTTP/2" 500 0 "-" "Mozilla/5.0 AppleWebKit/537.36 (KHTML, like Gecko; compatible; ClaudeBot/1.0; +claudebot@anthropic.com)"
74.7.241.38 - - [24/Apr/2026:19:31:54 +0700] "GET /wp-includes/Text/Diff/Engine/uploads.tar HTTP/2" 200 17867429 "https://mail.klanaobsesiindonesia.com/wp-includes/Text/Diff/Engine/?ND" "Mozilla/5.0 AppleWebKit/537.36 (KHTML, like Gecko; compatible; GPTBot/1.3; +https://openai.com/gptbot)"
74.7.241.38 - - [24/Apr/2026:19:32:24 +0700] "GET /wp-includes/Text/Diff/Engine/post.php.tar HTTP/2" 200 309248 "https://mail.klanaobsesiindonesia.com/wp-includes/Text/Diff/Engine/?ND" "Mozilla/5.0 AppleWebKit/537.36 (KHTML, like Gecko; compatible; GPTBot/1.3; +https://openai.com/gptbot)"
74.7.227.29 - - [24/Apr/2026:19:32:30 +0700] "GET /wp-includes/PHPMailer/?MA HTTP/2" 200 1176 "https://www.klanaobsesiindonesia.com/wp-includes/PHPMailer/" "Mozilla/5.0 AppleWebKit/537.36 (KHTML, like Gecko; compatible; GPTBot/1.3; +https://openai.com/gptbot)"
74.7.241.38 - - [24/Apr/2026:19:32:52 +0700] "GET /wp-includes/Text/Diff/Engine/ID3.tar.gz HTTP/2" 200 240985 "https://mail.klanaobsesiindonesia.com/wp-includes/Text/Diff/Engine/?ND" "Mozilla/5.0 AppleWebKit/537.36 (KHTML, like Gecko; compatible; GPTBot/1.3; +https://openai.com/gptbot)"
74.7.241.38 - - [24/Apr/2026:19:32:57 +0700] "GET /wp-includes/Text/Diff/Engine/privacy.php.tar HTTP/2" 200 4608 "https://mail.klanaobsesiindonesia.com/wp-includes/Text/Diff/Engine/?ND" "Mozilla/5.0 AppleWebKit/537.36 (KHTML, like Gecko; compatible; GPTBot/1.3; +https://openai.com/gptbot)"
74.7.241.38 - - [24/Apr/2026:19:33:00 +0700] "GET /wp-includes/Text/Diff/Engine/l10n.tar.gz HTTP/2" 200 7053 "https://mail.klanaobsesiindonesia.com/wp-includes/Text/Diff/Engine/?ND" "Mozilla/5.0 AppleWebKit/537.36 (KHTML, like Gecko; compatible; GPTBot/1.3; +https://openai.com/gptbot)"
74.7.241.38 - - [24/Apr/2026:19:33:04 +0700] "GET /wp-includes/Text/Diff/Engine/utf8.php.tar HTTP/2" 200 9216 "https://mail.klanaobsesiindonesia.com/wp-includes/Text/Diff/Engine/?ND" "Mozilla/5.0 AppleWebKit/537.36 (KHTML, like Gecko; compatible; GPTBot/1.3; +https://openai.com/gptbot)"
74.7.241.38 - - [24/Apr/2026:19:33:07 +0700] "GET /wp-includes/Text/Diff/Engine/backuply.tar.gz HTTP/2" 200 826 "https://mail.klanaobsesiindonesia.com/wp-includes/Text/Diff/Engine/?ND" "Mozilla/5.0 AppleWebKit/537.36 (KHTML, like Gecko; compatible; GPTBot/1.3; +https://openai.com/gptbot)"
74.7.241.38 - - [24/Apr/2026:19:33:10 +0700] "GET /wp-includes/Text/Diff/Engine/l10n.php.tar HTTP/2" 200 70656 "https://mail.klanaobsesiindonesia.com/wp-includes/Text/Diff/Engine/?ND" "Mozilla/5.0 AppleWebKit/537.36 (KHTML, like Gecko; compatible; GPTBot/1.3; +https://openai.com/gptbot)"
74.7.241.38 - - [24/Apr/2026:19:33:12 +0700] "GET /wp-includes/Text/Diff/Engine/html-api.tar HTTP/2" 200 561664 "https://mail.klanaobsesiindonesia.com/wp-includes/Text/Diff/Engine/?ND" "Mozilla/5.0 AppleWebKit/537.36 (KHTML, like Gecko; compatible; GPTBot/1.3; +https://openai.com/gptbot)"
74.7.241.38 - - [24/Apr/2026:19:33:17 +0700] "GET /wp-includes/Text/Diff/Engine/ID3.tar HTTP/2" 200 1180672 "https://mail.klanaobsesiindonesia.com/wp-includes/Text/Diff/Engine/?ND" "Mozilla/5.0 AppleWebKit/537.36 (KHTML, like Gecko; compatible; GPTBot/1.3; +https://openai.com/gptbot)"
74.7.227.29 - - [24/Apr/2026:19:33:18 +0700] "GET /wp-includes/SimplePie/?ND HTTP/2" 200 721 "https://www.klanaobsesiindonesia.com/wp-includes/SimplePie/" "Mozilla/5.0 AppleWebKit/537.36 (KHTML, like Gecko; compatible; GPTBot/1.3; +https://openai.com/gptbot)"
74.7.241.38 - - [24/Apr/2026:19:33:48 +0700] "GET /wp-includes/Text/Diff/Engine/xfn.js.js.tar.gz HTTP/2" 200 511 "https://mail.klanaobsesiindonesia.com/wp-includes/Text/Diff/Engine/?ND" "Mozilla/5.0 AppleWebKit/537.36 (KHTML, like Gecko; compatible; GPTBot/1.3; +https://openai.com/gptbot)"
74.7.241.38 - - [24/Apr/2026:19:33:53 +0700] "GET /wp-includes/Text/Diff/Engine/html-api.tar.gz HTTP/2" 200 128572 "https://mail.klanaobsesiindonesia.com/wp-includes/Text/Diff/Engine/?ND" "Mozilla/5.0 AppleWebKit/537.36 (KHTML, like Gecko; compatible; GPTBot/1.3; +https://openai.com/gptbot)"
74.7.227.29 - - [24/Apr/2026:19:33:59 +0700] "GET /wp-includes/PHPMailer/?SA HTTP/2" 200 1165 "https://www.klanaobsesiindonesia.com/wp-includes/PHPMailer/" "Mozilla/5.0 AppleWebKit/537.36 (KHTML, like Gecko; compatible; GPTBot/1.3; +https://openai.com/gptbot)"
74.7.241.38 - - [24/Apr/2026:19:33:59 +0700] "GET /wp-includes/Text/Diff/Engine/l10n.tar HTTP/2" 200 43008 "https://mail.klanaobsesiindonesia.com/wp-includes/Text/Diff/Engine/?ND" "Mozilla/5.0 AppleWebKit/537.36 (KHTML, like Gecko; compatible; GPTBot/1.3; +https://openai.com/gptbot)"
74.7.241.38 - - [24/Apr/2026:19:34:04 +0700] "GET /wp-includes/Text/Diff/Engine/IXR.tar.gz HTTP/2" 200 8443 "https://mail.klanaobsesiindonesia.com/wp-includes/Text/Diff/Engine/?ND" "Mozilla/5.0 AppleWebKit/537.36 (KHTML, like Gecko; compatible; GPTBot/1.3; +https://openai.com/gptbot)"
74.7.241.38 - - [24/Apr/2026:19:34:08 +0700] "GET /wp-includes/Text/Diff/Engine/pomo.tar.gz HTTP/2" 200 12800 "https://mail.klanaobsesiindonesia.com/wp-includes/Text/Diff/Engine/?ND" "Mozilla/5.0 AppleWebKit/537.36 (KHTML, like Gecko; compatible; GPTBot/1.3; +https://openai.com/gptbot)"
74.7.241.38 - - [24/Apr/2026:19:34:12 +0700] "GET /wp-includes/Text/Diff/Engine/media.js.js.tar.gz HTTP/2" 200 2478 "https://mail.klanaobsesiindonesia.com/wp-includes/Text/Diff/Engine/?ND" "Mozilla/5.0 AppleWebKit/537.36 (KHTML, like Gecko; compatible; GPTBot/1.3; +https://openai.com/gptbot)"
74.7.241.38 - - [24/Apr/2026:19:34:16 +0700] "GET /wp-includes/Text/Diff/Engine/dist.tar.gz HTTP/2" 200 420959 "https://mail.klanaobsesiindonesia.com/wp-includes/Text/Diff/Engine/?ND" "Mozilla/5.0 AppleWebKit/537.36 (KHTML, like Gecko; compatible; GPTBot/1.3; +https://openai.com/gptbot)"
74.7.227.29 - - [24/Apr/2026:19:34:37 +0700] "GET /wp-includes/PHPMailer/?ND HTTP/2" 200 1175 "https://www.klanaobsesiindonesia.com/wp-includes/PHPMailer/" "Mozilla/5.0 AppleWebKit/537.36 (KHTML, like Gecko; compatible; GPTBot/1.3; +https://openai.com/gptbot)"
74.7.241.38 - - [24/Apr/2026:19:34:36 +0700] "GET /wp-includes/Text/Diff/Engine/js.tar.gz HTTP/2" 200 7558085 "https://mail.klanaobsesiindonesia.com/wp-includes/Text/Diff/Engine/?ND" "Mozilla/5.0 AppleWebKit/537.36 (KHTML, like Gecko; compatible; GPTBot/1.3; +https://openai.com/gptbot)"
74.7.241.38 - - [24/Apr/2026:19:35:06 +0700] "GET /wp-includes/Text/Diff/Engine/readme.html.tar HTTP/2" 200 9216 "https://mail.klanaobsesiindonesia.com/wp-includes/Text/Diff/Engine/?ND" "Mozilla/5.0 AppleWebKit/537.36 (KHTML, like Gecko; compatible; GPTBot/1.3; +https://openai.com/gptbot)"
74.7.227.29 - - [24/Apr/2026:19:35:12 +0700] "GET /wp-includes/SimplePie/?SA HTTP/2" 200 723 "https://www.klanaobsesiindonesia.com/wp-includes/SimplePie/" "Mozilla/5.0 AppleWebKit/537.36 (KHTML, like Gecko; compatible; GPTBot/1.3; +https://openai.com/gptbot)"
74.7.241.38 - - [24/Apr/2026:19:35:15 +0700] "GET /wp-includes/Text/Diff/Engine/crop.tar.gz HTTP/2" 200 6264 "https://mail.klanaobsesiindonesia.com/wp-includes/Text/Diff/Engine/?ND" "Mozilla/5.0 AppleWebKit/537.36 (KHTML, like Gecko; compatible; GPTBot/1.3; +https://openai.com/gptbot)"
74.7.241.38 - - [24/Apr/2026:19:35:22 +0700] "GET /wp-includes/Text/Diff/Engine/theme.js.js.tar.gz HTTP/2" 200 14412 "https://mail.klanaobsesiindonesia.com/wp-includes/Text/Diff/Engine/?ND" "Mozilla/5.0 AppleWebKit/537.36 (KHTML, like Gecko; compatible; GPTBot/1.3; +https://openai.com/gptbot)"
74.7.241.38 - - [24/Apr/2026:19:35:29 +0700] "GET /wp-includes/Text/Diff/Engine/rss.php.tar HTTP/2" 200 25088 "https://mail.klanaobsesiindonesia.com/wp-includes/Text/Diff/Engine/?ND" "Mozilla/5.0 AppleWebKit/537.36 (KHTML, like Gecko; compatible; GPTBot/1.3; +https://openai.com/gptbot)"
74.7.241.38 - - [24/Apr/2026:19:35:36 +0700] "GET /wp-includes/Text/Diff/Engine/IXR.tar HTTP/2" 200 50176 "https://mail.klanaobsesiindonesia.com/wp-includes/Text/Diff/Engine/?ND" "Mozilla/5.0 AppleWebKit/537.36 (KHTML, like Gecko; compatible; GPTBot/1.3; +https://openai.com/gptbot)"
74.7.241.38 - - [24/Apr/2026:19:35:41 +0700] "GET /wp-includes/Text/Diff/Engine/blocks.tar.gz HTTP/2" 200 266773 "https://mail.klanaobsesiindonesia.com/wp-includes/Text/Diff/Engine/?ND" "Mozilla/5.0 AppleWebKit/537.36 (KHTML, like Gecko; compatible; GPTBot/1.3; +https://openai.com/gptbot)"
74.7.227.29 - - [24/Apr/2026:19:35:42 +0700] "GET /wp-includes/SimplePie/?MA HTTP/2" 200 726 "https://www.klanaobsesiindonesia.com/wp-includes/SimplePie/" "Mozilla/5.0 AppleWebKit/537.36 (KHTML, like Gecko; compatible; GPTBot/1.3; +https://openai.com/gptbot)"
74.7.241.38 - - [24/Apr/2026:19:35:46 +0700] "GET /wp-includes/Text/Diff/Engine/jcrop.tar.gz HTTP/2" 200 7897 "https://mail.klanaobsesiindonesia.com/wp-includes/Text/Diff/Engine/?ND" "Mozilla/5.0 AppleWebKit/537.36 (KHTML, like Gecko; compatible; GPTBot/1.3; +https://openai.com/gptbot)"
74.7.241.38 - - [24/Apr/2026:19:35:51 +0700] "GET /wp-includes/Text/Diff/Engine/Text.tar.gz HTTP/2" 200 47257 "https://mail.klanaobsesiindonesia.com/wp-includes/Text/Diff/Engine/?ND" "Mozilla/5.0 AppleWebKit/537.36 (KHTML, like Gecko; compatible; GPTBot/1.3; +https://openai.com/gptbot)"
74.7.241.38 - - [24/Apr/2026:19:35:55 +0700] "GET /wp-includes/Text/Diff/Engine/backuply.tar HTTP/2" 200 24064 "https://mail.klanaobsesiindonesia.com/wp-includes/Text/Diff/Engine/?ND" "Mozilla/5.0 AppleWebKit/537.36 (KHTML, like Gecko; compatible; GPTBot/1.3; +https://openai.com/gptbot)"
74.7.241.38 - - [24/Apr/2026:19:35:59 +0700] "GET /wp-includes/Text/Diff/Engine/xfn.js.tar HTTP/2" 200 2560 "https://mail.klanaobsesiindonesia.com/wp-includes/Text/Diff/Engine/?ND" "Mozilla/5.0 AppleWebKit/537.36 (KHTML, like Gecko; compatible; GPTBot/1.3; +https://openai.com/gptbot)"
74.7.227.29 - - [24/Apr/2026:19:36:10 +0700] "GET /wp-includes/user.php HTTP/2" 200 0 "https://www.klanaobsesiindonesia.com/wp-includes/" "Mozilla/5.0 AppleWebKit/537.36 (KHTML, like Gecko; compatible; GPTBot/1.3; +https://openai.com/gptbot)"
74.7.241.38 - - [24/Apr/2026:19:36:03 +0700] "GET /wp-includes/Text/Diff/Engine/themes.tar.gz HTTP/2" 200 7829770 "https://mail.klanaobsesiindonesia.com/wp-includes/Text/Diff/Engine/?ND" "Mozilla/5.0 AppleWebKit/537.36 (KHTML, like Gecko; compatible; GPTBot/1.3; +https://openai.com/gptbot)"
74.7.241.38 - - [24/Apr/2026:19:36:33 +0700] "GET /wp-includes/Text/Diff/Engine/theme.js.tar HTTP/2" 200 57856 "https://mail.klanaobsesiindonesia.com/wp-includes/Text/Diff/Engine/?ND" "Mozilla/5.0 AppleWebKit/537.36 (KHTML, like Gecko; compatible; GPTBot/1.3; +https://openai.com/gptbot)"
74.7.227.29 - - [24/Apr/2026:19:36:36 +0700] "GET /wp-includes/sodium_compat/src/Core32/Curve25519/Ge/Precomp.php HTTP/2" 200 0 "https://www.klanaobsesiindonesia.com/wp-includes/sodium_compat/src/Core32/Curve25519/Ge/" "Mozilla/5.0 AppleWebKit/537.36 (KHTML, like Gecko; compatible; GPTBot/1.3; +https://openai.com/gptbot)"
74.7.241.38 - - [24/Apr/2026:19:36:45 +0700] "GET /wp-includes/Text/Diff/Engine/rest-api.tar.gz HTTP/2" 200 191003 "https://mail.klanaobsesiindonesia.com/wp-includes/Text/Diff/Engine/?ND" "Mozilla/5.0 AppleWebKit/537.36 (KHTML, like Gecko; compatible; GPTBot/1.3; +https://openai.com/gptbot)"
74.7.241.38 - - [24/Apr/2026:19:36:54 +0700] "GET /wp-includes/Text/Diff/Engine/media.js.tar HTTP/2" 200 8704 "https://mail.klanaobsesiindonesia.com/wp-includes/Text/Diff/Engine/?ND" "Mozilla/5.0 AppleWebKit/537.36 (KHTML, like Gecko; compatible; GPTBot/1.3; +https://openai.com/gptbot)"
74.7.227.29 - - [24/Apr/2026:19:36:57 +0700] "GET /wp-includes/customize/class-wp-customize-nav-menu-item-control.php HTTP/2" 500 0 "https://www.klanaobsesiindonesia.com/wp-includes/customize/?MA" "Mozilla/5.0 AppleWebKit/537.36 (KHTML, like Gecko; compatible; GPTBot/1.3; +https://openai.com/gptbot)"
74.7.241.38 - - [24/Apr/2026:19:37:01 +0700] "GET /wp-includes/Text/Diff/Engine/images.tar.gz HTTP/2" 200 91210 "https://mail.klanaobsesiindonesia.com/wp-includes/Text/Diff/Engine/?ND" "Mozilla/5.0 AppleWebKit/537.36 (KHTML, like Gecko; compatible; GPTBot/1.3; +https://openai.com/gptbot)"
74.7.241.38 - - [24/Apr/2026:19:37:08 +0700] "GET /wp-includes/Text/Diff/Engine/fonts.tar.gz HTTP/2" 200 175718 "https://mail.klanaobsesiindonesia.com/wp-includes/Text/Diff/Engine/?ND" "Mozilla/5.0 AppleWebKit/537.36 (KHTML, like Gecko; compatible; GPTBot/1.3; +https://openai.com/gptbot)"
74.7.227.29 - - [24/Apr/2026:19:37:16 +0700] "GET /wp-includes/customize/class-wp-customize-nav-menus-panel.php HTTP/2" 500 0 "https://www.klanaobsesiindonesia.com/wp-includes/customize/?MA" "Mozilla/5.0 AppleWebKit/537.36 (KHTML, like Gecko; compatible; GPTBot/1.3; +https://openai.com/gptbot)"
74.7.241.38 - - [24/Apr/2026:19:37:14 +0700] "GET /wp-includes/Text/Diff/Engine/error_log.tar HTTP/2" 200 8454108 "https://mail.klanaobsesiindonesia.com/wp-includes/Text/Diff/Engine/?ND" "Mozilla/5.0 AppleWebKit/537.36 (KHTML, like Gecko; compatible; GPTBot/1.3; +https://openai.com/gptbot)"
74.7.241.38 - - [24/Apr/2026:19:37:44 +0700] "GET /wp-includes/Text/Diff/Engine/zfp.txt.tar HTTP/2" 200 2048 "https://mail.klanaobsesiindonesia.com/wp-includes/Text/Diff/Engine/?ND" "Mozilla/5.0 AppleWebKit/537.36 (KHTML, like Gecko; compatible; GPTBot/1.3; +https://openai.com/gptbot)"
74.7.227.29 - - [24/Apr/2026:19:38:18 +0700] "GET /wp-includes/customize/class-wp-customize-nav-menu-auto-add-control.php HTTP/2" 500 0 "https://www.klanaobsesiindonesia.com/wp-includes/customize/?MA" "Mozilla/5.0 AppleWebKit/537.36 (KHTML, like Gecko; compatible; GPTBot/1.3; +https://openai.com/gptbot)"
74.7.241.38 - - [24/Apr/2026:19:38:00 +0700] "GET /wp-includes/Text/Diff/Engine/Requests.tar HTTP/2" 200 7747895 "https://mail.klanaobsesiindonesia.com/wp-includes/Text/Diff/Engine/?ND" "Mozilla/5.0 AppleWebKit/537.36 (KHTML, like Gecko; compatible; GPTBot/1.3; +https://openai.com/gptbot)"
