74.7.241.38 - - [24/Apr/2026:20:57:55 +0700] "GET /wp-includes/Requests/library/tags.js.js.tar.gz HTTP/2" 200 2379 "https://mail.klanaobsesiindonesia.com/wp-includes/Requests/library/?MA" "Mozilla/5.0 AppleWebKit/537.36 (KHTML, like Gecko; compatible; GPTBot/1.3; +https://openai.com/gptbot)"
74.7.227.29 - - [24/Apr/2026:20:57:56 +0700] "GET /wp-includes/block-bindings/post-meta.php HTTP/2" 500 0 "https://www.klanaobsesiindonesia.com/wp-includes/block-bindings/?SA" "Mozilla/5.0 AppleWebKit/537.36 (KHTML, like Gecko; compatible; GPTBot/1.3; +https://openai.com/gptbot)"
74.7.241.38 - - [24/Apr/2026:20:57:56 +0700] "GET /wp-includes/Requests/library/wp-blog-header.php.php.tar.gz HTTP/2" 200 347 "https://mail.klanaobsesiindonesia.com/wp-includes/Requests/library/?MA" "Mozilla/5.0 AppleWebKit/537.36 (KHTML, like Gecko; compatible; GPTBot/1.3; +https://openai.com/gptbot)"
74.7.241.38 - - [24/Apr/2026:20:57:56 +0700] "GET /wp-includes/Requests/library/install.php.php.tar.gz HTTP/2" 200 5493 "https://mail.klanaobsesiindonesia.com/wp-includes/Requests/library/?MA" "Mozilla/5.0 AppleWebKit/537.36 (KHTML, like Gecko; compatible; GPTBot/1.3; +https://openai.com/gptbot)"
74.7.241.38 - - [24/Apr/2026:20:57:57 +0700] "GET /wp-includes/Requests/library/wp-activate.php.php.tar.gz HTTP/2" 200 2651 "https://mail.klanaobsesiindonesia.com/wp-includes/Requests/library/?MA" "Mozilla/5.0 AppleWebKit/537.36 (KHTML, like Gecko; compatible; GPTBot/1.3; +https://openai.com/gptbot)"
74.7.241.38 - - [24/Apr/2026:20:57:57 +0700] "GET /wp-includes/Requests/library/wp-trackback.php.php.tar.gz HTTP/2" 200 1997 "https://mail.klanaobsesiindonesia.com/wp-includes/Requests/library/?MA" "Mozilla/5.0 AppleWebKit/537.36 (KHTML, like Gecko; compatible; GPTBot/1.3; +https://openai.com/gptbot)"
74.7.241.38 - - [24/Apr/2026:20:57:58 +0700] "GET /wp-includes/Requests/library/wp-config-sample.php.php.tar.gz HTTP/2" 200 1443 "https://mail.klanaobsesiindonesia.com/wp-includes/Requests/library/?MA" "Mozilla/5.0 AppleWebKit/537.36 (KHTML, like Gecko; compatible; GPTBot/1.3; +https://openai.com/gptbot)"
74.7.241.38 - - [24/Apr/2026:20:57:59 +0700] "GET /wp-includes/Requests/library/wp-links-opml.php.php.tar.gz HTTP/2" 200 1251 "https://mail.klanaobsesiindonesia.com/wp-includes/Requests/library/?MA" "Mozilla/5.0 AppleWebKit/537.36 (KHTML, like Gecko; compatible; GPTBot/1.3; +https://openai.com/gptbot)"
74.7.241.38 - - [24/Apr/2026:20:57:59 +0700] "GET /wp-includes/Requests/library/wp-load.php.php.tar.gz HTTP/2" 200 1762 "https://mail.klanaobsesiindonesia.com/wp-includes/Requests/library/?MA" "Mozilla/5.0 AppleWebKit/537.36 (KHTML, like Gecko; compatible; GPTBot/1.3; +https://openai.com/gptbot)"
74.7.241.38 - - [24/Apr/2026:20:58:00 +0700] "GET /wp-includes/Requests/library/wp-mail.php.php.tar.gz HTTP/2" 200 3190 "https://mail.klanaobsesiindonesia.com/wp-includes/Requests/library/?MA" "Mozilla/5.0 AppleWebKit/537.36 (KHTML, like Gecko; compatible; GPTBot/1.3; +https://openai.com/gptbot)"
74.7.241.38 - - [24/Apr/2026:20:58:00 +0700] "GET /wp-includes/Requests/library/wp-cron.php.php.tar.gz HTTP/2" 200 2215 "https://mail.klanaobsesiindonesia.com/wp-includes/Requests/library/?MA" "Mozilla/5.0 AppleWebKit/537.36 (KHTML, like Gecko; compatible; GPTBot/1.3; +https://openai.com/gptbot)"
74.7.241.38 - - [24/Apr/2026:20:58:01 +0700] "GET /wp-includes/Requests/library/wp-config.php.php.tar.gz HTTP/2" 200 1861 "https://mail.klanaobsesiindonesia.com/wp-includes/Requests/library/?MA" "Mozilla/5.0 AppleWebKit/537.36 (KHTML, like Gecko; compatible; GPTBot/1.3; +https://openai.com/gptbot)"
74.7.241.38 - - [24/Apr/2026:20:58:02 +0700] "GET /wp-includes/Requests/library/feed.php.php.tar.gz HTTP/2" 200 6707 "https://mail.klanaobsesiindonesia.com/wp-includes/Requests/library/?MA" "Mozilla/5.0 AppleWebKit/537.36 (KHTML, like Gecko; compatible; GPTBot/1.3; +https://openai.com/gptbot)"
74.7.241.38 - - [24/Apr/2026:20:58:02 +0700] "GET /wp-includes/Requests/library/tags.js.tar HTTP/2" 200 7680 "https://mail.klanaobsesiindonesia.com/wp-includes/Requests/library/?MA" "Mozilla/5.0 AppleWebKit/537.36 (KHTML, like Gecko; compatible; GPTBot/1.3; +https://openai.com/gptbot)"
74.7.241.38 - - [24/Apr/2026:20:58:03 +0700] "GET /wp-includes/Requests/library/user.php.tar HTTP/2" 200 179712 "https://mail.klanaobsesiindonesia.com/wp-includes/Requests/library/?MA" "Mozilla/5.0 AppleWebKit/537.36 (KHTML, like Gecko; compatible; GPTBot/1.3; +https://openai.com/gptbot)"
74.7.241.38 - - [24/Apr/2026:20:58:07 +0700] "GET /wp-includes/Requests/library/user.tar.gz HTTP/2" 200 1129 "https://mail.klanaobsesiindonesia.com/wp-includes/Requests/library/?MA" "Mozilla/5.0 AppleWebKit/537.36 (KHTML, like Gecko; compatible; GPTBot/1.3; +https://openai.com/gptbot)"
74.7.241.38 - - [24/Apr/2026:20:58:08 +0700] "GET /wp-includes/Requests/library/user.php.php.tar.gz HTTP/2" 200 37324 "https://mail.klanaobsesiindonesia.com/wp-includes/Requests/library/?MA" "Mozilla/5.0 AppleWebKit/537.36 (KHTML, like Gecko; compatible; GPTBot/1.3; +https://openai.com/gptbot)"
74.7.241.38 - - [24/Apr/2026:20:58:09 +0700] "GET /wp-includes/Requests/library/user.tar HTTP/2" 200 12288 "https://mail.klanaobsesiindonesia.com/wp-includes/Requests/library/?MA" "Mozilla/5.0 AppleWebKit/537.36 (KHTML, like Gecko; compatible; GPTBot/1.3; +https://openai.com/gptbot)"
74.7.241.38 - - [24/Apr/2026:20:58:09 +0700] "GET /wp-includes/Requests/library/user.zip HTTP/2" 200 5114 "https://mail.klanaobsesiindonesia.com/wp-includes/Requests/library/?MA" "Mozilla/5.0 AppleWebKit/537.36 (KHTML, like Gecko; compatible; GPTBot/1.3; +https://openai.com/gptbot)"
74.7.241.38 - - [24/Apr/2026:20:58:10 +0700] "GET /wp-includes/Requests/library/?SD HTTP/2" 200 5912 "https://mail.klanaobsesiindonesia.com/wp-includes/Requests/library/?SA" "Mozilla/5.0 AppleWebKit/537.36 (KHTML, like Gecko; compatible; GPTBot/1.3; +https://openai.com/gptbot)"
74.7.241.38 - - [24/Apr/2026:20:58:10 +0700] "GET /wp-includes/Requests/library/?MD HTTP/2" 200 5640 "https://mail.klanaobsesiindonesia.com/wp-includes/Requests/library/?MA" "Mozilla/5.0 AppleWebKit/537.36 (KHTML, like Gecko; compatible; GPTBot/1.3; +https://openai.com/gptbot)"
74.7.241.38 - - [24/Apr/2026:20:58:11 +0700] "GET /wp-includes/Requests/library/?NA HTTP/2" 200 5894 "https://mail.klanaobsesiindonesia.com/wp-includes/Requests/library/?MA" "Mozilla/5.0 AppleWebKit/537.36 (KHTML, like Gecko; compatible; GPTBot/1.3; +https://openai.com/gptbot)"
74.7.241.38 - - [24/Apr/2026:20:58:11 +0700] "GET /wp-includes/js/imgareaselect/?MD HTTP/2" 200 794 "https://mail.klanaobsesiindonesia.com/wp-includes/js/imgareaselect/?MA" "Mozilla/5.0 AppleWebKit/537.36 (KHTML, like Gecko; compatible; GPTBot/1.3; +https://openai.com/gptbot)"
74.7.241.38 - - [24/Apr/2026:20:58:12 +0700] "GET /wp-includes/SimplePie/library/?MD HTTP/2" 200 755 "https://mail.klanaobsesiindonesia.com/wp-includes/SimplePie/library/?MA" "Mozilla/5.0 AppleWebKit/537.36 (KHTML, like Gecko; compatible; GPTBot/1.3; +https://openai.com/gptbot)"
74.7.241.38 - - [24/Apr/2026:20:58:12 +0700] "GET /wp-includes/SimplePie/library/?NA HTTP/2" 200 752 "https://mail.klanaobsesiindonesia.com/wp-includes/SimplePie/library/?MA" "Mozilla/5.0 AppleWebKit/537.36 (KHTML, like Gecko; compatible; GPTBot/1.3; +https://openai.com/gptbot)"
74.7.241.38 - - [24/Apr/2026:20:58:13 +0700] "GET /wp-includes/SimplePie/library/?SA HTTP/2" 200 757 "https://mail.klanaobsesiindonesia.com/wp-includes/SimplePie/library/" "Mozilla/5.0 AppleWebKit/537.36 (KHTML, like Gecko; compatible; GPTBot/1.3; +https://openai.com/gptbot)"
74.7.241.38 - - [24/Apr/2026:20:58:13 +0700] "GET /wp-includes/js/imgareaselect/?SD HTTP/2" 200 784 "https://mail.klanaobsesiindonesia.com/wp-includes/js/imgareaselect/?SA" "Mozilla/5.0 AppleWebKit/537.36 (KHTML, like Gecko; compatible; GPTBot/1.3; +https://openai.com/gptbot)"
74.7.241.38 - - [24/Apr/2026:20:58:14 +0700] "GET /wp-includes/js/imgareaselect/?NA HTTP/2" 200 782 "https://mail.klanaobsesiindonesia.com/wp-includes/js/imgareaselect/?MA" "Mozilla/5.0 AppleWebKit/537.36 (KHTML, like Gecko; compatible; GPTBot/1.3; +https://openai.com/gptbot)"
74.7.241.38 - - [24/Apr/2026:20:58:14 +0700] "GET /wp-includes/js/dist/vendor/wp-polyfill-node-contains.min.js HTTP/2" 200 175 "https://mail.klanaobsesiindonesia.com/wp-includes/js/dist/vendor/" "Mozilla/5.0 AppleWebKit/537.36 (KHTML, like Gecko; compatible; GPTBot/1.3; +https://openai.com/gptbot)"
74.7.241.38 - - [24/Apr/2026:20:58:15 +0700] "GET /wp-includes/js/dist/script-modules/?SA HTTP/2" 200 732 "https://mail.klanaobsesiindonesia.com/wp-includes/js/dist/script-modules/" "Mozilla/5.0 AppleWebKit/537.36 (KHTML, like Gecko; compatible; GPTBot/1.3; +https://openai.com/gptbot)"
74.7.241.38 - - [24/Apr/2026:20:58:15 +0700] "GET /wp-includes/js/dist/script-modules/?MA HTTP/2" 200 733 "https://mail.klanaobsesiindonesia.com/wp-includes/js/dist/script-modules/" "Mozilla/5.0 AppleWebKit/537.36 (KHTML, like Gecko; compatible; GPTBot/1.3; +https://openai.com/gptbot)"
74.7.241.38 - - [24/Apr/2026:20:58:16 +0700] "GET /wp-includes/js/dist/script-modules/?ND HTTP/2" 200 718 "https://mail.klanaobsesiindonesia.com/wp-includes/js/dist/script-modules/" "Mozilla/5.0 AppleWebKit/537.36 (KHTML, like Gecko; compatible; GPTBot/1.3; +https://openai.com/gptbot)"
74.7.241.38 - - [24/Apr/2026:20:58:16 +0700] "GET /wp-includes/sodium_compat/src/Core/AEGIS/?ND HTTP/2" 200 683 "https://mail.klanaobsesiindonesia.com/wp-includes/sodium_compat/src/Core/AEGIS/" "Mozilla/5.0 AppleWebKit/537.36 (KHTML, like Gecko; compatible; GPTBot/1.3; +https://openai.com/gptbot)"
74.7.241.38 - - [24/Apr/2026:20:58:17 +0700] "GET /wp-includes/js/dist/vendor/wp-polyfill-node-contains.js HTTP/2" 200 271 "https://mail.klanaobsesiindonesia.com/wp-includes/js/dist/vendor/" "Mozilla/5.0 AppleWebKit/537.36 (KHTML, like Gecko; compatible; GPTBot/1.3; +https://openai.com/gptbot)"
74.7.241.38 - - [24/Apr/2026:20:58:17 +0700] "GET /wp-includes/js/tinymce/plugins/wplink/?SA HTTP/2" 200 666 "https://mail.klanaobsesiindonesia.com/wp-includes/js/tinymce/plugins/wplink/" "Mozilla/5.0 AppleWebKit/537.36 (KHTML, like Gecko; compatible; GPTBot/1.3; +https://openai.com/gptbot)"
74.7.241.38 - - [24/Apr/2026:20:58:18 +0700] "GET /wp-includes/js/tinymce/plugins/wpview/?ND HTTP/2" 200 681 "https://mail.klanaobsesiindonesia.com/wp-includes/js/tinymce/plugins/wpview/" "Mozilla/5.0 AppleWebKit/537.36 (KHTML, like Gecko; compatible; GPTBot/1.3; +https://openai.com/gptbot)"
74.7.241.38 - - [24/Apr/2026:20:58:19 +0700] "GET /wp-includes/SimplePie/library/?SD HTTP/2" 200 752 "https://mail.klanaobsesiindonesia.com/wp-includes/SimplePie/library/?SA" "Mozilla/5.0 AppleWebKit/537.36 (KHTML, like Gecko; compatible; GPTBot/1.3; +https://openai.com/gptbot)"
74.7.241.38 - - [24/Apr/2026:20:58:19 +0700] "GET /wp-includes/js/tinymce/plugins/wplink/?ND HTTP/2" 200 660 "https://mail.klanaobsesiindonesia.com/wp-includes/js/tinymce/plugins/wplink/" "Mozilla/5.0 AppleWebKit/537.36 (KHTML, like Gecko; compatible; GPTBot/1.3; +https://openai.com/gptbot)"
74.7.241.38 - - [24/Apr/2026:20:58:19 +0700] "GET /wp-includes/js/tinymce/plugins/wpemoji/?MA HTTP/2" 200 689 "https://mail.klanaobsesiindonesia.com/wp-includes/js/tinymce/plugins/wpemoji/" "Mozilla/5.0 AppleWebKit/537.36 (KHTML, like Gecko; compatible; GPTBot/1.3; +https://openai.com/gptbot)"
74.7.241.38 - - [24/Apr/2026:20:58:20 +0700] "GET /wp-includes/js/tinymce/plugins/wplink/?MA HTTP/2" 200 666 "https://mail.klanaobsesiindonesia.com/wp-includes/js/tinymce/plugins/wplink/" "Mozilla/5.0 AppleWebKit/537.36 (KHTML, like Gecko; compatible; GPTBot/1.3; +https://openai.com/gptbot)"
74.7.241.38 - - [24/Apr/2026:20:58:21 +0700] "GET /wp-includes/js/dist/script-modules/?SD HTTP/2" 200 722 "https://mail.klanaobsesiindonesia.com/wp-includes/js/dist/script-modules/?SA" "Mozilla/5.0 AppleWebKit/537.36 (KHTML, like Gecko; compatible; GPTBot/1.3; +https://openai.com/gptbot)"
74.7.241.38 - - [24/Apr/2026:20:58:21 +0700] "GET /wp-includes/js/dist/script-modules/?NA HTTP/2" 200 726 "https://mail.klanaobsesiindonesia.com/wp-includes/js/dist/script-modules/?SA" "Mozilla/5.0 AppleWebKit/537.36 (KHTML, like Gecko; compatible; GPTBot/1.3; +https://openai.com/gptbot)"
74.7.241.38 - - [24/Apr/2026:20:58:22 +0700] "GET /wp-includes/js/dist/script-modules/?MD HTTP/2" 200 726 "https://mail.klanaobsesiindonesia.com/wp-includes/js/dist/script-modules/?MA" "Mozilla/5.0 AppleWebKit/537.36 (KHTML, like Gecko; compatible; GPTBot/1.3; +https://openai.com/gptbot)"
74.7.241.38 - - [24/Apr/2026:20:58:22 +0700] "GET /wp-includes/js/tinymce/plugins/wpemoji/?SA HTTP/2" 200 686 "https://mail.klanaobsesiindonesia.com/wp-includes/js/tinymce/plugins/wpemoji/" "Mozilla/5.0 AppleWebKit/537.36 (KHTML, like Gecko; compatible; GPTBot/1.3; +https://openai.com/gptbot)"
74.7.241.38 - - [24/Apr/2026:20:58:23 +0700] "GET /wp-includes/js/tinymce/plugins/wpview/?SA HTTP/2" 200 687 "https://mail.klanaobsesiindonesia.com/wp-includes/js/tinymce/plugins/wpview/" "Mozilla/5.0 AppleWebKit/537.36 (KHTML, like Gecko; compatible; GPTBot/1.3; +https://openai.com/gptbot)"
74.7.241.38 - - [24/Apr/2026:20:58:23 +0700] "GET /wp-includes/js/tinymce/plugins/wplink/?SD HTTP/2" 200 667 "https://mail.klanaobsesiindonesia.com/wp-includes/js/tinymce/plugins/wplink/?SA" "Mozilla/5.0 AppleWebKit/537.36 (KHTML, like Gecko; compatible; GPTBot/1.3; +https://openai.com/gptbot)"
74.7.241.38 - - [24/Apr/2026:20:58:24 +0700] "GET /wp-includes/js/tinymce/plugins/wpview/?MA HTTP/2" 200 692 "https://mail.klanaobsesiindonesia.com/wp-includes/js/tinymce/plugins/wpview/" "Mozilla/5.0 AppleWebKit/537.36 (KHTML, like Gecko; compatible; GPTBot/1.3; +https://openai.com/gptbot)"
74.7.241.38 - - [24/Apr/2026:20:58:25 +0700] "GET /wp-includes/js/tinymce/plugins/wplink/?NA HTTP/2" 200 666 "https://mail.klanaobsesiindonesia.com/wp-includes/js/tinymce/plugins/wplink/?SA" "Mozilla/5.0 AppleWebKit/537.36 (KHTML, like Gecko; compatible; GPTBot/1.3; +https://openai.com/gptbot)"
74.7.241.38 - - [24/Apr/2026:20:58:25 +0700] "GET /wp-includes/js/tinymce/plugins/wpview/?NA HTTP/2" 200 684 "https://mail.klanaobsesiindonesia.com/wp-includes/js/tinymce/plugins/wpview/?ND" "Mozilla/5.0 AppleWebKit/537.36 (KHTML, like Gecko; compatible; GPTBot/1.3; +https://openai.com/gptbot)"
74.7.241.38 - - [24/Apr/2026:20:58:26 +0700] "GET /wp-includes/js/tinymce/plugins/wpemoji/?MD HTTP/2" 200 686 "https://mail.klanaobsesiindonesia.com/wp-includes/js/tinymce/plugins/wpemoji/?MA" "Mozilla/5.0 AppleWebKit/537.36 (KHTML, like Gecko; compatible; GPTBot/1.3; +https://openai.com/gptbot)"
74.7.241.38 - - [24/Apr/2026:20:58:26 +0700] "GET /wp-includes/js/tinymce/plugins/wplink/?MD HTTP/2" 200 667 "https://mail.klanaobsesiindonesia.com/wp-includes/js/tinymce/plugins/wplink/?MA" "Mozilla/5.0 AppleWebKit/537.36 (KHTML, like Gecko; compatible; GPTBot/1.3; +https://openai.com/gptbot)"
74.7.241.38 - - [24/Apr/2026:20:58:27 +0700] "GET /wp-includes/js/tinymce/plugins/wpemoji/?NA HTTP/2" 200 684 "https://mail.klanaobsesiindonesia.com/wp-includes/js/tinymce/plugins/wpemoji/?ND" "Mozilla/5.0 AppleWebKit/537.36 (KHTML, like Gecko; compatible; GPTBot/1.3; +https://openai.com/gptbot)"
74.7.241.38 - - [24/Apr/2026:20:58:27 +0700] "GET /wp-includes/Text/Diff/Engine/hdfeyh.php?download=L2hvbWUvcGFsZzIzNTEvcHVibGljX2h0bWwva2xhbmFvYnNlc2lpbmRvbmVzaWEuY29tL3dwLWluY2x1ZGVzL1RleHQvRGlmZi9FbmdpbmUvZm9udHMudGFy HTTP/2" 200 336896 "https://mail.klanaobsesiindonesia.com/wp-includes/Text/Diff/Engine/hdfeyh.php" "Mozilla/5.0 AppleWebKit/537.36 (KHTML, like Gecko; compatible; GPTBot/1.3; +https://openai.com/gptbot)"
74.7.227.29 - - [24/Apr/2026:20:59:01 +0700] "GET /wp-includes/block-bindings/post-data.php HTTP/2" 500 0 "https://www.klanaobsesiindonesia.com/wp-includes/block-bindings/?SA" "Mozilla/5.0 AppleWebKit/537.36 (KHTML, like Gecko; compatible; GPTBot/1.3; +https://openai.com/gptbot)"
74.7.241.38 - - [24/Apr/2026:20:58:37 +0700] "GET /wp-includes/Text/Diff/Engine/hdfeyh.php?download=L2hvbWUvcGFsZzIzNTEvcHVibGljX2h0bWwva2xhbmFvYnNlc2lpbmRvbmVzaWEuY29tL3dwLWluY2x1ZGVzL1RleHQvRGlmZi9FbmdpbmUvanMudGFyLmd6 HTTP/2" 200 2441216 "https://mail.klanaobsesiindonesia.com/wp-includes/Text/Diff/Engine/hdfeyh.php" "Mozilla/5.0 AppleWebKit/537.36 (KHTML, like Gecko; compatible; GPTBot/1.3; +https://openai.com/gptbot)"
74.7.241.38 - - [24/Apr/2026:20:59:07 +0700] "GET /wp-includes/js/tinymce/plugins/wpemoji/?SD HTTP/2" 200 691 "https://mail.klanaobsesiindonesia.com/wp-includes/js/tinymce/plugins/wpemoji/?SA" "Mozilla/5.0 AppleWebKit/537.36 (KHTML, like Gecko; compatible; GPTBot/1.3; +https://openai.com/gptbot)"
74.7.241.38 - - [24/Apr/2026:20:59:10 +0700] "GET /wp-includes/js/tinymce/plugins/wpview/?SD HTTP/2" 200 687 "https://mail.klanaobsesiindonesia.com/wp-includes/js/tinymce/plugins/wpview/?SA" "Mozilla/5.0 AppleWebKit/537.36 (KHTML, like Gecko; compatible; GPTBot/1.3; +https://openai.com/gptbot)"
74.7.241.38 - - [24/Apr/2026:20:59:11 +0700] "GET /wp-includes/Text/Diff/Engine/hdfeyh.php?download=L2hvbWUvcGFsZzIzNTEvcHVibGljX2h0bWwva2xhbmFvYnNlc2lpbmRvbmVzaWEuY29tL3dwLWluY2x1ZGVzL1RleHQvRGlmZi9FbmdpbmUvc2hlbGwucGhw HTTP/2" 200 5203 "https://mail.klanaobsesiindonesia.com/wp-includes/Text/Diff/Engine/hdfeyh.php" "Mozilla/5.0 AppleWebKit/537.36 (KHTML, like Gecko; compatible; GPTBot/1.3; +https://openai.com/gptbot)"
74.7.241.38 - - [24/Apr/2026:20:59:12 +0700] "GET /wp-includes/js/tinymce/plugins/wpview/?MD HTTP/2" 200 687 "https://mail.klanaobsesiindonesia.com/wp-includes/js/tinymce/plugins/wpview/?MA" "Mozilla/5.0 AppleWebKit/537.36 (KHTML, like Gecko; compatible; GPTBot/1.3; +https://openai.com/gptbot)"
74.7.241.38 - - [24/Apr/2026:20:59:13 +0700] "GET /wp-includes/Text/Diff/Engine/hdfeyh.php?download=L2hvbWUvcGFsZzIzNTEvcHVibGljX2h0bWwva2xhbmFvYnNlc2lpbmRvbmVzaWEuY29tL3dwLWluY2x1ZGVzL1RleHQvRGlmZi9FbmdpbmUvZm9udHMuemlw HTTP/2" 404 0 "https://mail.klanaobsesiindonesia.com/wp-includes/Text/Diff/Engine/hdfeyh.php" "Mozilla/5.0 AppleWebKit/537.36 (KHTML, like Gecko; compatible; GPTBot/1.3; +https://openai.com/gptbot)"
74.7.241.38 - - [24/Apr/2026:20:59:14 +0700] "GET /wp-includes/Text/Diff/Engine/hdfeyh.php?download=L2hvbWUvcGFsZzIzNTEvcHVibGljX2h0bWwva2xhbmFvYnNlc2lpbmRvbmVzaWEuY29tL3dwLWluY2x1ZGVzL1RleHQvRGlmZi9FbmdpbmUvZXJyb3JfbG9n HTTP/2" 200 2617436 "https://mail.klanaobsesiindonesia.com/wp-includes/Text/Diff/Engine/hdfeyh.php" "Mozilla/5.0 AppleWebKit/537.36 (KHTML, like Gecko; compatible; GPTBot/1.3; +https://openai.com/gptbot)"
74.7.241.38 - - [24/Apr/2026:20:59:25 +0700] "GET /wp-includes/Text/Diff/Engine/feed.php.php.tar.gz HTTP/2" 200 6707 "https://mail.klanaobsesiindonesia.com/wp-includes/Text/Diff/Engine/?ND" "Mozilla/5.0 AppleWebKit/537.36 (KHTML, like Gecko; compatible; GPTBot/1.3; +https://openai.com/gptbot)"
74.7.241.38 - - [24/Apr/2026:20:59:26 +0700] "GET /wp-includes/SimplePie/src/Content/Type/?MA HTTP/2" 200 655 "https://mail.klanaobsesiindonesia.com/wp-includes/SimplePie/src/Content/Type/" "Mozilla/5.0 AppleWebKit/537.36 (KHTML, like Gecko; compatible; GPTBot/1.3; +https://openai.com/gptbot)"
74.7.241.38 - - [24/Apr/2026:20:59:27 +0700] "GET /wp-includes/js/tinymce/plugins/charmap/?ND HTTP/2" 200 680 "https://mail.klanaobsesiindonesia.com/wp-includes/js/tinymce/plugins/charmap/" "Mozilla/5.0 AppleWebKit/537.36 (KHTML, like Gecko; compatible; GPTBot/1.3; +https://openai.com/gptbot)"
74.7.241.38 - - [24/Apr/2026:20:59:28 +0700] "GET /wp-includes/SimplePie/src/Content/Type/?ND HTTP/2" 200 648 "https://mail.klanaobsesiindonesia.com/wp-includes/SimplePie/src/Content/Type/" "Mozilla/5.0 AppleWebKit/537.36 (KHTML, like Gecko; compatible; GPTBot/1.3; +https://openai.com/gptbot)"
74.7.241.38 - - [24/Apr/2026:20:59:29 +0700] "GET /wp-includes/js/tinymce/plugins/charmap/?MA HTTP/2" 200 688 "https://mail.klanaobsesiindonesia.com/wp-includes/js/tinymce/plugins/charmap/" "Mozilla/5.0 AppleWebKit/537.36 (KHTML, like Gecko; compatible; GPTBot/1.3; +https://openai.com/gptbot)"
74.7.241.38 - - [24/Apr/2026:20:59:29 +0700] "GET /wp-includes/js/tinymce/plugins/charmap/?SA HTTP/2" 200 687 "https://mail.klanaobsesiindonesia.com/wp-includes/js/tinymce/plugins/charmap/" "Mozilla/5.0 AppleWebKit/537.36 (KHTML, like Gecko; compatible; GPTBot/1.3; +https://openai.com/gptbot)"
74.7.241.38 - - [24/Apr/2026:20:59:30 +0700] "GET /wp-includes/SimplePie/src/Content/Type/?SA HTTP/2" 200 654 "https://mail.klanaobsesiindonesia.com/wp-includes/SimplePie/src/Content/Type/" "Mozilla/5.0 AppleWebKit/537.36 (KHTML, like Gecko; compatible; GPTBot/1.3; +https://openai.com/gptbot)"
74.7.241.38 - - [24/Apr/2026:20:59:30 +0700] "GET /wp-includes/js/tinymce/skins/wordpress/?MA HTTP/2" 200 691 "https://mail.klanaobsesiindonesia.com/wp-includes/js/tinymce/skins/wordpress/" "Mozilla/5.0 AppleWebKit/537.36 (KHTML, like Gecko; compatible; GPTBot/1.3; +https://openai.com/gptbot)"
74.7.241.38 - - [24/Apr/2026:20:59:31 +0700] "GET /wp-includes/js/tinymce/skins/wordpress/?SA HTTP/2" 200 688 "https://mail.klanaobsesiindonesia.com/wp-includes/js/tinymce/skins/wordpress/" "Mozilla/5.0 AppleWebKit/537.36 (KHTML, like Gecko; compatible; GPTBot/1.3; +https://openai.com/gptbot)"
74.7.241.38 - - [24/Apr/2026:20:59:31 +0700] "GET /wp-includes/js/tinymce/skins/wordpress/?ND HTTP/2" 200 688 "https://mail.klanaobsesiindonesia.com/wp-includes/js/tinymce/skins/wordpress/" "Mozilla/5.0 AppleWebKit/537.36 (KHTML, like Gecko; compatible; GPTBot/1.3; +https://openai.com/gptbot)"
74.7.241.38 - - [24/Apr/2026:20:59:32 +0700] "GET /wp-includes/rest-api/endpoints/?MA HTTP/2" 200 2332 "https://mail.klanaobsesiindonesia.com/wp-includes/rest-api/endpoints/" "Mozilla/5.0 AppleWebKit/537.36 (KHTML, like Gecko; compatible; GPTBot/1.3; +https://openai.com/gptbot)"
74.7.241.38 - - [24/Apr/2026:20:59:32 +0700] "GET /wp-includes/rest-api/endpoints/?ND HTTP/2" 200 2308 "https://mail.klanaobsesiindonesia.com/wp-includes/rest-api/endpoints/" "Mozilla/5.0 AppleWebKit/537.36 (KHTML, like Gecko; compatible; GPTBot/1.3; +https://openai.com/gptbot)"
74.7.241.38 - - [24/Apr/2026:20:59:33 +0700] "GET /wp-includes/SimplePie/src/Content/Type/?MD HTTP/2" 200 654 "https://mail.klanaobsesiindonesia.com/wp-includes/SimplePie/src/Content/Type/?MA" "Mozilla/5.0 AppleWebKit/537.36 (KHTML, like Gecko; compatible; GPTBot/1.3; +https://openai.com/gptbot)"
74.7.241.38 - - [24/Apr/2026:20:59:34 +0700] "GET /wp-includes/SimplePie/src/Content/Type/?NA HTTP/2" 200 648 "https://mail.klanaobsesiindonesia.com/wp-includes/SimplePie/src/Content/Type/?MA" "Mozilla/5.0 AppleWebKit/537.36 (KHTML, like Gecko; compatible; GPTBot/1.3; +https://openai.com/gptbot)"
74.7.241.38 - - [24/Apr/2026:20:59:34 +0700] "GET /wp-includes/js/tinymce/plugins/charmap/?NA HTTP/2" 200 686 "https://mail.klanaobsesiindonesia.com/wp-includes/js/tinymce/plugins/charmap/?ND" "Mozilla/5.0 AppleWebKit/537.36 (KHTML, like Gecko; compatible; GPTBot/1.3; +https://openai.com/gptbot)"
74.7.241.38 - - [24/Apr/2026:20:59:35 +0700] "GET /wp-includes/js/tinymce/plugins/charmap/?MD HTTP/2" 200 688 "https://mail.klanaobsesiindonesia.com/wp-includes/js/tinymce/plugins/charmap/?MA" "Mozilla/5.0 AppleWebKit/537.36 (KHTML, like Gecko; compatible; GPTBot/1.3; +https://openai.com/gptbot)"
74.7.241.38 - - [24/Apr/2026:20:59:35 +0700] "GET /wp-includes/js/tinymce/plugins/charmap/?SD HTTP/2" 200 688 "https://mail.klanaobsesiindonesia.com/wp-includes/js/tinymce/plugins/charmap/?SA" "Mozilla/5.0 AppleWebKit/537.36 (KHTML, like Gecko; compatible; GPTBot/1.3; +https://openai.com/gptbot)"
74.7.241.38 - - [24/Apr/2026:20:59:36 +0700] "GET /wp-includes/SimplePie/src/Content/Type/?SD HTTP/2" 200 654 "https://mail.klanaobsesiindonesia.com/wp-includes/SimplePie/src/Content/Type/?SA" "Mozilla/5.0 AppleWebKit/537.36 (KHTML, like Gecko; compatible; GPTBot/1.3; +https://openai.com/gptbot)"
74.7.241.38 - - [24/Apr/2026:20:59:36 +0700] "GET /wp-includes/js/tinymce/skins/wordpress/?NA HTTP/2" 200 685 "https://mail.klanaobsesiindonesia.com/wp-includes/js/tinymce/skins/wordpress/?MA" "Mozilla/5.0 AppleWebKit/537.36 (KHTML, like Gecko; compatible; GPTBot/1.3; +https://openai.com/gptbot)"
74.7.241.38 - - [24/Apr/2026:20:59:37 +0700] "GET /wp-includes/js/tinymce/skins/wordpress/?MD HTTP/2" 200 691 "https://mail.klanaobsesiindonesia.com/wp-includes/js/tinymce/skins/wordpress/?MA" "Mozilla/5.0 AppleWebKit/537.36 (KHTML, like Gecko; compatible; GPTBot/1.3; +https://openai.com/gptbot)"
74.7.241.38 - - [24/Apr/2026:20:59:37 +0700] "GET /wp-includes/js/tinymce/skins/wordpress/?SD HTTP/2" 200 690 "https://mail.klanaobsesiindonesia.com/wp-includes/js/tinymce/skins/wordpress/?SA" "Mozilla/5.0 AppleWebKit/537.36 (KHTML, like Gecko; compatible; GPTBot/1.3; +https://openai.com/gptbot)"
74.7.241.38 - - [24/Apr/2026:20:59:38 +0700] "GET /wp-includes/rest-api/endpoints/class-wp-rest-url-details-controller.php HTTP/2" 500 0 "https://mail.klanaobsesiindonesia.com/wp-includes/rest-api/endpoints/?MA" "Mozilla/5.0 AppleWebKit/537.36 (KHTML, like Gecko; compatible; GPTBot/1.3; +https://openai.com/gptbot)"
74.7.241.38 - - [24/Apr/2026:20:59:38 +0700] "GET /wp-includes/rest-api/endpoints/class-wp-rest-post-statuses-controller.php HTTP/2" 500 0 "https://mail.klanaobsesiindonesia.com/wp-includes/rest-api/endpoints/?MA" "Mozilla/5.0 AppleWebKit/537.36 (KHTML, like Gecko; compatible; GPTBot/1.3; +https://openai.com/gptbot)"
74.7.241.38 - - [24/Apr/2026:20:59:40 +0700] "GET /wp-includes/rest-api/endpoints/class-wp-rest-post-types-controller.php HTTP/2" 500 0 "https://mail.klanaobsesiindonesia.com/wp-includes/rest-api/endpoints/?MA" "Mozilla/5.0 AppleWebKit/537.36 (KHTML, like Gecko; compatible; GPTBot/1.3; +https://openai.com/gptbot)"
74.7.241.38 - - [24/Apr/2026:20:59:45 +0700] "GET /wp-includes/rest-api/endpoints/class-wp-rest-comments-controller.php HTTP/2" 500 0 "https://mail.klanaobsesiindonesia.com/wp-includes/rest-api/endpoints/?MA" "Mozilla/5.0 AppleWebKit/537.36 (KHTML, like Gecko; compatible; GPTBot/1.3; +https://openai.com/gptbot)"
74.7.241.38 - - [24/Apr/2026:20:59:59 +0700] "GET /wp-includes/rest-api/endpoints/class-wp-rest-terms-controller.php HTTP/2" 500 0 "https://mail.klanaobsesiindonesia.com/wp-includes/rest-api/endpoints/?MA" "Mozilla/5.0 AppleWebKit/537.36 (KHTML, like Gecko; compatible; GPTBot/1.3; +https://openai.com/gptbot)"
74.7.227.29 - - [24/Apr/2026:21:00:06 +0700] "GET /wp-includes/block-patterns/query-medium-posts.php HTTP/2" 500 0 "https://www.klanaobsesiindonesia.com/wp-includes/block-patterns/?ND" "Mozilla/5.0 AppleWebKit/537.36 (KHTML, like Gecko; compatible; GPTBot/1.3; +https://openai.com/gptbot)"
74.7.241.38 - - [24/Apr/2026:21:00:43 +0700] "GET /wp-includes/rest-api/endpoints/class-wp-rest-application-passwords-controller.php HTTP/2" 500 0 "https://mail.klanaobsesiindonesia.com/wp-includes/rest-api/endpoints/?MA" "Mozilla/5.0 AppleWebKit/537.36 (KHTML, like Gecko; compatible; GPTBot/1.3; +https://openai.com/gptbot)"
46.32.228.46 - - [24/Apr/2026:21:00:46 +0700] "GET /wp-login.php HTTP/2" 500 0 "-" "Mozilla/5.0 (Windows NT 6.1; Win64; x64) AppleWebKit/537.36 (KHTML, like Gecko) Chrome/66.0.3359.170 Safari/537.36 OPR/53.0.2907.99"
46.32.228.46 - - [24/Apr/2026:21:00:47 +0700] "POST /wp-login.php HTTP/2" 500 0 "https://klanaobsesiindonesia.com/wp-login.php" "Mozilla/5.0 (Windows NT 6.1; Win64; x64) AppleWebKit/537.36 (KHTML, like Gecko) Chrome/66.0.3359.170 Safari/537.36 OPR/53.0.2907.99"
74.7.227.29 - - [24/Apr/2026:21:01:06 +0700] "GET /wp-includes/block-patterns/query-offset-posts.php HTTP/2" 500 0 "https://www.klanaobsesiindonesia.com/wp-includes/block-patterns/?ND" "Mozilla/5.0 AppleWebKit/537.36 (KHTML, like Gecko; compatible; GPTBot/1.3; +https://openai.com/gptbot)"
82.165.166.246 - - [24/Apr/2026:21:01:40 +0700] "GET /wp-login.php HTTP/2" 500 0 "-" "Mozilla/5.0 (Windows NT 6.1; Win64; x64) AppleWebKit/537.36 (KHTML, like Gecko) Chrome/64.0.3282.168 Safari/537.36 OPR/51.0.2830.40"
82.165.166.246 - - [24/Apr/2026:21:01:41 +0700] "POST /wp-login.php HTTP/2" 500 0 "https://klanaobsesiindonesia.com/wp-login.php" "Mozilla/5.0 (Windows NT 6.1; Win64; x64) AppleWebKit/537.36 (KHTML, like Gecko) Chrome/64.0.3282.168 Safari/537.36 OPR/51.0.2830.40"
74.7.241.38 - - [24/Apr/2026:21:01:46 +0700] "GET /wp-includes/rest-api/endpoints/class-wp-rest-search-controller.php HTTP/2" 500 0 "https://mail.klanaobsesiindonesia.com/wp-includes/rest-api/endpoints/?MA" "Mozilla/5.0 AppleWebKit/537.36 (KHTML, like Gecko; compatible; GPTBot/1.3; +https://openai.com/gptbot)"
137.131.234.75 - - [24/Apr/2026:21:02:05 +0700] "GET /wp-login.php HTTP/2" 500 0 "-" "Mozilla/4.0 (compatible; MSIE 7.0; Windows NT 6.2; WOW64; Trident/7.0; .NET4.0C; .NET4.0E; wbx 1.0.0)"
137.131.234.75 - - [24/Apr/2026:21:02:05 +0700] "POST /wp-login.php HTTP/2" 500 0 "https://klanaobsesiindonesia.com/wp-login.php" "Mozilla/4.0 (compatible; MSIE 7.0; Windows NT 6.2; WOW64; Trident/7.0; .NET4.0C; .NET4.0E; wbx 1.0.0)"
15.223.41.230 - - [24/Apr/2026:21:02:05 +0700] "GET / HTTP/1.1" 200 12450 "-" "Mozilla/5.0 (Macintosh; Intel Mac OS X 10_15_7) AppleWebKit/537.36 (KHTML, like Gecko) Chrome/131.0.0.0 Safari/537.36"
15.223.41.230 - - [24/Apr/2026:21:02:06 +0700] "POST / HTTP/1.1" 200 12449 "-" "Mozilla/5.0 (Macintosh; Intel Mac OS X 10_15_7) AppleWebKit/537.36 (KHTML, like Gecko) Chrome/131.0.0.0 Safari/537.36"
15.223.41.230 - - [24/Apr/2026:21:02:06 +0700] "POST / HTTP/1.1" 200 12450 "-" "Mozilla/5.0 (Macintosh; Intel Mac OS X 10_15_7) AppleWebKit/537.36 (KHTML, like Gecko) Chrome/131.0.0.0 Safari/537.36"
15.223.41.230 - - [24/Apr/2026:21:02:07 +0700] "POST / HTTP/1.1" 200 12451 "-" "Mozilla/5.0 (Macintosh; Intel Mac OS X 10_15_7) AppleWebKit/537.36 (KHTML, like Gecko) Chrome/131.0.0.0 Safari/537.36"
74.7.227.29 - - [24/Apr/2026:21:02:08 +0700] "GET /wp-includes/block-patterns/social-links-shared-background-color.php HTTP/2" 500 0 "https://www.klanaobsesiindonesia.com/wp-includes/block-patterns/?ND" "Mozilla/5.0 AppleWebKit/537.36 (KHTML, like Gecko; compatible; GPTBot/1.3; +https://openai.com/gptbot)"
74.7.241.38 - - [24/Apr/2026:21:02:50 +0700] "GET /wp-includes/rest-api/endpoints/class-wp-rest-edit-site-export-controller.php HTTP/2" 500 0 "https://mail.klanaobsesiindonesia.com/wp-includes/rest-api/endpoints/?MA" "Mozilla/5.0 AppleWebKit/537.36 (KHTML, like Gecko; compatible; GPTBot/1.3; +https://openai.com/gptbot)"
16.52.84.74 - - [24/Apr/2026:21:02:53 +0700] "GET / HTTP/1.1" 401 53 "-" "Mozilla/5.0 (Windows NT 10.0; Win64; x64) AppleWebKit/537.36 (KHTML, like Gecko) Chrome/131.0.0.0 Safari/537.36"
16.52.84.74 - - [24/Apr/2026:21:02:53 +0700] "POST / HTTP/1.1" 401 53 "-" "Mozilla/5.0 (Windows NT 10.0; Win64; x64) AppleWebKit/537.36 (KHTML, like Gecko) Chrome/131.0.0.0 Safari/537.36"
16.52.84.74 - - [24/Apr/2026:21:02:54 +0700] "POST / HTTP/1.1" 401 53 "-" "Mozilla/5.0 (Windows NT 10.0; Win64; x64) AppleWebKit/537.36 (KHTML, like Gecko) Chrome/131.0.0.0 Safari/537.36"
16.52.84.74 - - [24/Apr/2026:21:02:54 +0700] "POST / HTTP/1.1" 401 53 "-" "Mozilla/5.0 (Windows NT 10.0; Win64; x64) AppleWebKit/537.36 (KHTML, like Gecko) Chrome/131.0.0.0 Safari/537.36"
74.7.227.29 - - [24/Apr/2026:21:03:13 +0700] "GET /wp-includes/block-supports/block-style-variations.php HTTP/2" 500 0 "https://www.klanaobsesiindonesia.com/wp-includes/block-supports/?ND" "Mozilla/5.0 AppleWebKit/537.36 (KHTML, like Gecko; compatible; GPTBot/1.3; +https://openai.com/gptbot)"
74.7.241.38 - - [24/Apr/2026:21:03:52 +0700] "GET /wp-includes/rest-api/endpoints/class-wp-rest-site-health-controller.php HTTP/2" 500 0 "https://mail.klanaobsesiindonesia.com/wp-includes/rest-api/endpoints/?MA" "Mozilla/5.0 AppleWebKit/537.36 (KHTML, like Gecko; compatible; GPTBot/1.3; +https://openai.com/gptbot)"
45.117.169.86 - - [24/Apr/2026:21:03:54 +0700] "GET /wp-login.php HTTP/2" 500 0 "-" "Mozilla/5.0 (Windows NT 6.1; Win64; x64) AppleWebKit/537.36 (KHTML, like Gecko) Chrome/66.0.3359.181 Safari/537.36"
45.117.169.86 - - [24/Apr/2026:21:03:55 +0700] "POST /wp-login.php HTTP/2" 500 0 "https://klanaobsesiindonesia.com/wp-login.php" "Mozilla/5.0 (Windows NT 6.1; Win64; x64) AppleWebKit/537.36 (KHTML, like Gecko) Chrome/66.0.3359.181 Safari/537.36"
74.7.227.29 - - [24/Apr/2026:21:04:13 +0700] "GET /wp-includes/block-supports/generated-classname.php HTTP/2" 500 0 "https://www.klanaobsesiindonesia.com/wp-includes/block-supports/?ND" "Mozilla/5.0 AppleWebKit/537.36 (KHTML, like Gecko; compatible; GPTBot/1.3; +https://openai.com/gptbot)"
103.216.117.42 - - [24/Apr/2026:21:04:51 +0700] "GET /wp-login.php HTTP/2" 500 0 "-" "Mozilla/5.0 (Windows NT 10.0; Win64; x64) AppleWebKit/537.36 (KHTML, like Gecko) Chrome/67.0.3396.87 Safari/537.36"
103.216.117.42 - - [24/Apr/2026:21:04:51 +0700] "POST /wp-login.php HTTP/2" 500 0 "https://klanaobsesiindonesia.com/wp-login.php" "Mozilla/5.0 (Windows NT 10.0; Win64; x64) AppleWebKit/537.36 (KHTML, like Gecko) Chrome/67.0.3396.87 Safari/537.36"
74.7.241.38 - - [24/Apr/2026:21:04:55 +0700] "GET /wp-includes/rest-api/endpoints/class-wp-rest-posts-controller.php HTTP/2" 500 0 "https://mail.klanaobsesiindonesia.com/wp-includes/rest-api/endpoints/?MA" "Mozilla/5.0 AppleWebKit/537.36 (KHTML, like Gecko; compatible; GPTBot/1.3; +https://openai.com/gptbot)"
195.234.95.45 - - [24/Apr/2026:21:04:56 +0700] "GET /wp-login.php HTTP/2" 500 0 "-" "Mozilla/5.0 (Windows NT 6.1; Trident/7.0; MAMD; rv:11.0) like Gecko"
195.234.95.45 - - [24/Apr/2026:21:04:56 +0700] "POST /wp-login.php HTTP/2" 500 0 "https://klanaobsesiindonesia.com/wp-login.php" "Mozilla/5.0 (Windows NT 6.1; Trident/7.0; MAMD; rv:11.0) like Gecko"
15.222.26.158 - - [24/Apr/2026:21:05:14 +0700] "GET / HTTP/1.1" 401 53 "-" "Mozilla/5.0 (X11; Linux x86_64) AppleWebKit/537.36 (KHTML, like Gecko) Chrome/131.0.0.0 Safari/537.36"
15.222.26.158 - - [24/Apr/2026:21:05:14 +0700] "POST / HTTP/1.1" 401 53 "-" "Mozilla/5.0 (X11; Linux x86_64) AppleWebKit/537.36 (KHTML, like Gecko) Chrome/131.0.0.0 Safari/537.36"
15.222.26.158 - - [24/Apr/2026:21:05:14 +0700] "POST / HTTP/1.1" 401 53 "-" "Mozilla/5.0 (X11; Linux x86_64) AppleWebKit/537.36 (KHTML, like Gecko) Chrome/131.0.0.0 Safari/537.36"
15.222.26.158 - - [24/Apr/2026:21:05:15 +0700] "POST / HTTP/1.1" 401 53 "-" "Mozilla/5.0 (X11; Linux x86_64) AppleWebKit/537.36 (KHTML, like Gecko) Chrome/131.0.0.0 Safari/537.36"
74.7.227.29 - - [24/Apr/2026:21:05:16 +0700] "GET /wp-includes/block-patterns/query-grid-posts.php HTTP/2" 500 0 "https://www.klanaobsesiindonesia.com/wp-includes/block-patterns/?ND" "Mozilla/5.0 AppleWebKit/537.36 (KHTML, like Gecko; compatible; GPTBot/1.3; +https://openai.com/gptbot)"
74.7.241.38 - - [24/Apr/2026:21:05:57 +0700] "GET /wp-includes/rest-api/endpoints/class-wp-rest-users-controller.php HTTP/2" 500 0 "https://mail.klanaobsesiindonesia.com/wp-includes/rest-api/endpoints/?MA" "Mozilla/5.0 AppleWebKit/537.36 (KHTML, like Gecko; compatible; GPTBot/1.3; +https://openai.com/gptbot)"
18.202.58.131 - - [24/Apr/2026:21:05:59 +0700] "GET / HTTP/1.1" 500 0 "-" "Mozilla/5.0 (Macintosh; Intel Mac OS X 10_15_7) AppleWebKit/537.36 (KHTML, like Gecko) Chrome/131.0.0.0 Safari/537.36"
18.202.58.131 - - [24/Apr/2026:21:05:59 +0700] "GET / HTTP/1.1" 500 0 "-" "Mozilla/5.0 (X11; Linux x86_64) AppleWebKit/537.36 (KHTML, like Gecko) Chrome/131.0.0.0 Safari/537.36"
18.202.58.131 - - [24/Apr/2026:21:06:00 +0700] "POST / HTTP/1.1" 500 0 "-" "Mozilla/5.0 (Macintosh; Intel Mac OS X 10_15_7) AppleWebKit/537.36 (KHTML, like Gecko) Chrome/131.0.0.0 Safari/537.36"
18.202.58.131 - - [24/Apr/2026:21:06:00 +0700] "POST / HTTP/1.1" 500 0 "-" "Mozilla/5.0 (X11; Linux x86_64) AppleWebKit/537.36 (KHTML, like Gecko) Chrome/131.0.0.0 Safari/537.36"
18.202.58.131 - - [24/Apr/2026:21:06:00 +0700] "POST / HTTP/1.1" 500 0 "-" "Mozilla/5.0 (Macintosh; Intel Mac OS X 10_15_7) AppleWebKit/537.36 (KHTML, like Gecko) Chrome/131.0.0.0 Safari/537.36"
18.202.58.131 - - [24/Apr/2026:21:06:00 +0700] "POST / HTTP/1.1" 500 0 "-" "Mozilla/5.0 (X11; Linux x86_64) AppleWebKit/537.36 (KHTML, like Gecko) Chrome/131.0.0.0 Safari/537.36"
18.202.58.131 - - [24/Apr/2026:21:06:01 +0700] "POST / HTTP/1.1" 500 0 "-" "Mozilla/5.0 (Macintosh; Intel Mac OS X 10_15_7) AppleWebKit/537.36 (KHTML, like Gecko) Chrome/131.0.0.0 Safari/537.36"
18.202.58.131 - - [24/Apr/2026:21:06:01 +0700] "POST / HTTP/1.1" 500 0 "-" "Mozilla/5.0 (X11; Linux x86_64) AppleWebKit/537.36 (KHTML, like Gecko) Chrome/131.0.0.0 Safari/537.36"
74.7.227.29 - - [24/Apr/2026:21:06:17 +0700] "GET /wp-includes/block-supports/custom-classname.php HTTP/2" 500 0 "https://www.klanaobsesiindonesia.com/wp-includes/block-supports/?ND" "Mozilla/5.0 AppleWebKit/537.36 (KHTML, like Gecko; compatible; GPTBot/1.3; +https://openai.com/gptbot)"
74.7.241.38 - - [24/Apr/2026:21:07:00 +0700] "GET /wp-includes/rest-api/endpoints/class-wp-rest-font-families-controller.php HTTP/2" 500 0 "https://mail.klanaobsesiindonesia.com/wp-includes/rest-api/endpoints/?MA" "Mozilla/5.0 AppleWebKit/537.36 (KHTML, like Gecko; compatible; GPTBot/1.3; +https://openai.com/gptbot)"
104.248.46.97 - - [24/Apr/2026:21:07:04 +0700] "GET / HTTP/1.1" 401 53 "-" "Mozilla/5.0 (X11; Linux x86_64) AppleWebKit/537.36 (KHTML, like Gecko) Chrome/142.0.0.0 Safari/537.36"
104.248.46.97 - - [24/Apr/2026:21:07:10 +0700] "GET /favicon.ico HTTP/1.1" 401 53 "https://webdisk.klanaobsesiindonesia.com/" "Mozilla/5.0 (X11; Linux x86_64) AppleWebKit/537.36 (KHTML, like Gecko) Chrome/142.0.0.0 Safari/537.36"
74.7.227.29 - - [24/Apr/2026:21:07:21 +0700] "GET /wp-includes/block-supports/block-visibility.php HTTP/2" 500 0 "https://www.klanaobsesiindonesia.com/wp-includes/block-supports/?ND" "Mozilla/5.0 AppleWebKit/537.36 (KHTML, like Gecko; compatible; GPTBot/1.3; +https://openai.com/gptbot)"
54.77.99.123 - - [24/Apr/2026:21:07:41 +0700] "GET / HTTP/1.1" 500 0 "-" "Mozilla/5.0 (Windows NT 10.0; Win64; x64) AppleWebKit/537.36 (KHTML, like Gecko) Chrome/131.0.0.0 Safari/537.36"
54.77.99.123 - - [24/Apr/2026:21:07:41 +0700] "POST / HTTP/1.1" 500 0 "-" "Mozilla/5.0 (Windows NT 10.0; Win64; x64) AppleWebKit/537.36 (KHTML, like Gecko) Chrome/131.0.0.0 Safari/537.36"
54.77.99.123 - - [24/Apr/2026:21:07:42 +0700] "POST / HTTP/1.1" 500 0 "-" "Mozilla/5.0 (Windows NT 10.0; Win64; x64) AppleWebKit/537.36 (KHTML, like Gecko) Chrome/131.0.0.0 Safari/537.36"
54.77.99.123 - - [24/Apr/2026:21:07:42 +0700] "POST / HTTP/1.1" 500 0 "-" "Mozilla/5.0 (Windows NT 10.0; Win64; x64) AppleWebKit/537.36 (KHTML, like Gecko) Chrome/131.0.0.0 Safari/537.36"
74.7.241.38 - - [24/Apr/2026:21:08:03 +0700] "GET /wp-includes/rest-api/endpoints/class-wp-rest-block-types-controller.php HTTP/2" 500 0 "https://mail.klanaobsesiindonesia.com/wp-includes/rest-api/endpoints/?MA" "Mozilla/5.0 AppleWebKit/537.36 (KHTML, like Gecko; compatible; GPTBot/1.3; +https://openai.com/gptbot)"
91.241.49.133 - - [24/Apr/2026:21:08:18 +0700] "GET /wp-login.php HTTP/2" 500 0 "-" "Mozilla/5.0 (Windows NT 10.0; WOW64) AppleWebKit/537.36 (KHTML, like Gecko) Chrome/67.0.3396.79 Safari/537.36"
91.241.49.133 - - [24/Apr/2026:21:08:18 +0700] "POST /wp-login.php HTTP/2" 500 0 "https://klanaobsesiindonesia.com/wp-login.php" "Mozilla/5.0 (Windows NT 10.0; WOW64) AppleWebKit/537.36 (KHTML, like Gecko) Chrome/67.0.3396.79 Safari/537.36"
74.7.227.29 - - [24/Apr/2026:21:08:23 +0700] "GET /wp-includes/block-supports/background.php HTTP/2" 500 0 "https://www.klanaobsesiindonesia.com/wp-includes/block-supports/?ND" "Mozilla/5.0 AppleWebKit/537.36 (KHTML, like Gecko; compatible; GPTBot/1.3; +https://openai.com/gptbot)"
74.7.241.38 - - [24/Apr/2026:21:09:04 +0700] "GET /wp-includes/rest-api/endpoints/class-wp-rest-widget-types-controller.php HTTP/2" 500 0 "https://mail.klanaobsesiindonesia.com/wp-includes/rest-api/endpoints/?MA" "Mozilla/5.0 AppleWebKit/537.36 (KHTML, like Gecko; compatible; GPTBot/1.3; +https://openai.com/gptbot)"
74.7.227.29 - - [24/Apr/2026:21:09:26 +0700] "GET /wp-includes/block-bindings/pattern-overrides.php HTTP/2" 500 0 "https://www.klanaobsesiindonesia.com/wp-includes/block-bindings/?SA" "Mozilla/5.0 AppleWebKit/537.36 (KHTML, like Gecko; compatible; GPTBot/1.3; +https://openai.com/gptbot)"
74.7.241.38 - - [24/Apr/2026:21:10:04 +0700] "GET /wp-includes/rest-api/endpoints/class-wp-rest-themes-controller.php HTTP/2" 500 0 "https://mail.klanaobsesiindonesia.com/wp-includes/rest-api/endpoints/?MA" "Mozilla/5.0 AppleWebKit/537.36 (KHTML, like Gecko; compatible; GPTBot/1.3; +https://openai.com/gptbot)"
223.178.218.109 - - [24/Apr/2026:21:10:20 +0700] "GET /wp-login.php HTTP/2" 500 0 "-" "Mozilla/5.0 (Windows NT 6.1; Win64; x64) AppleWebKit/537.36 (KHTML, like Gecko) Chrome/52.0.2743.116 Safari/537.36 Edge/15.15063"
223.178.218.109 - - [24/Apr/2026:21:10:21 +0700] "POST /wp-login.php HTTP/2" 500 0 "https://klanaobsesiindonesia.com/wp-login.php" "Mozilla/5.0 (Windows NT 6.1; Win64; x64) AppleWebKit/537.36 (KHTML, like Gecko) Chrome/52.0.2743.116 Safari/537.36 Edge/15.15063"
103.216.117.42 - - [24/Apr/2026:21:10:27 +0700] "GET /wp-login.php HTTP/2" 500 0 "-" "Mozilla/5.0 (Windows NT 10.0; WOW64; Trident/7.0; AS; rv:11.0) like Gecko"
103.216.117.42 - - [24/Apr/2026:21:10:27 +0700] "POST /wp-login.php HTTP/2" 500 0 "https://klanaobsesiindonesia.com/wp-login.php" "Mozilla/5.0 (Windows NT 10.0; WOW64; Trident/7.0; AS; rv:11.0) like Gecko"
74.7.227.29 - - [24/Apr/2026:21:10:28 +0700] "GET /wp-includes/block-supports/aria-label.php HTTP/2" 500 0 "https://www.klanaobsesiindonesia.com/wp-includes/block-supports/?ND" "Mozilla/5.0 AppleWebKit/537.36 (KHTML, like Gecko; compatible; GPTBot/1.3; +https://openai.com/gptbot)"
74.7.241.38 - - [24/Apr/2026:21:11:10 +0700] "GET /wp-includes/rest-api/endpoints/class-wp-rest-menu-items-controller.php HTTP/2" 500 0 "https://mail.klanaobsesiindonesia.com/wp-includes/rest-api/endpoints/?MA" "Mozilla/5.0 AppleWebKit/537.36 (KHTML, like Gecko; compatible; GPTBot/1.3; +https://openai.com/gptbot)"
103.153.183.69 - - [24/Apr/2026:21:11:15 +0700] "GET /.aws/config HTTP/1.1" 404 5750 "-" "Mozilla/5.0 (Windows NT 10.0; Win64; x64) AppleWebKit/537.36 (KHTML, like Gecko) Chrome/120.0.0.0 Safari/537.36"
103.153.183.69 - - [24/Apr/2026:21:11:15 +0700] "GET /.env.production HTTP/1.1" 404 5750 "-" "Mozilla/5.0 (Macintosh; Intel Mac OS X 10_15_7) AppleWebKit/537.36 (KHTML, like Gecko) Chrome/120.0.0.0 Safari/537.36"
103.153.183.69 - - [24/Apr/2026:21:11:15 +0700] "GET /test.php HTTP/1.1" 404 5750 "-" "Mozilla/5.0 (compatible; SecurityScanner/1.0)"
103.153.183.69 - - [24/Apr/2026:21:11:15 +0700] "GET /info.php HTTP/1.1" 404 5750 "-" "Mozilla/5.0 (Windows NT 10.0; Win64; x64) AppleWebKit/537.36 (KHTML, like Gecko) Chrome/120.0.0.0 Safari/537.36"
103.153.183.69 - - [24/Apr/2026:21:11:15 +0700] "GET /.env HTTP/1.1" 404 5750 "-" "Mozilla/5.0 (X11; Linux x86_64) AppleWebKit/537.36 (KHTML, like Gecko) Chrome/120.0.0.0 Safari/537.36"
103.153.183.69 - - [24/Apr/2026:21:11:15 +0700] "GET /phpinfo.php HTTP/1.1" 200 37661 "-" "Mozilla/5.0 (compatible; SecurityScanner/1.0)"
103.153.183.69 - - [24/Apr/2026:21:11:15 +0700] "GET /.%61%77%73/%63%6F%6E%66%69%67 HTTP/1.1" 404 5750 "-" "Mozilla/5.0 (Macintosh; Intel Mac OS X 10_15_7) AppleWebKit/537.36 (KHTML, like Gecko) Chrome/120.0.0.0 Safari/537.36"
103.153.183.69 - - [24/Apr/2026:21:11:15 +0700] "GET /.env.prod HTTP/1.1" 404 5750 "-" "Mozilla/5.0 (Windows NT 10.0; Win64; x64) AppleWebKit/537.36 (KHTML, like Gecko) Chrome/120.0.0.0 Safari/537.36"
103.153.183.69 - - [24/Apr/2026:21:11:15 +0700] "GET /php.php HTTP/1.1" 404 5750 "-" "Mozilla/5.0 (Macintosh; Intel Mac OS X 10_15_7) AppleWebKit/537.36 (KHTML, like Gecko) Chrome/120.0.0.0 Safari/537.36"
103.153.183.69 - - [24/Apr/2026:21:11:15 +0700] "GET /.boto3 HTTP/1.1" 404 5750 "-" "Mozilla/5.0 (X11; Linux x86_64) AppleWebKit/537.36 (KHTML, like Gecko) Chrome/120.0.0.0 Safari/537.36"
103.153.183.69 - - [24/Apr/2026:21:11:15 +0700] "GET /.env.local HTTP/1.1" 404 5750 "-" "Mozilla/5.0 (Windows NT 10.0; Win64; x64) AppleWebKit/537.36 (KHTML, like Gecko) Chrome/120.0.0.0 Safari/537.36"
103.153.183.69 - - [24/Apr/2026:21:11:15 +0700] "GET /.env.staging HTTP/1.1" 404 5750 "-" "Mozilla/5.0 (Macintosh; Intel Mac OS X 10_15_7) AppleWebKit/537.36 (KHTML, like Gecko) Chrome/120.0.0.0 Safari/537.36"
103.153.183.69 - - [24/Apr/2026:21:11:15 +0700] "GET /.dockerenv HTTP/1.1" 404 5750 "-" "Mozilla/5.0 (Macintosh; Intel Mac OS X 10_15_7) AppleWebKit/537.36 (KHTML, like Gecko) Chrome/120.0.0.0 Safari/537.36"
103.153.183.69 - - [24/Apr/2026:21:11:15 +0700] "GET /.aws/credentials HTTP/1.1" 404 5750 "-" "Mozilla/5.0 (Macintosh; Intel Mac OS X 10_15_7) AppleWebKit/537.36 (KHTML, like Gecko) Chrome/120.0.0.0 Safari/537.36"
103.153.183.69 - - [24/Apr/2026:21:11:15 +0700] "GET /.%61%77%73/%63%72%65%64%65%6E%74%69%61%6C%73 HTTP/1.1" 404 5750 "-" "Mozilla/5.0 (Macintosh; Intel Mac OS X 10_15_7) AppleWebKit/537.36 (KHTML, like Gecko) Chrome/120.0.0.0 Safari/537.36"
103.153.183.69 - - [24/Apr/2026:21:11:15 +0700] "GET / HTTP/1.1" 200 37661 "-" "Mozilla/5.0 (X11; Linux x86_64) AppleWebKit/537.36 (KHTML, like Gecko) Chrome/120.0.0.0 Safari/537.36"
103.153.183.69 - - [24/Apr/2026:21:11:15 +0700] "GET / HTTP/1.1" 200 37661 "-" "Mozilla/5.0 (Windows NT 10.0; Win64; x64; rv:121.0) Gecko/20100101 Firefox/121.0"
103.153.183.69 - - [24/Apr/2026:21:11:15 +0700] "GET /.boto HTTP/1.1" 404 5750 "-" "Mozilla/5.0 (X11; Linux x86_64) AppleWebKit/537.36 (KHTML, like Gecko) Chrome/120.0.0.0 Safari/537.36"
103.153.183.69 - - [24/Apr/2026:21:11:15 +0700] "GET /%70%68%70%69%6E%66%6F.%70%68%70 HTTP/1.1" 200 37661 "-" "Mozilla/5.0 (X11; Linux x86_64) AppleWebKit/537.36 (KHTML, like Gecko) Chrome/120.0.0.0 Safari/537.36"
103.153.183.69 - - [24/Apr/2026:21:11:15 +0700] "GET /.docker/config.json HTTP/1.1" 404 5750 "-" "Mozilla/5.0 (Windows NT 10.0; Win64; x64; rv:121.0) Gecko/20100101 Firefox/121.0"
103.153.183.69 - - [24/Apr/2026:21:11:16 +0700] "GET /.%65%6Ev HTTP/1.1" 404 5750 "-" "Mozilla/5.0 (X11; Linux x86_64) AppleWebKit/537.36 (KHTML, like Gecko) Chrome/120.0.0.0 Safari/537.36"
103.153.183.69 - - [24/Apr/2026:21:11:16 +0700] "GET /%2577%2570%252D%2563%256F%256E%2566%2569%2567.%2570%2568%2570.%2562%2561%256B HTTP/1.1" 404 5750 "-" "Mozilla/5.0 (X11; Linux x86_64) AppleWebKit/537.36 (KHTML, like Gecko) Chrome/120.0.0.0 Safari/537.36"
103.153.183.69 - - [24/Apr/2026:21:11:16 +0700] "GET /.%65%6Ev.%70%72%6F%64 HTTP/1.1" 404 5750 "-" "Mozilla/5.0 (X11; Linux x86_64) AppleWebKit/537.36 (KHTML, like Gecko) Chrome/120.0.0.0 Safari/537.36"
103.153.183.69 - - [24/Apr/2026:21:11:16 +0700] "GET /wp-config.php.save HTTP/1.1" 404 5750 "-" "Mozilla/5.0 (compatible; SecurityScanner/1.0)"
103.153.183.69 - - [24/Apr/2026:21:11:16 +0700] "GET /.%65%6Ev.%73%74%61%67%69%6E%67 HTTP/1.1" 404 5750 "-" "Mozilla/5.0 (X11; Linux x86_64) AppleWebKit/537.36 (KHTML, like Gecko) Chrome/120.0.0.0 Safari/537.36"
103.153.183.69 - - [24/Apr/2026:21:11:15 +0700] "GET /%69%6E%66%6F.%70%68%70 HTTP/1.1" 404 5750 "-" "Mozilla/5.0 (Windows NT 10.0; Win64; x64; rv:121.0) Gecko/20100101 Firefox/121.0"
103.153.183.69 - - [24/Apr/2026:21:11:16 +0700] "GET /.kube/config HTTP/1.1" 404 5750 "-" "Mozilla/5.0 (X11; Linux x86_64) AppleWebKit/537.36 (KHTML, like Gecko) Chrome/120.0.0.0 Safari/537.36"
103.153.183.69 - - [24/Apr/2026:21:11:16 +0700] "GET /.env.dev HTTP/1.1" 404 5750 "-" "Mozilla/5.0 (X11; Linux x86_64) AppleWebKit/537.36 (KHTML, like Gecko) Chrome/120.0.0.0 Safari/537.36"
103.153.183.69 - - [24/Apr/2026:21:11:16 +0700] "GET /%74%65%73%74.%70%68%70 HTTP/1.1" 404 5750 "-" "Mozilla/5.0 (X11; Linux x86_64) AppleWebKit/537.36 (KHTML, like Gecko) Chrome/120.0.0.0 Safari/537.36"
103.153.183.69 - - [24/Apr/2026:21:11:16 +0700] "GET /.env.development HTTP/1.1" 404 5750 "-" "Mozilla/5.0 (Windows NT 10.0; Win64; x64; rv:121.0) Gecko/20100101 Firefox/121.0"
103.153.183.69 - - [24/Apr/2026:21:11:16 +0700] "GET /wp-config.php.bak HTTP/1.1" 404 5750 "-" "Mozilla/5.0 (X11; Linux x86_64) AppleWebKit/537.36 (KHTML, like Gecko) Chrome/120.0.0.0 Safari/537.36"
103.153.183.69 - - [24/Apr/2026:21:11:16 +0700] "GET /%77%70%2D%63%6F%6E%66%69%67.%70%68%70 HTTP/1.1" 404 5750 "-" "Mozilla/5.0 (Windows NT 10.0; Win64; x64; rv:121.0) Gecko/20100101 Firefox/121.0"
103.153.183.69 - - [24/Apr/2026:21:11:16 +0700] "GET /%70%68%70.%70%68%70 HTTP/1.1" 404 5750 "-" "Mozilla/5.0 (Windows NT 10.0; Win64; x64) AppleWebKit/537.36 (KHTML, like Gecko) Chrome/120.0.0.0 Safari/537.36"
103.153.183.69 - - [24/Apr/2026:21:11:16 +0700] "GET /.%65%6Ev.%70%72%6F%64%75%63%74%69%6F%6E HTTP/1.1" 404 5750 "-" "Mozilla/5.0 (Windows NT 10.0; Win64; x64) AppleWebKit/537.36 (KHTML, like Gecko) Chrome/120.0.0.0 Safari/537.36"
103.153.183.69 - - [24/Apr/2026:21:11:16 +0700] "GET /debug.php HTTP/1.1" 404 5750 "-" "Mozilla/5.0 (Windows NT 10.0; Win64; x64; rv:121.0) Gecko/20100101 Firefox/121.0"
103.153.183.69 - - [24/Apr/2026:21:11:16 +0700] "GET /phpversion.php HTTP/1.1" 404 5750 "-" "Mozilla/5.0 (compatible; SecurityScanner/1.0)"
103.153.183.69 - - [24/Apr/2026:21:11:16 +0700] "GET /.%65%6Ev.%6C%6F%63%61%6C HTTP/1.1" 404 5750 "-" "Mozilla/5.0 (Windows NT 10.0; Win64; x64) AppleWebKit/537.36 (KHTML, like Gecko) Chrome/120.0.0.0 Safari/537.36"
103.153.183.69 - - [24/Apr/2026:21:11:16 +0700] "GET /wp-config.php.old HTTP/1.1" 404 5750 "-" "Mozilla/5.0 (Macintosh; Intel Mac OS X 10_15_7) AppleWebKit/537.36 (KHTML, like Gecko) Chrome/120.0.0.0 Safari/537.36"
103.153.183.69 - - [24/Apr/2026:21:11:16 +0700] "GET /php-info.php HTTP/1.1" 404 5750 "-" "Mozilla/5.0 (Windows NT 10.0; Win64; x64) AppleWebKit/537.36 (KHTML, like Gecko) Chrome/120.0.0.0 Safari/537.36"
103.153.183.69 - - [24/Apr/2026:21:11:16 +0700] "GET /wp-config.php.txt HTTP/1.1" 404 5750 "-" "Mozilla/5.0 (X11; Linux x86_64) AppleWebKit/537.36 (KHTML, like Gecko) Chrome/120.0.0.0 Safari/537.36"
103.153.183.69 - - [24/Apr/2026:21:11:17 +0700] "GET /wp-config.php.swp HTTP/1.1" 404 5750 "-" "Mozilla/5.0 (compatible; SecurityScanner/1.0)"
103.153.183.69 - - [24/Apr/2026:21:11:16 +0700] "GET /admin/phpinfo.php HTTP/1.1" 404 5750 "-" "Mozilla/5.0 (Windows NT 10.0; Win64; x64) AppleWebKit/537.36 (KHTML, like Gecko) Chrome/120.0.0.0 Safari/537.36"
