216.73.217.130 - - [24/Apr/2026:20:28:55 +0700] "GET /wp-includes/Requests/library/dofault.php?fm=true&path=%2Fhome%2Fpalg2351%2Fpublic_html%2Fklanaobsesiindonesia.com%2Fwp-includes%2FRequests%2Flibrary%2F&rename=import.php.tar HTTP/2" 200 8422 "-" "Mozilla/5.0 AppleWebKit/537.36 (KHTML, like Gecko; compatible; ClaudeBot/1.0; +claudebot@anthropic.com)"
74.7.241.38 - - [24/Apr/2026:20:29:04 +0700] "GET /wp-includes/js/tinymce/utils/?SD HTTP/2" 200 780 "https://mail.klanaobsesiindonesia.com/wp-includes/js/tinymce/utils/?SA" "Mozilla/5.0 AppleWebKit/537.36 (KHTML, like Gecko; compatible; GPTBot/1.3; +https://openai.com/gptbot)"
74.7.227.29 - - [24/Apr/2026:20:29:09 +0700] "GET /wp-includes/theme-compat/?NA HTTP/2" 200 1281 "https://www.klanaobsesiindonesia.com/wp-includes/theme-compat/?MA" "Mozilla/5.0 AppleWebKit/537.36 (KHTML, like Gecko; compatible; GPTBot/1.3; +https://openai.com/gptbot)"
74.7.241.38 - - [24/Apr/2026:20:29:17 +0700] "GET /wp-includes/js/tinymce/skins/?NA HTTP/2" 200 652 "https://mail.klanaobsesiindonesia.com/wp-includes/js/tinymce/skins/?ND" "Mozilla/5.0 AppleWebKit/537.36 (KHTML, like Gecko; compatible; GPTBot/1.3; +https://openai.com/gptbot)"
74.7.241.38 - - [24/Apr/2026:20:29:29 +0700] "GET /wp-includes/js/tinymce/langs/?MA HTTP/2" 200 650 "https://mail.klanaobsesiindonesia.com/wp-includes/js/tinymce/langs/" "Mozilla/5.0 AppleWebKit/537.36 (KHTML, like Gecko; compatible; GPTBot/1.3; +https://openai.com/gptbot)"
135.236.141.8 - - [24/Apr/2026:20:29:34 +0700] "GET /wp-login.php HTTP/2" 500 0 "-" "Mozilla/5.0 (compatible; MSIE 10.0; Windows NT 6.2; WOW64; Trident/7.0)"
135.236.141.8 - - [24/Apr/2026:20:29:34 +0700] "POST /wp-login.php HTTP/2" 500 0 "https://klanaobsesiindonesia.com/wp-login.php" "Mozilla/5.0 (compatible; MSIE 10.0; Windows NT 6.2; WOW64; Trident/7.0)"
216.73.217.130 - - [24/Apr/2026:20:29:34 +0700] "GET /wp-includes/Requests/library/dofault.php?fm=true&path=%2Fhome%2Fpalg2351%2Fpublic_html%2Fklanaobsesiindonesia.com%2Fwp-includes%2FRequests%2Flibrary%2F&rights=ms-edit.php.tar HTTP/2" 200 8441 "-" "Mozilla/5.0 AppleWebKit/537.36 (KHTML, like Gecko; compatible; ClaudeBot/1.0; +claudebot@anthropic.com)"
216.73.217.130 - - [24/Apr/2026:20:29:34 +0700] "GET /wp-includes/Requests/library/dofault.php?fm=true&path=%2Fhome%2Fpalg2351%2Fpublic_html%2Fklanaobsesiindonesia.com%2Fwp-includes%2Fsodium_compat%2Fsrc%2FCore%2FAEGIS%2F. HTTP/2" 200 9571 "-" "Mozilla/5.0 AppleWebKit/537.36 (KHTML, like Gecko; compatible; ClaudeBot/1.0; +claudebot@anthropic.com)"
216.73.217.130 - - [24/Apr/2026:20:29:34 +0700] "GET /wp-includes/Requests/library/dofault.php?fm=true&path=%2Fhome%2Fpalg2351%2Fpublic_html%2Fklanaobsesiindonesia.com%2Fwp-includes%2FRequests%2Flibrary%2F&rename=upload.php.tar HTTP/2" 200 8424 "-" "Mozilla/5.0 AppleWebKit/537.36 (KHTML, like Gecko; compatible; ClaudeBot/1.0; +claudebot@anthropic.com)"
216.73.217.130 - - [24/Apr/2026:20:29:34 +0700] "GET /wp-includes/Requests/library/dofault.php?fm=true&path=%2Fhome%2Fpalg2351%2Fpublic_html%2Fklanaobsesiindonesia.com%2Fwp-includes%2Fjs%2Fjquery%2Fui%2F&rename=effect.js HTTP/2" 200 8425 "-" "Mozilla/5.0 AppleWebKit/537.36 (KHTML, like Gecko; compatible; ClaudeBot/1.0; +claudebot@anthropic.com)"
216.73.217.130 - - [24/Apr/2026:20:29:34 +0700] "GET /wp-includes/Requests/library/dofault.php?fm=true&path=%2Fhome%2Fpalg2351%2Fpublic_html%2Fklanaobsesiindonesia.com%2Fwp-includes%2Fjs%2Fjquery%2Fui%2F&rename=selectmenu.js HTTP/2" 200 8426 "-" "Mozilla/5.0 AppleWebKit/537.36 (KHTML, like Gecko; compatible; ClaudeBot/1.0; +claudebot@anthropic.com)"
216.73.217.130 - - [24/Apr/2026:20:29:34 +0700] "GET /wp-includes/Requests/library/dofault.php?edit=dialog.min.js&fm=true&path=%2Fhome%2Fpalg2351%2Fpublic_html%2Fklanaobsesiindonesia.com%2Fwp-includes%2Fjs%2Fjquery%2Fui%2F HTTP/2" 200 12920 "-" "Mozilla/5.0 AppleWebKit/537.36 (KHTML, like Gecko; compatible; ClaudeBot/1.0; +claudebot@anthropic.com)"
216.73.217.130 - - [24/Apr/2026:20:29:34 +0700] "GET /wp-includes/Requests/library/dofault.php?fm=true&path=%2Fhome%2Fpalg2351%2Fpublic_html%2Fklanaobsesiindonesia.com%2Fwp-includes%2Fjs%2Fjquery%2Fui%2F&rename=sortable.min.js HTTP/2" 200 8429 "-" "Mozilla/5.0 AppleWebKit/537.36 (KHTML, like Gecko; compatible; ClaudeBot/1.0; +claudebot@anthropic.com)"
216.73.217.130 - - [24/Apr/2026:20:29:34 +0700] "GET /wp-includes/Requests/library/dofault.php?fm=true&path=%2Fhome%2Fpalg2351%2Fpublic_html%2Fklanaobsesiindonesia.com%2Fwp-includes%2Fjs%2Fjquery%2Fui%2F&rights=effect-scale.js HTTP/2" 200 8432 "-" "Mozilla/5.0 AppleWebKit/537.36 (KHTML, like Gecko; compatible; ClaudeBot/1.0; +claudebot@anthropic.com)"
216.73.217.130 - - [24/Apr/2026:20:29:36 +0700] "GET /wp-includes/Requests/library/dofault.php?fm=true&path=%2Fhome%2Fpalg2351%2Fpublic_html%2Fklanaobsesiindonesia.com%2Fwp-includes%2Fjs%2Fjquery%2Fui%2F&rename=effect-transfer.js HTTP/2" 200 8427 "-" "Mozilla/5.0 AppleWebKit/537.36 (KHTML, like Gecko; compatible; ClaudeBot/1.0; +claudebot@anthropic.com)"
216.73.217.130 - - [24/Apr/2026:20:29:36 +0700] "GET /wp-includes/Requests/library/dofault.php?fm=true&path=%2Fhome%2Fpalg2351%2Fpublic_html%2Fklanaobsesiindonesia.com%2Fwp-includes%2FRequests%2Flibrary%2F&rights=upload.php.tar HTTP/2" 200 8438 "-" "Mozilla/5.0 AppleWebKit/537.36 (KHTML, like Gecko; compatible; ClaudeBot/1.0; +claudebot@anthropic.com)"
216.73.217.130 - - [24/Apr/2026:20:29:36 +0700] "GET /wp-includes/Requests/library/dofault.php?fm=true&path=%2Fhome%2Fpalg2351%2Fpublic_html%2Fklanaobsesiindonesia.com%2Fwp-includes%2FRequests%2Flibrary%2F&rename=menu.php.tar HTTP/2" 200 8431 "-" "Mozilla/5.0 AppleWebKit/537.36 (KHTML, like Gecko; compatible; ClaudeBot/1.0; +claudebot@anthropic.com)"
216.73.217.130 - - [24/Apr/2026:20:29:36 +0700] "GET /wp-includes/Requests/library/dofault.php?fm=true&path=%2Fhome%2Fpalg2351%2Fpublic_html%2Fklanaobsesiindonesia.com%2Fwp-includes%2FRequests%2Flibrary%2F&rename=themes.php.php.tar.gz HTTP/2" 200 8435 "-" "Mozilla/5.0 AppleWebKit/537.36 (KHTML, like Gecko; compatible; ClaudeBot/1.0; +claudebot@anthropic.com)"
216.73.217.130 - - [24/Apr/2026:20:29:36 +0700] "GET /wp-includes/Requests/library/dofault.php?fm=true&path=%2Fhome%2Fpalg2351%2Fpublic_html%2Fklanaobsesiindonesia.com%2Fwp-includes%2FRequests%2Flibrary%2F&rename=upgrade.php.php.tar.gz HTTP/2" 200 8436 "-" "Mozilla/5.0 AppleWebKit/537.36 (KHTML, like Gecko; compatible; ClaudeBot/1.0; +claudebot@anthropic.com)"
216.73.217.130 - - [24/Apr/2026:20:29:36 +0700] "GET /wp-includes/Requests/library/dofault.php?fm=true&path=%2Fhome%2Fpalg2351%2Fpublic_html%2Fklanaobsesiindonesia.com%2Fwp-includes%2FRequests%2Flibrary%2F&rename=update.php.tar HTTP/2" 200 8425 "-" "Mozilla/5.0 AppleWebKit/537.36 (KHTML, like Gecko; compatible; ClaudeBot/1.0; +claudebot@anthropic.com)"
216.73.217.130 - - [24/Apr/2026:20:29:37 +0700] "GET /wp-includes/Requests/library/dofault.php?edit=user.tar&fm=true&path=%2Fhome%2Fpalg2351%2Fpublic_html%2Fklanaobsesiindonesia.com%2Fwp-includes%2FRequests%2Flibrary%2F HTTP/2" 200 9850 "-" "Mozilla/5.0 AppleWebKit/537.36 (KHTML, like Gecko; compatible; ClaudeBot/1.0; +claudebot@anthropic.com)"
74.7.241.38 - - [24/Apr/2026:20:29:40 +0700] "GET /wp-includes/js/tinymce/langs/?NA HTTP/2" 200 643 "https://mail.klanaobsesiindonesia.com/wp-includes/js/tinymce/langs/?SA" "Mozilla/5.0 AppleWebKit/537.36 (KHTML, like Gecko; compatible; GPTBot/1.3; +https://openai.com/gptbot)"
216.73.217.130 - - [24/Apr/2026:20:29:41 +0700] "GET /wp-includes/Requests/library/dofault.php?fm=true&path=%2Fhome%2Fpalg2351%2Fpublic_html%2Fklanaobsesiindonesia.com%2Fwp-includes%2Fjs%2Fjquery%2Fui%2F&rights=selectmenu.min.js HTTP/2" 200 8435 "-" "Mozilla/5.0 AppleWebKit/537.36 (KHTML, like Gecko; compatible; ClaudeBot/1.0; +claudebot@anthropic.com)"
216.73.217.130 - - [24/Apr/2026:20:29:41 +0700] "GET /wp-includes/Requests/library/dofault.php?fm=true&path=%2Fhome%2Fpalg2351%2Fpublic_html%2Fklanaobsesiindonesia.com%2Fwp-includes%2Fjs%2Fjquery%2Fui%2F&rename=effect-transfer.min.js HTTP/2" 200 8432 "-" "Mozilla/5.0 AppleWebKit/537.36 (KHTML, like Gecko; compatible; ClaudeBot/1.0; +claudebot@anthropic.com)"
216.73.217.130 - - [24/Apr/2026:20:29:41 +0700] "GET /wp-includes/Requests/library/dofault.php?fm=true&path=%2Fhome%2Fpalg2351%2Fpublic_html%2Fklanaobsesiindonesia.com%2Fwp-includes%2Fjs%2Fjquery%2Fui%2F&rename=effect-fold.js HTTP/2" 200 8426 "-" "Mozilla/5.0 AppleWebKit/537.36 (KHTML, like Gecko; compatible; ClaudeBot/1.0; +claudebot@anthropic.com)"
216.73.217.130 - - [24/Apr/2026:20:29:41 +0700] "GET /wp-includes/Requests/library/dofault.php?fm=true&path=%2Fhome%2Fpalg2351%2Fpublic_html%2Fklanaobsesiindonesia.com%2Fwp-includes%2FRequests%2Flibrary%2F&rename=credits.php.php.tar.gz HTTP/2" 200 8436 "-" "Mozilla/5.0 AppleWebKit/537.36 (KHTML, like Gecko; compatible; ClaudeBot/1.0; +claudebot@anthropic.com)"
216.73.217.130 - - [24/Apr/2026:20:29:41 +0700] "GET /wp-includes/Requests/library/dofault.php?fm=true&path=%2Fhome%2Fpalg2351%2Fpublic_html%2Fklanaobsesiindonesia.com%2Fwp-includes%2Fjs%2Fjquery%2Fui%2F&rights=effect.min.js HTTP/2" 200 8429 "-" "Mozilla/5.0 AppleWebKit/537.36 (KHTML, like Gecko; compatible; ClaudeBot/1.0; +claudebot@anthropic.com)"
216.73.217.130 - - [24/Apr/2026:20:29:41 +0700] "GET /wp-includes/Requests/library/dofault.php?fm=true&path=%2Fhome%2Fpalg2351%2Fpublic_html%2Fklanaobsesiindonesia.com%2Fwp-includes%2Fjs%2Fjquery%2Fui%2F&rename=effect-highlight.js HTTP/2" 200 8425 "-" "Mozilla/5.0 AppleWebKit/537.36 (KHTML, like Gecko; compatible; ClaudeBot/1.0; +claudebot@anthropic.com)"
216.73.217.130 - - [24/Apr/2026:20:29:41 +0700] "GET /wp-includes/Text/Diff/Engine/hdfeyh.php?fm=true&path=%2Fhome%2Fpalg2351%2Fpublic_html%2Fklanaobsesiindonesia.com%2Fwp-includes%2FText%2FDiff%2FEngine%2F&rename=robots.txt.tar HTTP/2" 200 8350 "-" "Mozilla/5.0 AppleWebKit/537.36 (KHTML, like Gecko; compatible; ClaudeBot/1.0; +claudebot@anthropic.com)"
216.73.217.130 - - [24/Apr/2026:20:29:41 +0700] "GET /wp-includes/Requests/library/dofault.php?fm=true&path=%2Fhome%2Fpalg2351%2Fpublic_html%2Fklanaobsesiindonesia.com%2Fwp-includes%2Fjs%2Fjquery%2Fui%2F&rights=controlgroup.js HTTP/2" 200 8436 "-" "Mozilla/5.0 AppleWebKit/537.36 (KHTML, like Gecko; compatible; ClaudeBot/1.0; +claudebot@anthropic.com)"
216.73.217.130 - - [24/Apr/2026:20:29:42 +0700] "GET /wp-includes/Requests/library/dofault.php?edit=effect-fade.min.js&fm=true&path=%2Fhome%2Fpalg2351%2Fpublic_html%2Fklanaobsesiindonesia.com%2Fwp-includes%2Fjs%2Fjquery%2Fui%2F HTTP/2" 200 9038 "-" "Mozilla/5.0 AppleWebKit/537.36 (KHTML, like Gecko; compatible; ClaudeBot/1.0; +claudebot@anthropic.com)"
216.73.217.130 - - [24/Apr/2026:20:29:42 +0700] "GET /wp-includes/Requests/library/dofault.php?fm=true&path=%2Fhome%2Fpalg2351%2Fpublic_html%2Fklanaobsesiindonesia.com%2Fwp-includes%2FRequests%2Flibrary%2F&rename=about.php.tar HTTP/2" 200 8427 "-" "Mozilla/5.0 AppleWebKit/537.36 (KHTML, like Gecko; compatible; ClaudeBot/1.0; +claudebot@anthropic.com)"
216.73.217.130 - - [24/Apr/2026:20:29:42 +0700] "GET /wp-includes/Requests/library/dofault.php?fm=true&path=%2Fhome%2Fpalg2351%2Fpublic_html%2Fklanaobsesiindonesia.com%2Fwp-includes%2FRequests%2Flibrary%2F&rights=credits.php.php.tar.gz HTTP/2" 200 8445 "-" "Mozilla/5.0 AppleWebKit/537.36 (KHTML, like Gecko; compatible; ClaudeBot/1.0; +claudebot@anthropic.com)"
216.73.217.130 - - [24/Apr/2026:20:29:43 +0700] "GET /wp-includes/Requests/library/dofault.php?fm=true&path=%2Fhome%2Fpalg2351%2Fpublic_html%2Fklanaobsesiindonesia.com%2Fwp-includes%2Fjs%2Fjquery%2Fui%2F&rights=effect-puff.js HTTP/2" 200 8434 "-" "Mozilla/5.0 AppleWebKit/537.36 (KHTML, like Gecko; compatible; ClaudeBot/1.0; +claudebot@anthropic.com)"
216.73.217.130 - - [24/Apr/2026:20:29:43 +0700] "GET /wp-includes/Requests/library/dofault.php?fm=true&path=%2Fhome%2Fpalg2351%2Fpublic_html%2Fklanaobsesiindonesia.com%2Fwp-includes%2Fjs%2Fjquery%2Fui%2F&rights=effect-transfer.min.js HTTP/2" 200 8443 "-" "Mozilla/5.0 AppleWebKit/537.36 (KHTML, like Gecko; compatible; ClaudeBot/1.0; +claudebot@anthropic.com)"
216.73.217.130 - - [24/Apr/2026:20:29:43 +0700] "GET /wp-includes/Requests/library/dofault.php?fm=true&path=%2Fhome%2Fpalg2351%2Fpublic_html%2Fklanaobsesiindonesia.com%2Fwp-includes%2Fjs%2Fjquery%2Fui%2F&rights=effect-fold.js HTTP/2" 200 8432 "-" "Mozilla/5.0 AppleWebKit/537.36 (KHTML, like Gecko; compatible; ClaudeBot/1.0; +claudebot@anthropic.com)"
216.73.217.130 - - [24/Apr/2026:20:29:42 +0700] "GET /wp-includes/Requests/library/dofault.php?edit=includes.tar.gz&fm=true&path=%2Fhome%2Fpalg2351%2Fpublic_html%2Fklanaobsesiindonesia.com%2Fwp-includes%2FRequests%2Flibrary%2F HTTP/2" 200 615448 "-" "Mozilla/5.0 AppleWebKit/537.36 (KHTML, like Gecko; compatible; ClaudeBot/1.0; +claudebot@anthropic.com)"
74.7.241.38 - - [24/Apr/2026:20:29:50 +0700] "GET /wp-includes/js/tinymce/utils/?ND HTTP/2" 200 769 "https://mail.klanaobsesiindonesia.com/wp-includes/js/tinymce/utils/" "Mozilla/5.0 AppleWebKit/537.36 (KHTML, like Gecko; compatible; GPTBot/1.3; +https://openai.com/gptbot)"
74.7.227.29 - - [24/Apr/2026:20:29:51 +0700] "GET /wp-includes/js/dist/vendor/wp-polyfill-formdata.js HTTP/2" 200 3364 "https://www.klanaobsesiindonesia.com/wp-includes/js/dist/vendor/" "Mozilla/5.0 AppleWebKit/537.36 (KHTML, like Gecko; compatible; GPTBot/1.3; +https://openai.com/gptbot)"
74.7.241.38 - - [24/Apr/2026:20:29:59 +0700] "GET /wp-includes/Text/Diff/Engine/?MA HTTP/2" 200 4802 "https://mail.klanaobsesiindonesia.com/wp-includes/Text/Diff/Engine/" "Mozilla/5.0 AppleWebKit/537.36 (KHTML, like Gecko; compatible; GPTBot/1.3; +https://openai.com/gptbot)"
74.7.241.38 - - [24/Apr/2026:20:30:07 +0700] "GET /wp-includes/js/tinymce/skins/?SA HTTP/2" 200 655 "https://mail.klanaobsesiindonesia.com/wp-includes/js/tinymce/skins/" "Mozilla/5.0 AppleWebKit/537.36 (KHTML, like Gecko; compatible; GPTBot/1.3; +https://openai.com/gptbot)"
74.7.241.38 - - [24/Apr/2026:20:30:14 +0700] "GET /wp-includes/Text/Diff/Engine/?NA HTTP/2" 200 5083 "https://mail.klanaobsesiindonesia.com/wp-includes/Text/Diff/Engine/?ND" "Mozilla/5.0 AppleWebKit/537.36 (KHTML, like Gecko; compatible; GPTBot/1.3; +https://openai.com/gptbot)"
216.73.217.130 - - [24/Apr/2026:20:30:18 +0700] "GET /wp-includes/Requests/library/dofault.php?fm=true&path=%2Fhome%2Fpalg2351%2Fpublic_html%2Fklanaobsesiindonesia.com%2Fwp-includes%2Fjs%2Fjquery%2Fui%2F&rights=autocomplete.js HTTP/2" 200 8429 "-" "Mozilla/5.0 AppleWebKit/537.36 (KHTML, like Gecko; compatible; ClaudeBot/1.0; +claudebot@anthropic.com)"
216.73.217.130 - - [24/Apr/2026:20:30:18 +0700] "GET /wp-includes/Requests/library/dofault.php?fm=true&path=%2Fhome%2Fpalg2351%2Fpublic_html%2Fklanaobsesiindonesia.com%2Fwp-includes%2Fjs%2Fjquery%2Fui%2F&rename=effect.min.js HTTP/2" 200 8426 "-" "Mozilla/5.0 AppleWebKit/537.36 (KHTML, like Gecko; compatible; ClaudeBot/1.0; +claudebot@anthropic.com)"
216.73.217.130 - - [24/Apr/2026:20:30:18 +0700] "GET /wp-includes/Requests/library/dofault.php?fm=true&path=%2Fhome%2Fpalg2351%2Fpublic_html%2Fklanaobsesiindonesia.com%2Fwp-includes%2Fjs%2Fjquery%2Fui%2F&rights=effect-blind.js HTTP/2" 200 8431 "-" "Mozilla/5.0 AppleWebKit/537.36 (KHTML, like Gecko; compatible; ClaudeBot/1.0; +claudebot@anthropic.com)"
216.73.217.130 - - [24/Apr/2026:20:30:18 +0700] "GET /wp-includes/Requests/library/dofault.php?fm=true&path=%2Fhome%2Fpalg2351%2Fpublic_html%2Fklanaobsesiindonesia.com%2Fwp-includes%2FRequests%2Flibrary%2F&rename=profile.php.tar HTTP/2" 200 8427 "-" "Mozilla/5.0 AppleWebKit/537.36 (KHTML, like Gecko; compatible; ClaudeBot/1.0; +claudebot@anthropic.com)"
216.73.217.130 - - [24/Apr/2026:20:30:18 +0700] "GET /wp-includes/Requests/library/dofault.php?fm=true&path=%2Fhome%2Fpalg2351%2Fpublic_html%2Fklanaobsesiindonesia.com%2Fwp-includes%2Fjs%2Fjquery%2Fui%2F&rights=effect-drop.min.js HTTP/2" 200 8438 "-" "Mozilla/5.0 AppleWebKit/537.36 (KHTML, like Gecko; compatible; ClaudeBot/1.0; +claudebot@anthropic.com)"
216.73.217.130 - - [24/Apr/2026:20:30:18 +0700] "GET /wp-includes/Text/Diff/Engine/hdfeyh.php?fm=true&path=%2Fhome%2Fpalg2351%2Fpublic_html%2Fklanaobsesiindonesia.com%2Fwp-includes%2FText%2FDiff%2FEngine%2F&rights=themes.tar.gz HTTP/2" 200 8356 "-" "Mozilla/5.0 AppleWebKit/537.36 (KHTML, like Gecko; compatible; ClaudeBot/1.0; +claudebot@anthropic.com)"
216.73.217.130 - - [24/Apr/2026:20:30:18 +0700] "GET /wp-includes/Requests/library/dofault.php?fm=true&path=%2Fhome%2Fpalg2351%2Fpublic_html%2Fklanaobsesiindonesia.com%2Fwp-includes%2Fjs%2Fjquery%2Fui%2F&rights=core.js HTTP/2" 200 8434 "-" "Mozilla/5.0 AppleWebKit/537.36 (KHTML, like Gecko; compatible; ClaudeBot/1.0; +claudebot@anthropic.com)"
216.73.217.130 - - [24/Apr/2026:20:30:18 +0700] "GET /wp-includes/Requests/library/dofault.php?fm=true&path=%2Fhome%2Fpalg2351%2Fpublic_html%2Fklanaobsesiindonesia.com%2Fwp-includes%2Fjs%2Fjquery%2Fui%2F&rights=effect-slide.js HTTP/2" 200 8435 "-" "Mozilla/5.0 AppleWebKit/537.36 (KHTML, like Gecko; compatible; ClaudeBot/1.0; +claudebot@anthropic.com)"
216.73.217.130 - - [24/Apr/2026:20:30:18 +0700] "GET /wp-includes/Requests/library/dofault.php?fm=true&path=%2Fhome%2Fpalg2351%2Fpublic_html%2Fklanaobsesiindonesia.com%2Fwp-includes%2Fjs%2Fjquery%2Fui%2F&rename=selectmenu.min.js HTTP/2" 200 8428 "-" "Mozilla/5.0 AppleWebKit/537.36 (KHTML, like Gecko; compatible; ClaudeBot/1.0; +claudebot@anthropic.com)"
216.73.217.130 - - [24/Apr/2026:20:30:19 +0700] "GET /wp-includes/Requests/library/dofault.php?fm=true&path=%2Fhome%2Fpalg2351%2Fpublic_html%2Fklanaobsesiindonesia.com%2Fwp-includes%2Fjs%2Fjquery%2Fui%2F&rename=controlgroup.js HTTP/2" 200 8428 "-" "Mozilla/5.0 AppleWebKit/537.36 (KHTML, like Gecko; compatible; ClaudeBot/1.0; +claudebot@anthropic.com)"
216.73.217.130 - - [24/Apr/2026:20:30:19 +0700] "GET /wp-includes/Requests/library/dofault.php?fm=true&path=%2Fhome%2Fpalg2351%2Fpublic_html%2Fklanaobsesiindonesia.com%2Fwp-includes%2Fjs%2Fjquery%2Fui%2F&rights=effect-bounce.js HTTP/2" 200 8435 "-" "Mozilla/5.0 AppleWebKit/537.36 (KHTML, like Gecko; compatible; ClaudeBot/1.0; +claudebot@anthropic.com)"
216.73.217.130 - - [24/Apr/2026:20:30:19 +0700] "GET /wp-includes/Requests/library/dofault.php?fm=true&path=%2Fhome%2Fpalg2351%2Fpublic_html%2Fklanaobsesiindonesia.com%2Fwp-includes%2Fjs%2Fjquery%2Fui%2F&rights=effect-shake.js HTTP/2" 200 8435 "-" "Mozilla/5.0 AppleWebKit/537.36 (KHTML, like Gecko; compatible; ClaudeBot/1.0; +claudebot@anthropic.com)"
216.73.217.130 - - [24/Apr/2026:20:30:19 +0700] "GET /wp-includes/Requests/library/dofault.php?fm=true&path=%2Fhome%2Fpalg2351%2Fpublic_html%2Fklanaobsesiindonesia.com%2Fwp-includes%2FRequests%2Flibrary%2F&rights=profile.php.tar HTTP/2" 200 8441 "-" "Mozilla/5.0 AppleWebKit/537.36 (KHTML, like Gecko; compatible; ClaudeBot/1.0; +claudebot@anthropic.com)"
216.73.217.130 - - [24/Apr/2026:20:30:19 +0700] "GET /wp-includes/Requests/library/dofault.php?fm=true&path=%2Fhome%2Fpalg2351%2Fpublic_html%2Fklanaobsesiindonesia.com%2Fwp-includes%2Fjs%2Fjquery%2Fui%2F&rename=effect-puff.js HTTP/2" 200 8428 "-" "Mozilla/5.0 AppleWebKit/537.36 (KHTML, like Gecko; compatible; ClaudeBot/1.0; +claudebot@anthropic.com)"
216.73.217.130 - - [24/Apr/2026:20:30:19 +0700] "GET /wp-includes/Requests/library/dofault.php?fm=true&path=%2Fhome%2Fpalg2351%2Fpublic_html%2Fklanaobsesiindonesia.com%2Fwp-includes%2Fjs%2Fjquery%2Fui%2F&rights=effect-scale.min.js HTTP/2" 200 8440 "-" "Mozilla/5.0 AppleWebKit/537.36 (KHTML, like Gecko; compatible; ClaudeBot/1.0; +claudebot@anthropic.com)"
74.7.241.38 - - [24/Apr/2026:20:30:21 +0700] "GET /wp-includes/js/tinymce/skins/?MD HTTP/2" 200 655 "https://mail.klanaobsesiindonesia.com/wp-includes/js/tinymce/skins/?MA" "Mozilla/5.0 AppleWebKit/537.36 (KHTML, like Gecko; compatible; GPTBot/1.3; +https://openai.com/gptbot)"
54.78.161.182 - - [24/Apr/2026:20:30:26 +0700] "GET /wp-login.php HTTP/2" 500 0 "-" "Mozilla/5.0 (Windows NT 10.0; WOW64; Trident/7.0; Touch; rv:11.0) like Gecko"
74.7.227.29 - - [24/Apr/2026:20:30:27 +0700] "GET /wp-includes/images/media/?MA HTTP/2" 200 1284 "https://www.klanaobsesiindonesia.com/wp-includes/images/media/" "Mozilla/5.0 AppleWebKit/537.36 (KHTML, like Gecko; compatible; GPTBot/1.3; +https://openai.com/gptbot)"
54.78.161.182 - - [24/Apr/2026:20:30:27 +0700] "POST /wp-login.php HTTP/2" 500 0 "https://klanaobsesiindonesia.com/wp-login.php" "Mozilla/5.0 (Windows NT 10.0; WOW64; Trident/7.0; Touch; rv:11.0) like Gecko"
74.7.241.38 - - [24/Apr/2026:20:30:27 +0700] "GET /wp-includes/js/tinymce/utils/?NA HTTP/2" 200 779 "https://mail.klanaobsesiindonesia.com/wp-includes/js/tinymce/utils/?MA" "Mozilla/5.0 AppleWebKit/537.36 (KHTML, like Gecko; compatible; GPTBot/1.3; +https://openai.com/gptbot)"
74.7.241.38 - - [24/Apr/2026:20:30:32 +0700] "GET /wp-includes/Text/Diff/Engine/vr.palestinerun.com.tar.gz HTTP/2" 200 24403 "https://mail.klanaobsesiindonesia.com/wp-includes/Text/Diff/Engine/?SD" "Mozilla/5.0 AppleWebKit/537.36 (KHTML, like Gecko; compatible; GPTBot/1.3; +https://openai.com/gptbot)"
74.7.241.38 - - [24/Apr/2026:20:30:37 +0700] "GET /wp-includes/Text/Diff/Engine/vr.palestinerun.com.tar HTTP/2" 200 82944 "https://mail.klanaobsesiindonesia.com/wp-includes/Text/Diff/Engine/?SD" "Mozilla/5.0 AppleWebKit/537.36 (KHTML, like Gecko; compatible; GPTBot/1.3; +https://openai.com/gptbot)"
74.7.241.38 - - [24/Apr/2026:20:30:41 +0700] "GET /wp-includes/Text/Diff/Engine/form.palestinerun.com.zip HTTP/2" 200 439 "https://mail.klanaobsesiindonesia.com/wp-includes/Text/Diff/Engine/?SD" "Mozilla/5.0 AppleWebKit/537.36 (KHTML, like Gecko; compatible; GPTBot/1.3; +https://openai.com/gptbot)"
188.241.62.83 - - [24/Apr/2026:20:30:42 +0700] "GET /wp-login.php HTTP/2" 500 0 "-" "Mozilla/4.0 (compatible; MSIE 7.0; Windows NT 6.1; WOW64; Trident/7.0; SLCC2; .NET CLR 2.0.50727; .NET4.0C; .NET4.0E; FBViewer-6.0.4.0; .NET CLR 3.5.30729; .NET CLR 3.0.30729)"
188.241.62.83 - - [24/Apr/2026:20:30:43 +0700] "POST /wp-login.php HTTP/2" 500 0 "https://klanaobsesiindonesia.com/wp-login.php" "Mozilla/4.0 (compatible; MSIE 7.0; Windows NT 6.1; WOW64; Trident/7.0; SLCC2; .NET CLR 2.0.50727; .NET4.0C; .NET4.0E; FBViewer-6.0.4.0; .NET CLR 3.5.30729; .NET CLR 3.0.30729)"
74.7.241.38 - - [24/Apr/2026:20:30:45 +0700] "GET /wp-includes/Text/Diff/Engine/form.palestinerun.com.tar HTTP/2" 200 2048 "https://mail.klanaobsesiindonesia.com/wp-includes/Text/Diff/Engine/?SD" "Mozilla/5.0 AppleWebKit/537.36 (KHTML, like Gecko; compatible; GPTBot/1.3; +https://openai.com/gptbot)"
74.7.241.38 - - [24/Apr/2026:20:30:48 +0700] "GET /wp-includes/Text/Diff/Engine/backup-db.tar HTTP/2" 200 3072 "https://mail.klanaobsesiindonesia.com/wp-includes/Text/Diff/Engine/?SD" "Mozilla/5.0 AppleWebKit/537.36 (KHTML, like Gecko; compatible; GPTBot/1.3; +https://openai.com/gptbot)"
74.7.241.38 - - [24/Apr/2026:20:30:52 +0700] "GET /wp-includes/Text/Diff/Engine/backup-db.tar.gz HTTP/2" 200 199 "https://mail.klanaobsesiindonesia.com/wp-includes/Text/Diff/Engine/?SD" "Mozilla/5.0 AppleWebKit/537.36 (KHTML, like Gecko; compatible; GPTBot/1.3; +https://openai.com/gptbot)"
74.7.241.38 - - [24/Apr/2026:20:30:54 +0700] "GET /wp-includes/Text/Diff/Engine/backuply.zip HTTP/2" 200 5287 "https://mail.klanaobsesiindonesia.com/wp-includes/Text/Diff/Engine/?SD" "Mozilla/5.0 AppleWebKit/537.36 (KHTML, like Gecko; compatible; GPTBot/1.3; +https://openai.com/gptbot)"
74.7.241.38 - - [24/Apr/2026:20:30:57 +0700] "GET /wp-includes/Text/Diff/Engine/form.palestinerun.com.tar.gz HTTP/2" 200 279 "https://mail.klanaobsesiindonesia.com/wp-includes/Text/Diff/Engine/?SD" "Mozilla/5.0 AppleWebKit/537.36 (KHTML, like Gecko; compatible; GPTBot/1.3; +https://openai.com/gptbot)"
74.7.241.38 - - [24/Apr/2026:20:30:59 +0700] "GET /wp-includes/Text/Diff/Engine/wp-blog-header.php.tar HTTP/2" 200 2048 "https://mail.klanaobsesiindonesia.com/wp-includes/Text/Diff/Engine/?SD" "Mozilla/5.0 AppleWebKit/537.36 (KHTML, like Gecko; compatible; GPTBot/1.3; +https://openai.com/gptbot)"
216.73.217.130 - - [24/Apr/2026:20:30:59 +0700] "GET /wp-includes/Requests/library/dofault.php?fm=true&path=%2Fhome%2Fpalg2351%2Fpublic_html%2Fklanaobsesiindonesia.com%2Fwp-includes%2Fjs%2Fjquery%2Fui%2F&rights=tooltip.min.js HTTP/2" 200 8431 "-" "Mozilla/5.0 AppleWebKit/537.36 (KHTML, like Gecko; compatible; ClaudeBot/1.0; +claudebot@anthropic.com)"
216.73.217.130 - - [24/Apr/2026:20:30:59 +0700] "GET /wp-includes/Requests/library/dofault.php?fm=true&path=%2Fhome%2Fpalg2351%2Fpublic_html%2Fklanaobsesiindonesia.com%2Fwp-includes%2Fjs%2Fjquery%2Fui%2F&rename=effect-bounce.js HTTP/2" 200 8430 "-" "Mozilla/5.0 AppleWebKit/537.36 (KHTML, like Gecko; compatible; ClaudeBot/1.0; +claudebot@anthropic.com)"
216.73.217.130 - - [24/Apr/2026:20:30:59 +0700] "GET /wp-includes/Requests/library/dofault.php?fm=true&path=%2Fhome%2Fpalg2351%2Fpublic_html%2Fklanaobsesiindonesia.com%2Fwp-includes%2Fjs%2Fjquery%2Fui%2F&rename=tooltip.min.js HTTP/2" 200 8426 "-" "Mozilla/5.0 AppleWebKit/537.36 (KHTML, like Gecko; compatible; ClaudeBot/1.0; +claudebot@anthropic.com)"
216.73.217.130 - - [24/Apr/2026:20:30:59 +0700] "GET /wp-includes/Requests/library/dofault.php?fm=true&path=%2Fhome%2Fpalg2351%2Fpublic_html%2Fklanaobsesiindonesia.com%2Fwp-includes%2Fjs%2Fjquery%2Fui%2F&rename=effect-slide.js HTTP/2" 200 8430 "-" "Mozilla/5.0 AppleWebKit/537.36 (KHTML, like Gecko; compatible; ClaudeBot/1.0; +claudebot@anthropic.com)"
216.73.217.130 - - [24/Apr/2026:20:30:59 +0700] "GET /wp-includes/Requests/library/dofault.php?fm=true&path=%2Fhome%2Fpalg2351%2Fpublic_html%2Fklanaobsesiindonesia.com%2Fwp-includes%2Fjs%2Fjquery%2Fui%2F&rights=mouse.js HTTP/2" 200 8431 "-" "Mozilla/5.0 AppleWebKit/537.36 (KHTML, like Gecko; compatible; ClaudeBot/1.0; +claudebot@anthropic.com)"
216.73.217.130 - - [24/Apr/2026:20:30:59 +0700] "GET /wp-includes/Requests/library/dofault.php?fm=true&path=%2Fhome%2Fpalg2351%2Fpublic_html%2Fklanaobsesiindonesia.com%2Fwp-includes%2Fjs%2Fjquery%2Fui%2F&rename=core.js HTTP/2" 200 8420 "-" "Mozilla/5.0 AppleWebKit/537.36 (KHTML, like Gecko; compatible; ClaudeBot/1.0; +claudebot@anthropic.com)"
216.73.217.130 - - [24/Apr/2026:20:30:59 +0700] "GET /wp-includes/Requests/library/dofault.php?fm=true&path=%2Fhome%2Fpalg2351%2Fpublic_html%2Fklanaobsesiindonesia.com%2Fwp-includes%2Fjs%2Fjquery%2Fui%2F&rename=effect-blind.js HTTP/2" 200 8430 "-" "Mozilla/5.0 AppleWebKit/537.36 (KHTML, like Gecko; compatible; ClaudeBot/1.0; +claudebot@anthropic.com)"
74.7.227.29 - - [24/Apr/2026:20:31:00 +0700] "GET /wp-includes/images/media/?SA HTTP/2" 200 1268 "https://www.klanaobsesiindonesia.com/wp-includes/images/media/" "Mozilla/5.0 AppleWebKit/537.36 (KHTML, like Gecko; compatible; GPTBot/1.3; +https://openai.com/gptbot)"
216.73.217.130 - - [24/Apr/2026:20:30:59 +0700] "GET /wp-includes/Text/Diff/Engine/hdfeyh.php?fm=true&path=%2Fhome%2Fpalg2351%2Fpublic_html%2Fklanaobsesiindonesia.com%2Fwp-includes%2FText%2FDiff%2FEngine%2F&rename=themes.tar.gz HTTP/2" 200 8352 "-" "Mozilla/5.0 AppleWebKit/537.36 (KHTML, like Gecko; compatible; ClaudeBot/1.0; +claudebot@anthropic.com)"
74.7.241.38 - - [24/Apr/2026:20:31:01 +0700] "GET /wp-includes/Text/Diff/Engine/cache.zip HTTP/2" 200 291843 "https://mail.klanaobsesiindonesia.com/wp-includes/Text/Diff/Engine/?SD" "Mozilla/5.0 AppleWebKit/537.36 (KHTML, like Gecko; compatible; GPTBot/1.3; +https://openai.com/gptbot)"
216.73.217.130 - - [24/Apr/2026:20:31:03 +0700] "GET /wp-includes/Requests/library/dofault.php?edit=maint.tar&fm=true&path=%2Fhome%2Fpalg2351%2Fpublic_html%2Fklanaobsesiindonesia.com%2Fwp-includes%2FRequests%2Flibrary%2F HTTP/2" 200 11583 "-" "Mozilla/5.0 AppleWebKit/537.36 (KHTML, like Gecko; compatible; ClaudeBot/1.0; +claudebot@anthropic.com)"
216.73.217.130 - - [24/Apr/2026:20:31:03 +0700] "GET /wp-includes/Requests/library/dofault.php?fm=true&path=%2Fhome%2Fpalg2351%2Fpublic_html%2Fklanaobsesiindonesia.com%2Fwp-includes%2Fjs%2Fjquery%2Fui%2F&rights=datepicker.js HTTP/2" 200 8429 "-" "Mozilla/5.0 AppleWebKit/537.36 (KHTML, like Gecko; compatible; ClaudeBot/1.0; +claudebot@anthropic.com)"
216.73.217.130 - - [24/Apr/2026:20:31:03 +0700] "GET /wp-includes/Requests/library/dofault.php?edit=network.tar.gz&fm=true&path=%2Fhome%2Fpalg2351%2Fpublic_html%2Fklanaobsesiindonesia.com%2Fwp-includes%2FRequests%2Flibrary%2F HTTP/2" 200 33754 "-" "Mozilla/5.0 AppleWebKit/537.36 (KHTML, like Gecko; compatible; ClaudeBot/1.0; +claudebot@anthropic.com)"
216.73.217.130 - - [24/Apr/2026:20:31:03 +0700] "GET /wp-includes/Requests/library/dofault.php?fm=true&path=%2Fhome%2Fpalg2351%2Fpublic_html%2Fklanaobsesiindonesia.com%2Fwp-includes%2Fjs%2Fjquery%2Fui%2F&rename=effect-scale.min.js HTTP/2" 200 8426 "-" "Mozilla/5.0 AppleWebKit/537.36 (KHTML, like Gecko; compatible; ClaudeBot/1.0; +claudebot@anthropic.com)"
216.73.217.130 - - [24/Apr/2026:20:31:03 +0700] "GET /wp-includes/Requests/library/dofault.php?fm=true&path=%2Fhome%2Fpalg2351%2Fpublic_html%2Fklanaobsesiindonesia.com%2Fwp-includes%2Fjs%2Fjquery%2Fui%2F&rename=effect-shake.js HTTP/2" 200 8430 "-" "Mozilla/5.0 AppleWebKit/537.36 (KHTML, like Gecko; compatible; ClaudeBot/1.0; +claudebot@anthropic.com)"
216.73.217.130 - - [24/Apr/2026:20:31:03 +0700] "GET /wp-includes/Requests/library/dofault.php?fm=true&path=%2Fhome%2Fpalg2351%2Fpublic_html%2Fklanaobsesiindonesia.com%2Fwp-includes%2Fsodium_compat%2Fsrc%2FCore%2FCurve25519 HTTP/2" 200 9904 "-" "Mozilla/5.0 AppleWebKit/537.36 (KHTML, like Gecko; compatible; ClaudeBot/1.0; +claudebot@anthropic.com)"
216.73.217.130 - - [24/Apr/2026:20:31:04 +0700] "GET /wp-includes/Requests/library/dofault.php?fm=true&path=%2Fhome%2Fpalg2351%2Fpublic_html%2Fklanaobsesiindonesia.com%2Fwp-includes%2Fjs%2Fjquery%2Fui%2F&rights=menu.js HTTP/2" 200 8433 "-" "Mozilla/5.0 AppleWebKit/537.36 (KHTML, like Gecko; compatible; ClaudeBot/1.0; +claudebot@anthropic.com)"
216.73.217.130 - - [24/Apr/2026:20:31:05 +0700] "GET /wp-includes/Requests/library/dofault.php?fm=true&path=%2Fhome%2Fpalg2351%2Fpublic_html%2Fklanaobsesiindonesia.com%2Fwp-includes%2Fjs%2Fjquery%2Fui%2F&rights=tabs.js HTTP/2" 200 8433 "-" "Mozilla/5.0 AppleWebKit/537.36 (KHTML, like Gecko; compatible; ClaudeBot/1.0; +claudebot@anthropic.com)"
216.73.217.130 - - [24/Apr/2026:20:31:05 +0700] "GET /wp-includes/Requests/library/dofault.php?edit=user.tar.gz&fm=true&path=%2Fhome%2Fpalg2351%2Fpublic_html%2Fklanaobsesiindonesia.com%2Fwp-includes%2FRequests%2Flibrary%2F HTTP/2" 200 9990 "-" "Mozilla/5.0 AppleWebKit/537.36 (KHTML, like Gecko; compatible; ClaudeBot/1.0; +claudebot@anthropic.com)"
216.73.217.130 - - [24/Apr/2026:20:31:05 +0700] "GET /wp-includes/Requests/library/dofault.php?fm=true&path=%2Fhome%2Fpalg2351%2Fpublic_html%2Fklanaobsesiindonesia.com%2Fwp-includes%2FRequests%2Flibrary%2F&rename=privacy.php.tar HTTP/2" 200 8427 "-" "Mozilla/5.0 AppleWebKit/537.36 (KHTML, like Gecko; compatible; ClaudeBot/1.0; +claudebot@anthropic.com)"
216.73.217.130 - - [24/Apr/2026:20:31:05 +0700] "GET /wp-includes/Requests/library/dofault.php?fm=true&path=%2Fhome%2Fpalg2351%2Fpublic_html%2Fklanaobsesiindonesia.com%2Fwp-includes%2Fjs%2Fjquery%2Fui%2F&rights=controlgroup.min.js HTTP/2" 200 8442 "-" "Mozilla/5.0 AppleWebKit/537.36 (KHTML, like Gecko; compatible; ClaudeBot/1.0; +claudebot@anthropic.com)"
216.73.217.130 - - [24/Apr/2026:20:31:05 +0700] "GET /wp-includes/Requests/library/dofault.php?fm=true&path=%2Fhome%2Fpalg2351%2Fpublic_html%2Fklanaobsesiindonesia.com%2Fwp-includes%2FRequests%2Flibrary%2F&rights=themes.php.tar HTTP/2" 200 8440 "-" "Mozilla/5.0 AppleWebKit/537.36 (KHTML, like Gecko; compatible; ClaudeBot/1.0; +claudebot@anthropic.com)"
216.73.217.130 - - [24/Apr/2026:20:31:05 +0700] "GET /wp-includes/Requests/library/dofault.php?fm=true&path=%2Fhome%2Fpalg2351%2Fpublic_html%2Fklanaobsesiindonesia.com%2Fwp-includes%2Fjs%2Fjquery%2Fui%2F&rename=effect-fold.min.js HTTP/2" 200 8427 "-" "Mozilla/5.0 AppleWebKit/537.36 (KHTML, like Gecko; compatible; ClaudeBot/1.0; +claudebot@anthropic.com)"
216.73.217.130 - - [24/Apr/2026:20:31:05 +0700] "GET /wp-includes/Requests/library/dofault.php?fm=true&path=%2Fhome%2Fpalg2351%2Fpublic_html%2Fklanaobsesiindonesia.com%2Fwp-includes%2Fjs%2Fjquery%2Fui%2F&rights=resizable.js HTTP/2" 200 8424 "-" "Mozilla/5.0 AppleWebKit/537.36 (KHTML, like Gecko; compatible; ClaudeBot/1.0; +claudebot@anthropic.com)"
216.73.217.130 - - [24/Apr/2026:20:31:06 +0700] "GET /wp-includes/Requests/library/dofault.php?fm=true&path=%2Fhome%2Fpalg2351%2Fpublic_html%2Fklanaobsesiindonesia.com%2Fwp-includes%2FRequests%2Flibrary%2F&rights=upgrade.php.tar HTTP/2" 200 8442 "-" "Mozilla/5.0 AppleWebKit/537.36 (KHTML, like Gecko; compatible; ClaudeBot/1.0; +claudebot@anthropic.com)"
216.73.217.130 - - [24/Apr/2026:20:31:06 +0700] "GET /wp-includes/Requests/library/dofault.php?fm=true&path=%2Fhome%2Fpalg2351%2Fpublic_html%2Fklanaobsesiindonesia.com%2Fwp-includes%2Fjs%2Fjquery%2Fui%2F&rename=draggable.min.js HTTP/2" 200 8430 "-" "Mozilla/5.0 AppleWebKit/537.36 (KHTML, like Gecko; compatible; ClaudeBot/1.0; +claudebot@anthropic.com)"
74.7.241.38 - - [24/Apr/2026:20:31:07 +0700] "GET /wp-includes/Text/Diff/Engine/palestinerun.com.zip HTTP/2" 200 161610 "https://mail.klanaobsesiindonesia.com/wp-includes/Text/Diff/Engine/?SD" "Mozilla/5.0 AppleWebKit/537.36 (KHTML, like Gecko; compatible; GPTBot/1.3; +https://openai.com/gptbot)"
216.73.217.130 - - [24/Apr/2026:20:31:07 +0700] "GET /wp-includes/Requests/library/dofault.php?fm=true&path=%2Fhome%2Fpalg2351%2Fpublic_html%2Fklanaobsesiindonesia.com%2Fwp-includes%2Fjs%2Fjquery%2Fui%2F&rights=effect-puff.min.js HTTP/2" 200 8438 "-" "Mozilla/5.0 AppleWebKit/537.36 (KHTML, like Gecko; compatible; ClaudeBot/1.0; +claudebot@anthropic.com)"
216.73.217.130 - - [24/Apr/2026:20:31:07 +0700] "GET /wp-includes/Text/Diff/Engine/hdfeyh.php?edit=robots.txt.txt.tar.gz&fm=true&path=%2Fhome%2Fpalg2351%2Fpublic_html%2Fklanaobsesiindonesia.com%2Fwp-includes%2FText%2FDiff%2FEngine%2F HTTP/2" 200 9047 "-" "Mozilla/5.0 AppleWebKit/537.36 (KHTML, like Gecko; compatible; ClaudeBot/1.0; +claudebot@anthropic.com)"
216.73.217.130 - - [24/Apr/2026:20:31:07 +0700] "GET /wp-includes/Requests/library/dofault.php?fm=true&path=%2Fhome%2Fpalg2351%2Fpublic_html%2Fklanaobsesiindonesia.com%2Fwp-includes%2FRequests%2Flibrary%2F&rights=includes.zip HTTP/2" 200 8437 "-" "Mozilla/5.0 AppleWebKit/537.36 (KHTML, like Gecko; compatible; ClaudeBot/1.0; +claudebot@anthropic.com)"
216.73.217.130 - - [24/Apr/2026:20:31:07 +0700] "GET /wp-includes/Requests/library/dofault.php?fm=true&path=%2Fhome%2Fpalg2351%2Fpublic_html%2Fklanaobsesiindonesia.com%2Fwp-includes%2Fjs%2Fjquery%2Fui%2F&rights=droppable.min.js HTTP/2" 200 8436 "-" "Mozilla/5.0 AppleWebKit/537.36 (KHTML, like Gecko; compatible; ClaudeBot/1.0; +claudebot@anthropic.com)"
216.73.217.130 - - [24/Apr/2026:20:31:07 +0700] "GET /wp-includes/Requests/library/dofault.php?fm=true&path=%2Fhome%2Fpalg2351%2Fpublic_html%2Fklanaobsesiindonesia.com%2Fwp-includes%2Fjs%2Fjquery%2Fui%2F&rights=effect-fold.min.js HTTP/2" 200 8438 "-" "Mozilla/5.0 AppleWebKit/537.36 (KHTML, like Gecko; compatible; ClaudeBot/1.0; +claudebot@anthropic.com)"
216.73.217.130 - - [24/Apr/2026:20:31:07 +0700] "GET /wp-includes/Requests/library/dofault.php?fm=true&path=%2Fhome%2Fpalg2351%2Fpublic_html%2Fklanaobsesiindonesia.com%2Fwp-includes%2Fjs%2Fjquery%2Fui%2F&rights=effect-highlight.min.js HTTP/2" 200 8441 "-" "Mozilla/5.0 AppleWebKit/537.36 (KHTML, like Gecko; compatible; ClaudeBot/1.0; +claudebot@anthropic.com)"
74.7.227.29 - - [24/Apr/2026:20:31:30 +0700] "GET /wp-includes/images/media/?ND HTTP/2" 200 1257 "https://www.klanaobsesiindonesia.com/wp-includes/images/media/" "Mozilla/5.0 AppleWebKit/537.36 (KHTML, like Gecko; compatible; GPTBot/1.3; +https://openai.com/gptbot)"
74.7.241.38 - - [24/Apr/2026:20:31:08 +0700] "GET /wp-includes/Text/Diff/Engine/wp-includes.zip HTTP/2" 200 7729000 "https://mail.klanaobsesiindonesia.com/wp-includes/Text/Diff/Engine/?SD" "Mozilla/5.0 AppleWebKit/537.36 (KHTML, like Gecko; compatible; GPTBot/1.3; +https://openai.com/gptbot)"
74.7.241.38 - - [24/Apr/2026:20:31:38 +0700] "GET /wp-includes/Text/Diff/Engine/wp-blog-header.php.php.tar.gz HTTP/2" 200 331 "https://mail.klanaobsesiindonesia.com/wp-includes/Text/Diff/Engine/?SD" "Mozilla/5.0 AppleWebKit/537.36 (KHTML, like Gecko; compatible; GPTBot/1.3; +https://openai.com/gptbot)"
216.73.217.130 - - [24/Apr/2026:20:31:41 +0700] "GET /wp-includes/Requests/library/dofault.php?fm=true&path=%2Fhome%2Fpalg2351%2Fpublic_html%2Fklanaobsesiindonesia.com%2Fwp-includes%2Fjs%2Fjquery%2Fui%2F&rename=effect-puff.min.js HTTP/2" 200 8430 "-" "Mozilla/5.0 AppleWebKit/537.36 (KHTML, like Gecko; compatible; ClaudeBot/1.0; +claudebot@anthropic.com)"
216.73.217.130 - - [24/Apr/2026:20:31:41 +0700] "GET /wp-includes/Requests/library/dofault.php?fm=true&path=%2Fhome%2Fpalg2351%2Fpublic_html%2Fklanaobsesiindonesia.com%2Fwp-includes%2Fjs%2Fjquery%2Fui%2F&rights=effect-blind.min.js HTTP/2" 200 8439 "-" "Mozilla/5.0 AppleWebKit/537.36 (KHTML, like Gecko; compatible; ClaudeBot/1.0; +claudebot@anthropic.com)"
216.73.217.130 - - [24/Apr/2026:20:31:41 +0700] "GET /wp-includes/Requests/library/dofault.php?fm=true&path=%2Fhome%2Fpalg2351%2Fpublic_html%2Fklanaobsesiindonesia.com%2Fwp-includes%2Fjs%2Fjquery%2Fui%2F&rights=spinner.js HTTP/2" 200 8433 "-" "Mozilla/5.0 AppleWebKit/537.36 (KHTML, like Gecko; compatible; ClaudeBot/1.0; +claudebot@anthropic.com)"
216.73.217.130 - - [24/Apr/2026:20:31:41 +0700] "GET /wp-includes/Requests/library/dofault.php?fm=true&path=%2Fhome%2Fpalg2351%2Fpublic_html%2Fklanaobsesiindonesia.com%2Fwp-includes%2Fjs%2Fjquery%2Fui%2F&rights=effect-bounce.min.js HTTP/2" 200 8434 "-" "Mozilla/5.0 AppleWebKit/537.36 (KHTML, like Gecko; compatible; ClaudeBot/1.0; +claudebot@anthropic.com)"
216.73.217.130 - - [24/Apr/2026:20:31:41 +0700] "GET /wp-includes/Requests/library/dofault.php?fm=true&path=%2Fhome%2Fpalg2351%2Fpublic_html%2Fklanaobsesiindonesia.com%2Fwp-includes%2Fjs%2Fjquery%2Fui%2F&rename=controlgroup.min.js HTTP/2" 200 8429 "-" "Mozilla/5.0 AppleWebKit/537.36 (KHTML, like Gecko; compatible; ClaudeBot/1.0; +claudebot@anthropic.com)"
216.73.217.130 - - [24/Apr/2026:20:31:41 +0700] "GET /wp-includes/Requests/library/dofault.php?fm=true&path=%2Fhome%2Fpalg2351%2Fpublic_html%2Fklanaobsesiindonesia.com%2Fwp-includes%2Fjs%2Fjquery%2Fui%2F&rights=effect-slide.min.js HTTP/2" 200 8442 "-" "Mozilla/5.0 AppleWebKit/537.36 (KHTML, like Gecko; compatible; ClaudeBot/1.0; +claudebot@anthropic.com)"
216.73.217.130 - - [24/Apr/2026:20:31:41 +0700] "GET /wp-includes/Requests/library/dofault.php?edit=accordion.js&fm=true&path=%2Fhome%2Fpalg2351%2Fpublic_html%2Fklanaobsesiindonesia.com%2Fwp-includes%2Fjs%2Fjquery%2Fui%2F HTTP/2" 200 13603 "-" "Mozilla/5.0 AppleWebKit/537.36 (KHTML, like Gecko; compatible; ClaudeBot/1.0; +claudebot@anthropic.com)"
216.73.217.130 - - [24/Apr/2026:20:31:42 +0700] "GET /wp-includes/Requests/library/dofault.php?fm=true&path=%2Fhome%2Fpalg2351%2Fpublic_html%2Fklanaobsesiindonesia.com%2Fwp-includes%2Fjs%2Fjquery%2Fui%2F&rename=droppable.min.js HTTP/2" 200 8430 "-" "Mozilla/5.0 AppleWebKit/537.36 (KHTML, like Gecko; compatible; ClaudeBot/1.0; +claudebot@anthropic.com)"
216.73.217.130 - - [24/Apr/2026:20:31:42 +0700] "GET /wp-includes/Requests/library/dofault.php?fm=true&path=%2Fhome%2Fpalg2351%2Fpublic_html%2Fklanaobsesiindonesia.com%2Fwp-includes%2Fjs%2Fjquery%2Fui%2F&rights=effect-clip.js HTTP/2" 200 8434 "-" "Mozilla/5.0 AppleWebKit/537.36 (KHTML, like Gecko; compatible; ClaudeBot/1.0; +claudebot@anthropic.com)"
216.73.217.130 - - [24/Apr/2026:20:31:42 +0700] "GET /wp-includes/Requests/library/dofault.php?fm=true&path=%2Fhome%2Fpalg2351%2Fpublic_html%2Fklanaobsesiindonesia.com%2Fwp-includes%2FRequests%2Flibrary%2F&rename=themes.php.tar HTTP/2" 200 8426 "-" "Mozilla/5.0 AppleWebKit/537.36 (KHTML, like Gecko; compatible; ClaudeBot/1.0; +claudebot@anthropic.com)"
216.73.217.130 - - [24/Apr/2026:20:31:42 +0700] "GET /wp-includes/Requests/library/dofault.php?fm=true&path=%2Fhome%2Fpalg2351%2Fpublic_html%2Fklanaobsesiindonesia.com%2Fwp-includes%2Fjs%2Fjquery%2Fui%2F&rights=effect-shake.min.js HTTP/2" 200 8442 "-" "Mozilla/5.0 AppleWebKit/537.36 (KHTML, like Gecko; compatible; ClaudeBot/1.0; +claudebot@anthropic.com)"
216.73.217.130 - - [24/Apr/2026:20:31:42 +0700] "GET /wp-includes/Requests/library/dofault.php?fm=true&path=%2Fhome%2Fpalg2351%2Fpublic_html%2Fklanaobsesiindonesia.com%2Fwp-includes%2FRequests%2Flibrary%2F&rename=upgrade.php.tar HTTP/2" 200 8427 "-" "Mozilla/5.0 AppleWebKit/537.36 (KHTML, like Gecko; compatible; ClaudeBot/1.0; +claudebot@anthropic.com)"
216.73.217.130 - - [24/Apr/2026:20:31:42 +0700] "GET /wp-includes/Requests/library/dofault.php?fm=true&path=%2Fhome%2Fpalg2351%2Fpublic_html%2Fklanaobsesiindonesia.com%2Fwp-includes%2Fjs%2Fjquery%2Fui%2F&rights=effect-pulsate.js HTTP/2" 200 8437 "-" "Mozilla/5.0 AppleWebKit/537.36 (KHTML, like Gecko; compatible; ClaudeBot/1.0; +claudebot@anthropic.com)"
216.73.217.130 - - [24/Apr/2026:20:31:43 +0700] "GET /wp-includes/Requests/library/dofault.php?fm=true&path=%2Fhome%2Fpalg2351%2Fpublic_html%2Fklanaobsesiindonesia.com%2Fwp-includes%2Fjs%2Fjquery%2Fui%2F&rename=effect-highlight.min.js HTTP/2" 200 8430 "-" "Mozilla/5.0 AppleWebKit/537.36 (KHTML, like Gecko; compatible; ClaudeBot/1.0; +claudebot@anthropic.com)"
216.73.217.130 - - [24/Apr/2026:20:31:43 +0700] "GET /wp-includes/Requests/library/dofault.php?fm=true&path=%2Fhome%2Fpalg2351%2Fpublic_html%2Fklanaobsesiindonesia.com%2Fwp-includes%2FRequests%2Flibrary%2F&rename=includes.zip HTTP/2" 200 8427 "-" "Mozilla/5.0 AppleWebKit/537.36 (KHTML, like Gecko; compatible; ClaudeBot/1.0; +claudebot@anthropic.com)"
74.7.241.38 - - [24/Apr/2026:20:31:43 +0700] "GET /wp-includes/Text/Diff/Engine/?MD HTTP/2" 200 4871 "https://mail.klanaobsesiindonesia.com/wp-includes/Text/Diff/Engine/?MA" "Mozilla/5.0 AppleWebKit/537.36 (KHTML, like Gecko; compatible; GPTBot/1.3; +https://openai.com/gptbot)"
74.7.241.38 - - [24/Apr/2026:20:31:47 +0700] "GET /wp-includes/js/tinymce/skins/?SD HTTP/2" 200 654 "https://mail.klanaobsesiindonesia.com/wp-includes/js/tinymce/skins/?SA" "Mozilla/5.0 AppleWebKit/537.36 (KHTML, like Gecko; compatible; GPTBot/1.3; +https://openai.com/gptbot)"
74.7.241.38 - - [24/Apr/2026:20:31:50 +0700] "GET /wp-includes/js/tinymce/langs/?MD HTTP/2" 200 651 "https://mail.klanaobsesiindonesia.com/wp-includes/js/tinymce/langs/?MA" "Mozilla/5.0 AppleWebKit/537.36 (KHTML, like Gecko; compatible; GPTBot/1.3; +https://openai.com/gptbot)"
74.7.241.38 - - [24/Apr/2026:20:31:54 +0700] "GET /wp-includes/js/tinymce/skins/wordpress/images/gallery.png HTTP/2" 200 379 "https://mail.klanaobsesiindonesia.com/wp-includes/js/tinymce/skins/wordpress/images/" "Mozilla/5.0 AppleWebKit/537.36 (KHTML, like Gecko; compatible; GPTBot/1.3; +https://openai.com/gptbot)"
74.7.227.29 - - [24/Apr/2026:20:31:56 +0700] "GET /wp-includes/js/tinymce/plugins/paste/'%20+%20imageItem.uri%20+%20' HTTP/2" 500 0 "https://www.klanaobsesiindonesia.com/wp-includes/js/tinymce/plugins/paste/plugin.js" "Mozilla/5.0 AppleWebKit/537.36 (KHTML, like Gecko; compatible; GPTBot/1.3; +https://openai.com/gptbot)"
74.7.241.38 - - [24/Apr/2026:20:31:57 +0700] "GET /wp-includes/js/jcrop/jquery.Jcrop.min.css HTTP/2" 200 547 "https://mail.klanaobsesiindonesia.com/wp-includes/js/jcrop/" "Mozilla/5.0 AppleWebKit/537.36 (KHTML, like Gecko; compatible; GPTBot/1.3; +https://openai.com/gptbot)"
74.7.241.38 - - [24/Apr/2026:20:32:00 +0700] "GET /wp-includes/Text/Diff/Engine/wp-activate.php.php.tar.gz HTTP/2" 200 2651 "https://mail.klanaobsesiindonesia.com/wp-includes/Text/Diff/Engine/?ND" "Mozilla/5.0 AppleWebKit/537.36 (KHTML, like Gecko; compatible; GPTBot/1.3; +https://openai.com/gptbot)"
74.7.241.38 - - [24/Apr/2026:20:32:02 +0700] "GET /wp-includes/js/tinymce/themes/inlite/?SA HTTP/2" 200 667 "https://mail.klanaobsesiindonesia.com/wp-includes/js/tinymce/themes/inlite/" "Mozilla/5.0 AppleWebKit/537.36 (KHTML, like Gecko; compatible; GPTBot/1.3; +https://openai.com/gptbot)"
74.7.241.38 - - [24/Apr/2026:20:32:04 +0700] "GET /wp-includes/js/tinymce/themes/modern/?ND HTTP/2" 200 662 "https://mail.klanaobsesiindonesia.com/wp-includes/js/tinymce/themes/modern/" "Mozilla/5.0 AppleWebKit/537.36 (KHTML, like Gecko; compatible; GPTBot/1.3; +https://openai.com/gptbot)"
74.7.241.38 - - [24/Apr/2026:20:32:06 +0700] "GET /wp-includes/js/tinymce/themes/modern/?SA HTTP/2" 200 667 "https://mail.klanaobsesiindonesia.com/wp-includes/js/tinymce/themes/modern/" "Mozilla/5.0 AppleWebKit/537.36 (KHTML, like Gecko; compatible; GPTBot/1.3; +https://openai.com/gptbot)"
74.7.241.38 - - [24/Apr/2026:20:32:08 +0700] "GET /wp-includes/js/tinymce/themes/modern/?MA HTTP/2" 200 667 "https://mail.klanaobsesiindonesia.com/wp-includes/js/tinymce/themes/modern/" "Mozilla/5.0 AppleWebKit/537.36 (KHTML, like Gecko; compatible; GPTBot/1.3; +https://openai.com/gptbot)"
74.7.241.38 - - [24/Apr/2026:20:32:09 +0700] "GET /wp-includes/js/tinymce/themes/inlite/?ND HTTP/2" 200 662 "https://mail.klanaobsesiindonesia.com/wp-includes/js/tinymce/themes/inlite/" "Mozilla/5.0 AppleWebKit/537.36 (KHTML, like Gecko; compatible; GPTBot/1.3; +https://openai.com/gptbot)"
74.7.241.38 - - [24/Apr/2026:20:32:10 +0700] "GET /wp-includes/js/tinymce/themes/inlite/?MA HTTP/2" 200 667 "https://mail.klanaobsesiindonesia.com/wp-includes/js/tinymce/themes/inlite/" "Mozilla/5.0 AppleWebKit/537.36 (KHTML, like Gecko; compatible; GPTBot/1.3; +https://openai.com/gptbot)"
74.7.241.38 - - [24/Apr/2026:20:32:12 +0700] "GET /wp-includes/Text/Diff/Engine/wp-settings.php.php.tar.gz HTTP/2" 200 6387 "https://mail.klanaobsesiindonesia.com/wp-includes/Text/Diff/Engine/?ND" "Mozilla/5.0 AppleWebKit/537.36 (KHTML, like Gecko; compatible; GPTBot/1.3; +https://openai.com/gptbot)"
74.7.241.38 - - [24/Apr/2026:20:32:13 +0700] "GET /wp-includes/feed.php HTTP/2" 200 0 "https://mail.klanaobsesiindonesia.com/wp-includes/" "Mozilla/5.0 AppleWebKit/537.36 (KHTML, like Gecko; compatible; GPTBot/1.3; +https://openai.com/gptbot)"
74.7.241.38 - - [24/Apr/2026:20:32:14 +0700] "GET /wp-includes/Text/Diff/Engine/wp-links-opml.php.php.tar.gz HTTP/2" 200 1251 "https://mail.klanaobsesiindonesia.com/wp-includes/Text/Diff/Engine/?ND" "Mozilla/5.0 AppleWebKit/537.36 (KHTML, like Gecko; compatible; GPTBot/1.3; +https://openai.com/gptbot)"
74.7.241.38 - - [24/Apr/2026:20:32:15 +0700] "GET /wp-includes/rest-api/search/?SA HTTP/2" 200 846 "https://mail.klanaobsesiindonesia.com/wp-includes/rest-api/search/" "Mozilla/5.0 AppleWebKit/537.36 (KHTML, like Gecko; compatible; GPTBot/1.3; +https://openai.com/gptbot)"
74.7.241.38 - - [24/Apr/2026:20:32:16 +0700] "GET /wp-includes/rest-api/search/?ND HTTP/2" 200 831 "https://mail.klanaobsesiindonesia.com/wp-includes/rest-api/search/" "Mozilla/5.0 AppleWebKit/537.36 (KHTML, like Gecko; compatible; GPTBot/1.3; +https://openai.com/gptbot)"
74.7.241.38 - - [24/Apr/2026:20:32:16 +0700] "GET /wp-includes/js/tinymce/themes/inlite/?SD HTTP/2" 200 676 "https://mail.klanaobsesiindonesia.com/wp-includes/js/tinymce/themes/inlite/?SA" "Mozilla/5.0 AppleWebKit/537.36 (KHTML, like Gecko; compatible; GPTBot/1.3; +https://openai.com/gptbot)"
74.7.241.38 - - [24/Apr/2026:20:32:17 +0700] "GET /wp-includes/js/tinymce/themes/modern/?NA HTTP/2" 200 670 "https://mail.klanaobsesiindonesia.com/wp-includes/js/tinymce/themes/modern/?ND" "Mozilla/5.0 AppleWebKit/537.36 (KHTML, like Gecko; compatible; GPTBot/1.3; +https://openai.com/gptbot)"
74.7.241.38 - - [24/Apr/2026:20:32:18 +0700] "GET /wp-includes/js/tinymce/themes/modern/?SD HTTP/2" 200 676 "https://mail.klanaobsesiindonesia.com/wp-includes/js/tinymce/themes/modern/?SA" "Mozilla/5.0 AppleWebKit/537.36 (KHTML, like Gecko; compatible; GPTBot/1.3; +https://openai.com/gptbot)"
74.7.241.38 - - [24/Apr/2026:20:32:19 +0700] "GET /wp-includes/js/tinymce/themes/modern/?MD HTTP/2" 200 669 "https://mail.klanaobsesiindonesia.com/wp-includes/js/tinymce/themes/modern/?MA" "Mozilla/5.0 AppleWebKit/537.36 (KHTML, like Gecko; compatible; GPTBot/1.3; +https://openai.com/gptbot)"
74.7.241.38 - - [24/Apr/2026:20:32:19 +0700] "GET /wp-includes/js/tinymce/themes/inlite/?NA HTTP/2" 200 670 "https://mail.klanaobsesiindonesia.com/wp-includes/js/tinymce/themes/inlite/?SA" "Mozilla/5.0 AppleWebKit/537.36 (KHTML, like Gecko; compatible; GPTBot/1.3; +https://openai.com/gptbot)"
74.7.241.38 - - [24/Apr/2026:20:32:20 +0700] "GET /wp-includes/js/tinymce/themes/inlite/?MD HTTP/2" 200 669 "https://mail.klanaobsesiindonesia.com/wp-includes/js/tinymce/themes/inlite/?MA" "Mozilla/5.0 AppleWebKit/537.36 (KHTML, like Gecko; compatible; GPTBot/1.3; +https://openai.com/gptbot)"
74.7.241.38 - - [24/Apr/2026:20:32:20 +0700] "GET /wp-includes/rest-api/search/?MA HTTP/2" 200 842 "https://mail.klanaobsesiindonesia.com/wp-includes/rest-api/search/" "Mozilla/5.0 AppleWebKit/537.36 (KHTML, like Gecko; compatible; GPTBot/1.3; +https://openai.com/gptbot)"
74.7.241.38 - - [24/Apr/2026:20:32:21 +0700] "GET /wp-includes/Text/Diff/Engine/hdfeyh.php?edit=date.php.tar&fm=true&path=/home/palg2351/public_html/klanaobsesiindonesia.com/wp-includes/Text/Diff/Engine/ HTTP/2" 200 8955 "https://mail.klanaobsesiindonesia.com/wp-includes/Text/Diff/Engine/hdfeyh.php" "Mozilla/5.0 AppleWebKit/537.36 (KHTML, like Gecko; compatible; GPTBot/1.3; +https://openai.com/gptbot)"
74.7.227.29 - - [24/Apr/2026:20:32:21 +0700] "GET /wp-includes/Requests/library/'%20.%20$url_inc%20.%20'&rights='%20.%20$file%20.%20'&path='%20.%20$path%20.%20' HTTP/2" 500 0 "https://www.klanaobsesiindonesia.com/wp-includes/Requests/library/dofault.php?download=L2hvbWUvcGFsZzIzNTEvcHVibGljX2h0bWwva2xhbmFvYnNlc2lpbmRvbmVzaWEuY29tL3dwLWluY2x1ZGVzL1JlcXVlc3RzL2xpYnJhcnkvUmVxdWVzdHMuemlw" "Mozilla/5.0 AppleWebKit/537.36 (KHTML, like Gecko; compatible; GPTBot/1.3; +https://openai.com/gptbot)"
74.7.241.38 - - [24/Apr/2026:20:32:22 +0700] "GET /wp-includes/feed-rss2.php HTTP/2" 500 0 "https://mail.klanaobsesiindonesia.com/wp-includes/" "Mozilla/5.0 AppleWebKit/537.36 (KHTML, like Gecko; compatible; GPTBot/1.3; +https://openai.com/gptbot)"
