File manager - Edit - /usr/local/apache/domlogs/palg2351/anakbundaistimewa.com.palestinerun.com-ssl_log
Back
45.92.229.221 - - [24/Apr/2026:19:10:01 +0700] "POST /wp-login.php HTTP/1.1" 200 7712 "-" "Mozilla/5.0"
202.10.43.50 - - [24/Apr/2026:19:10:02 +0700] "POST /wp-cron.php?doing_wp_cron=1777032602.3105978965759277343750 HTTP/1.1" 200 0 "-" "WordPress/6.9.4; https://anakbundaistimewa.com"
202.10.43.50 - - [24/Apr/2026:19:11:37 +0700] "POST /wp-cron.php?doing_wp_cron=1777032697.9335498809814453125000 HTTP/1.1" 200 0 "-" "WordPress/6.9.4; https://anakbundaistimewa.com"
209.87.169.249 - - [24/Apr/2026:19:11:37 +0700] "POST /wp-login.php HTTP/1.1" 200 7712 "-" "Mozilla/5.0"
109.228.52.205 - - [24/Apr/2026:19:11:44 +0700] "POST /wp-login.php HTTP/1.1" 200 2654 "-" "Mozilla/5.0 (Windows NT 10.0; rv:144.0) Gecko/20100101 Firefox/144.0"
202.10.43.50 - - [24/Apr/2026:19:13:19 +0700] "POST /wp-cron.php?doing_wp_cron=1777032799.7303509712219238281250 HTTP/1.1" 200 0 "-" "WordPress/6.9.4; https://anakbundaistimewa.com"
173.239.218.81 - - [24/Apr/2026:19:13:19 +0700] "POST /wp-login.php HTTP/1.1" 200 7712 "-" "Mozilla/5.0"
192.175.111.235 - - [24/Apr/2026:19:17:50 +0700] "GET / HTTP/2" 200 0 "-" "Mozilla/5.0 (Windows NT 10.0; Win64; x64) AppleWebKit/537.36 (KHTML, like Gecko) Chrome/146.0.0.0 Safari/537.36"
202.10.43.50 - - [24/Apr/2026:19:18:53 +0700] "POST /wp-cron.php?doing_wp_cron=1777033133.0723390579223632812500 HTTP/1.1" 200 0 "-" "WordPress/6.9.4; https://anakbundaistimewa.com"
45.92.229.210 - - [24/Apr/2026:19:18:52 +0700] "POST /wp-login.php HTTP/1.1" 200 7712 "-" "Mozilla/5.0"
202.10.43.50 - - [24/Apr/2026:19:26:21 +0700] "POST /wp-cron.php?doing_wp_cron=1777033581.6845629215240478515625 HTTP/1.1" 200 0 "-" "WordPress/6.9.4; https://anakbundaistimewa.com"
209.87.169.72 - - [24/Apr/2026:19:26:20 +0700] "POST /wp-login.php HTTP/1.1" 200 7712 "-" "Mozilla/5.0"
202.10.43.50 - - [24/Apr/2026:19:27:50 +0700] "POST /wp-cron.php?doing_wp_cron=1777033670.2845180034637451171875 HTTP/1.1" 200 0 "-" "WordPress/6.9.4; https://anakbundaistimewa.com"
45.130.83.143 - - [24/Apr/2026:19:27:49 +0700] "POST /wp-login.php HTTP/1.1" 200 7712 "-" "Mozilla/5.0"
66.249.71.1 - - [24/Apr/2026:19:33:34 +0700] "GET /robots.txt HTTP/1.1" 200 135 "-" "Mozilla/5.0 (compatible; Googlebot/2.1; +http://www.google.com/bot.html)"
66.249.65.32 - - [24/Apr/2026:19:33:35 +0700] "GET /items/R610484593 HTTP/1.1" 200 22518 "-" "Mozilla/5.0 (Linux; Android 6.0.1; Nexus 5X Build/MMB29P) AppleWebKit/537.36 (KHTML, like Gecko) Chrome/146.0.7680.177 Mobile Safari/537.36 (compatible; GoogleOther)"
202.10.43.50 - - [24/Apr/2026:19:36:59 +0700] "POST /wp-cron.php?doing_wp_cron=1777034219.6698811054229736328125 HTTP/1.1" 200 0 "-" "WordPress/6.9.4; https://anakbundaistimewa.com"
45.130.83.149 - - [24/Apr/2026:19:36:58 +0700] "POST /wp-login.php HTTP/1.1" 200 7712 "-" "Mozilla/5.0"
66.249.65.32 - - [24/Apr/2026:19:37:08 +0700] "GET /items/R579402997 HTTP/1.1" 200 22938 "-" "Mozilla/5.0 (Linux; Android 6.0.1; Nexus 5X Build/MMB29P) AppleWebKit/537.36 (KHTML, like Gecko) Chrome/146.0.7680.177 Mobile Safari/537.36 (compatible; GoogleOther)"
141.94.27.49 - - [24/Apr/2026:19:38:37 +0700] "POST /wp-login.php HTTP/1.1" 403 1738 "-" "Mozilla/5.0 (Windows NT 10.0; WOW64) AppleWebKit/537.36 (KHTML, like Gecko) Chrome/138.0.0.0 Safari/537.36 Edg/138.0.0.0"
66.249.71.9 - - [24/Apr/2026:19:40:43 +0700] "GET /items/R596694019 HTTP/1.1" 200 23370 "-" "Mozilla/5.0 (Linux; Android 6.0.1; Nexus 5X Build/MMB29P) AppleWebKit/537.36 (KHTML, like Gecko) Chrome/146.0.7680.177 Mobile Safari/537.36 (compatible; GoogleOther)"
202.10.43.50 - - [24/Apr/2026:19:41:15 +0700] "POST /wp-cron.php?doing_wp_cron=1777034475.6210598945617675781250 HTTP/1.1" 200 0 "-" "WordPress/6.9.4; https://anakbundaistimewa.com"
209.87.169.51 - - [24/Apr/2026:19:41:15 +0700] "POST /wp-login.php HTTP/1.1" 200 7712 "-" "Mozilla/5.0"
66.249.71.1 - - [24/Apr/2026:19:44:17 +0700] "GET /items/R585902511 HTTP/1.1" 200 23443 "-" "Mozilla/5.0 (Linux; Android 6.0.1; Nexus 5X Build/MMB29P) AppleWebKit/537.36 (KHTML, like Gecko) Chrome/146.0.7680.177 Mobile Safari/537.36 (compatible; GoogleOther)"
202.10.43.50 - - [24/Apr/2026:19:45:59 +0700] "POST /wp-cron.php?doing_wp_cron=1777034758.9715540409088134765625 HTTP/1.1" 200 0 "-" "WordPress/6.9.4; https://anakbundaistimewa.com"
45.130.83.121 - - [24/Apr/2026:19:45:54 +0700] "POST /wp-login.php HTTP/1.1" 200 7712 "-" "Mozilla/5.0"
202.10.43.50 - - [24/Apr/2026:19:54:51 +0700] "POST /wp-cron.php?doing_wp_cron=1777035291.3112149238586425781250 HTTP/1.1" 200 0 "-" "WordPress/6.9.4; https://anakbundaistimewa.com"
45.130.83.145 - - [24/Apr/2026:19:54:50 +0700] "POST /wp-login.php HTTP/1.1" 200 7712 "-" "Mozilla/5.0"
202.10.43.50 - - [24/Apr/2026:19:56:07 +0700] "POST /wp-cron.php?doing_wp_cron=1777035367.7830300331115722656250 HTTP/1.1" 200 0 "-" "WordPress/6.9.4; https://anakbundaistimewa.com"
209.87.169.225 - - [24/Apr/2026:19:56:06 +0700] "POST /wp-login.php HTTP/1.1" 200 7712 "-" "Mozilla/5.0"
66.249.65.45 - - [24/Apr/2026:19:59:34 +0700] "GET /items/R584516231 HTTP/1.1" 200 23567 "-" "Mozilla/5.0 (Linux; Android 6.0.1; Nexus 5X Build/MMB29P) AppleWebKit/537.36 (KHTML, like Gecko) Chrome/146.0.7680.177 Mobile Safari/537.36 (compatible; GoogleOther)"
66.132.186.189 - - [24/Apr/2026:20:00:17 +0700] "GET / HTTP/1.1" 200 0 "-" "Mozilla/5.0 (compatible; CensysInspect/1.1; +https://about.censys.io/)"
66.132.186.189 - - [24/Apr/2026:20:00:22 +0700] "GET /favicon.ico HTTP/1.1" 404 1251 "-" "Mozilla/5.0 (compatible; CensysInspect/1.1; +https://about.censys.io/)"
66.249.65.46 - - [24/Apr/2026:20:03:09 +0700] "GET /items/R571221579 HTTP/1.1" 200 23468 "-" "Mozilla/5.0 (Linux; Android 6.0.1; Nexus 5X Build/MMB29P) AppleWebKit/537.36 (KHTML, like Gecko) Chrome/146.0.7680.177 Mobile Safari/537.36 (compatible; GoogleOther)"
13.135.71.144 - - [24/Apr/2026:20:03:15 +0700] "GET / HTTP/1.1" 401 53 "-" "Mozilla/5.0 (X11; CrOS x86_64 14541.0.0) AppleWebKit/537.36 (KHTML, like Gecko) Chrome/133.0.0.0 Safari/537.36"
202.10.43.50 - - [24/Apr/2026:20:03:51 +0700] "POST /wp-cron.php?doing_wp_cron=1777035831.1734170913696289062500 HTTP/1.1" 200 0 "-" "WordPress/6.9.4; https://anakbundaistimewa.com"
45.130.83.132 - - [24/Apr/2026:20:03:48 +0700] "POST /wp-login.php HTTP/1.1" 200 7712 "-" "Mozilla/5.0"
66.249.65.45 - - [24/Apr/2026:20:06:43 +0700] "GET /items/R593212457 HTTP/1.1" 200 22999 "-" "Mozilla/5.0 (Linux; Android 6.0.1; Nexus 5X Build/MMB29P) AppleWebKit/537.36 (KHTML, like Gecko) Chrome/146.0.7680.177 Mobile Safari/537.36 (compatible; GoogleOther)"
66.249.71.9 - - [24/Apr/2026:20:10:17 +0700] "GET /items/R596145933 HTTP/1.1" 200 23386 "-" "Mozilla/5.0 (Linux; Android 6.0.1; Nexus 5X Build/MMB29P) AppleWebKit/537.36 (KHTML, like Gecko) Chrome/146.0.7680.177 Mobile Safari/537.36 (compatible; GoogleOther)"
202.10.43.50 - - [24/Apr/2026:20:12:54 +0700] "POST /wp-cron.php?doing_wp_cron=1777036374.4839010238647460937500 HTTP/1.1" 200 0 "-" "WordPress/6.9.4; https://anakbundaistimewa.com"
45.130.83.143 - - [24/Apr/2026:20:12:53 +0700] "POST /wp-login.php HTTP/1.1" 200 7712 "-" "Mozilla/5.0"
66.249.65.32 - - [24/Apr/2026:20:13:51 +0700] "GET /items/R601269835 HTTP/1.1" 200 24130 "-" "Mozilla/5.0 (Linux; Android 6.0.1; Nexus 5X Build/MMB29P) AppleWebKit/537.36 (KHTML, like Gecko) Chrome/146.0.7680.177 Mobile Safari/537.36 (compatible; GoogleOther)"
175.100.56.200 - - [24/Apr/2026:20:13:55 +0700] "GET /artikel/ HTTP/1.1" 200 0 "-" "Mozilla/5.0 (Windows NT 10.0; Win64; x64) AppleWebKit/537.36 (KHTML, like Gecko) Chrome/91.0.4472.102 Safari/537.36"
123.17.212.202 - - [24/Apr/2026:20:14:50 +0700] "GET /kontak/ HTTP/1.1" 200 0 "-" "Mozilla/5.0 (Macintosh; Intel Mac OS X 10_10_5) AppleWebKit/537.36 (KHTML, like Gecko) Chrome/87.0.4280.88 Safari/537.36"
202.10.43.50 - - [24/Apr/2026:20:17:48 +0700] "POST /wp-cron.php?doing_wp_cron=1777036668.8817451000213623046875 HTTP/1.1" 200 0 "-" "WordPress/6.9.4; https://anakbundaistimewa.com"
209.87.169.228 - - [24/Apr/2026:20:17:47 +0700] "POST /wp-login.php HTTP/1.1" 200 7712 "-" "Mozilla/5.0"
202.10.43.50 - - [24/Apr/2026:20:22:08 +0700] "POST /wp-cron.php?doing_wp_cron=1777036928.4808869361877441406250 HTTP/1.1" 200 0 "-" "WordPress/6.9.4; https://anakbundaistimewa.com"
45.130.83.121 - - [24/Apr/2026:20:22:06 +0700] "POST /wp-login.php HTTP/1.1" 200 7712 "-" "Mozilla/5.0"
202.10.43.50 - - [24/Apr/2026:20:29:27 +0700] "POST /wp-cron.php?doing_wp_cron=1777037367.3744850158691406250000 HTTP/1.1" 200 0 "-" "WordPress/6.9.4; https://anakbundaistimewa.com"
195.250.23.93 - - [24/Apr/2026:20:29:23 +0700] "POST /wp-login.php HTTP/1.1" 200 2655 "-" "Mozilla/5.0 (Windows NT 10.0; Win64; x64; rv:145.0) Gecko/20100101 Firefox/145.0"
202.10.43.50 - - [24/Apr/2026:20:31:09 +0700] "POST /wp-cron.php?doing_wp_cron=1777037469.7621240615844726562500 HTTP/1.1" 200 0 "-" "WordPress/6.9.4; https://anakbundaistimewa.com"
45.130.83.143 - - [24/Apr/2026:20:31:06 +0700] "POST /wp-login.php HTTP/1.1" 200 7712 "-" "Mozilla/5.0"
202.10.43.50 - - [24/Apr/2026:20:39:09 +0700] "POST /wp-cron.php?doing_wp_cron=1777037949.3949809074401855468750 HTTP/1.1" 200 0 "-" "WordPress/6.9.4; https://anakbundaistimewa.com"
47.129.56.43 - - [24/Apr/2026:20:39:08 +0700] "POST /wp-login.php HTTP/1.1" 200 7712 "-" "Mozilla/5.0"
202.10.43.50 - - [24/Apr/2026:20:40:04 +0700] "POST /wp-cron.php?doing_wp_cron=1777038004.3826889991760253906250 HTTP/1.1" 200 0 "-" "WordPress/6.9.4; https://anakbundaistimewa.com"
45.130.83.118 - - [24/Apr/2026:20:40:03 +0700] "POST /wp-login.php HTTP/1.1" 200 7712 "-" "Mozilla/5.0"
202.10.43.50 - - [24/Apr/2026:20:49:14 +0700] "POST /wp-cron.php?doing_wp_cron=1777038554.0803461074829101562500 HTTP/1.1" 200 0 "-" "WordPress/6.9.4; https://anakbundaistimewa.com"
45.92.229.210 - - [24/Apr/2026:20:49:11 +0700] "POST /wp-login.php HTTP/1.1" 200 7712 "-" "Mozilla/5.0"
212.125.4.206 - - [24/Apr/2026:20:50:06 +0700] "POST /wp-login.php HTTP/1.1" 200 2656 "-" "Mozilla/5.0 (Windows NT 10.0; WOW64) AppleWebKit/537.36 (KHTML, like Gecko) Chrome/142.0.0.0 Safari/537.36 Edg/142.0.0.0"
202.10.43.50 - - [24/Apr/2026:20:50:08 +0700] "POST /wp-cron.php?doing_wp_cron=1777038608.3681540489196777343750 HTTP/1.1" 200 0 "-" "WordPress/6.9.4; https://anakbundaistimewa.com"
202.10.43.50 - - [24/Apr/2026:20:54:45 +0700] "POST /wp-cron.php?doing_wp_cron=1777038885.2541539669036865234375 HTTP/1.1" 200 0 "-" "WordPress/6.9.4; https://anakbundaistimewa.com"
209.87.169.252 - - [24/Apr/2026:20:54:44 +0700] "POST /wp-login.php HTTP/1.1" 200 7712 "-" "Mozilla/5.0"
45.130.83.131 - - [24/Apr/2026:20:58:23 +0700] "POST /wp-login.php HTTP/1.1" 200 7712 "-" "Mozilla/5.0"
202.10.43.50 - - [24/Apr/2026:20:58:23 +0700] "POST /wp-cron.php?doing_wp_cron=1777039103.8867189884185791015625 HTTP/1.1" 200 0 "-" "WordPress/6.9.4; https://anakbundaistimewa.com"
16.52.43.24 - - [24/Apr/2026:21:01:29 +0700] "GET / HTTP/1.1" 401 53 "-" "Mozilla/5.0 (Windows NT 10.0; Win64; x64) AppleWebKit/537.36 (KHTML, like Gecko) Chrome/131.0.0.0 Safari/537.36"
16.52.43.24 - - [24/Apr/2026:21:01:29 +0700] "POST / HTTP/1.1" 401 53 "-" "Mozilla/5.0 (Windows NT 10.0; Win64; x64) AppleWebKit/537.36 (KHTML, like Gecko) Chrome/131.0.0.0 Safari/537.36"
16.52.43.24 - - [24/Apr/2026:21:01:29 +0700] "POST / HTTP/1.1" 401 53 "-" "Mozilla/5.0 (Windows NT 10.0; Win64; x64) AppleWebKit/537.36 (KHTML, like Gecko) Chrome/131.0.0.0 Safari/537.36"
16.52.43.24 - - [24/Apr/2026:21:01:30 +0700] "POST / HTTP/1.1" 401 53 "-" "Mozilla/5.0 (Windows NT 10.0; Win64; x64) AppleWebKit/537.36 (KHTML, like Gecko) Chrome/131.0.0.0 Safari/537.36"
52.63.49.208 - - [24/Apr/2026:21:03:05 +0700] "GET / HTTP/1.1" 200 0 "-" "Mozilla/5.0 (Macintosh; Intel Mac OS X 10_15_7) AppleWebKit/537.36 (KHTML, like Gecko) Chrome/131.0.0.0 Safari/537.36"
52.63.49.208 - - [24/Apr/2026:21:03:05 +0700] "POST / HTTP/1.1" 200 0 "-" "Mozilla/5.0 (Macintosh; Intel Mac OS X 10_15_7) AppleWebKit/537.36 (KHTML, like Gecko) Chrome/131.0.0.0 Safari/537.36"
52.63.49.208 - - [24/Apr/2026:21:03:05 +0700] "POST / HTTP/1.1" 200 0 "-" "Mozilla/5.0 (Macintosh; Intel Mac OS X 10_15_7) AppleWebKit/537.36 (KHTML, like Gecko) Chrome/131.0.0.0 Safari/537.36"
52.63.49.208 - - [24/Apr/2026:21:03:05 +0700] "POST / HTTP/1.1" 200 0 "-" "Mozilla/5.0 (Macintosh; Intel Mac OS X 10_15_7) AppleWebKit/537.36 (KHTML, like Gecko) Chrome/131.0.0.0 Safari/537.36"
52.63.49.208 - - [24/Apr/2026:21:03:06 +0700] "GET / HTTP/1.1" 200 0 "-" "Mozilla/5.0 (X11; Linux x86_64) AppleWebKit/537.36 (KHTML, like Gecko) Chrome/131.0.0.0 Safari/537.36"
52.63.49.208 - - [24/Apr/2026:21:03:06 +0700] "POST / HTTP/1.1" 200 0 "-" "Mozilla/5.0 (X11; Linux x86_64) AppleWebKit/537.36 (KHTML, like Gecko) Chrome/131.0.0.0 Safari/537.36"
52.63.49.208 - - [24/Apr/2026:21:03:06 +0700] "POST / HTTP/1.1" 200 0 "-" "Mozilla/5.0 (X11; Linux x86_64) AppleWebKit/537.36 (KHTML, like Gecko) Chrome/131.0.0.0 Safari/537.36"
52.63.49.208 - - [24/Apr/2026:21:03:06 +0700] "POST / HTTP/1.1" 200 0 "-" "Mozilla/5.0 (X11; Linux x86_64) AppleWebKit/537.36 (KHTML, like Gecko) Chrome/131.0.0.0 Safari/537.36"
3.96.43.51 - - [24/Apr/2026:21:03:48 +0700] "GET / HTTP/1.1" 401 53 "-" "Mozilla/5.0 (Windows NT 10.0; Win64; x64) AppleWebKit/537.36 (KHTML, like Gecko) Chrome/131.0.0.0 Safari/537.36"
3.96.43.51 - - [24/Apr/2026:21:03:48 +0700] "POST / HTTP/1.1" 401 53 "-" "Mozilla/5.0 (Windows NT 10.0; Win64; x64) AppleWebKit/537.36 (KHTML, like Gecko) Chrome/131.0.0.0 Safari/537.36"
3.96.43.51 - - [24/Apr/2026:21:03:49 +0700] "POST / HTTP/1.1" 401 53 "-" "Mozilla/5.0 (Windows NT 10.0; Win64; x64) AppleWebKit/537.36 (KHTML, like Gecko) Chrome/131.0.0.0 Safari/537.36"
3.96.43.51 - - [24/Apr/2026:21:03:49 +0700] "POST / HTTP/1.1" 401 53 "-" "Mozilla/5.0 (Windows NT 10.0; Win64; x64) AppleWebKit/537.36 (KHTML, like Gecko) Chrome/131.0.0.0 Safari/537.36"
3.96.33.3 - - [24/Apr/2026:21:04:42 +0700] "GET / HTTP/1.1" 200 12455 "-" "Mozilla/5.0 (Windows NT 10.0; Win64; x64) AppleWebKit/537.36 (KHTML, like Gecko) Chrome/131.0.0.0 Safari/537.36"
3.96.33.3 - - [24/Apr/2026:21:04:42 +0700] "POST / HTTP/1.1" 200 12454 "-" "Mozilla/5.0 (Windows NT 10.0; Win64; x64) AppleWebKit/537.36 (KHTML, like Gecko) Chrome/131.0.0.0 Safari/537.36"
3.96.33.3 - - [24/Apr/2026:21:04:43 +0700] "POST / HTTP/1.1" 200 12454 "-" "Mozilla/5.0 (Windows NT 10.0; Win64; x64) AppleWebKit/537.36 (KHTML, like Gecko) Chrome/131.0.0.0 Safari/537.36"
3.96.33.3 - - [24/Apr/2026:21:04:43 +0700] "POST / HTTP/1.1" 200 12452 "-" "Mozilla/5.0 (Windows NT 10.0; Win64; x64) AppleWebKit/537.36 (KHTML, like Gecko) Chrome/131.0.0.0 Safari/537.36"
202.10.43.50 - - [24/Apr/2026:21:07:38 +0700] "POST /wp-cron.php?doing_wp_cron=1777039658.4765560626983642578125 HTTP/1.1" 200 0 "-" "WordPress/6.9.4; https://anakbundaistimewa.com"
45.92.229.207 - - [24/Apr/2026:21:07:35 +0700] "POST /wp-login.php HTTP/1.1" 200 7712 "-" "Mozilla/5.0"
202.10.43.50 - - [24/Apr/2026:21:10:53 +0700] "POST /wp-cron.php?doing_wp_cron=1777039853.8717350959777832031250 HTTP/1.1" 200 0 "-" "WordPress/6.9.4; https://anakbundaistimewa.com"
209.87.169.40 - - [24/Apr/2026:21:10:50 +0700] "POST /wp-login.php HTTP/1.1" 200 7712 "-" "Mozilla/5.0"
34.241.32.255 - - [24/Apr/2026:21:13:24 +0700] "GET / HTTP/1.1" 200 0 "-" "Mozilla/5.0 (Macintosh; Intel Mac OS X 10_15_7) AppleWebKit/537.36 (KHTML, like Gecko) Chrome/131.0.0.0 Safari/537.36"
34.241.32.255 - - [24/Apr/2026:21:13:24 +0700] "POST / HTTP/1.1" 200 0 "-" "Mozilla/5.0 (Macintosh; Intel Mac OS X 10_15_7) AppleWebKit/537.36 (KHTML, like Gecko) Chrome/131.0.0.0 Safari/537.36"
34.241.32.255 - - [24/Apr/2026:21:13:24 +0700] "POST / HTTP/1.1" 200 0 "-" "Mozilla/5.0 (Macintosh; Intel Mac OS X 10_15_7) AppleWebKit/537.36 (KHTML, like Gecko) Chrome/131.0.0.0 Safari/537.36"
34.241.32.255 - - [24/Apr/2026:21:13:25 +0700] "POST / HTTP/1.1" 200 0 "-" "Mozilla/5.0 (Macintosh; Intel Mac OS X 10_15_7) AppleWebKit/537.36 (KHTML, like Gecko) Chrome/131.0.0.0 Safari/537.36"
202.10.43.50 - - [24/Apr/2026:21:13:56 +0700] "POST /wp-cron.php?doing_wp_cron=1777040036.1807010173797607421875 HTTP/1.1" 200 0 "-" "WordPress/6.9.4; https://anakbundaistimewa.com"
47.129.56.43 - - [24/Apr/2026:21:13:53 +0700] "POST /wp-login.php HTTP/1.1" 200 7712 "-" "Mozilla/5.0"
56.125.195.137 - - [24/Apr/2026:21:15:04 +0700] "GET / HTTP/1.1" 401 53 "-" "Mozilla/5.0 (Windows NT 10.0; Win64; x64) AppleWebKit/537.36 (KHTML, like Gecko) Chrome/131.0.0.0 Safari/537.36"
56.125.195.137 - - [24/Apr/2026:21:15:05 +0700] "POST / HTTP/1.1" 401 53 "-" "Mozilla/5.0 (Windows NT 10.0; Win64; x64) AppleWebKit/537.36 (KHTML, like Gecko) Chrome/131.0.0.0 Safari/537.36"
56.125.195.137 - - [24/Apr/2026:21:15:05 +0700] "POST / HTTP/1.1" 401 53 "-" "Mozilla/5.0 (Windows NT 10.0; Win64; x64) AppleWebKit/537.36 (KHTML, like Gecko) Chrome/131.0.0.0 Safari/537.36"
56.125.195.137 - - [24/Apr/2026:21:15:05 +0700] "POST / HTTP/1.1" 401 53 "-" "Mozilla/5.0 (Windows NT 10.0; Win64; x64) AppleWebKit/537.36 (KHTML, like Gecko) Chrome/131.0.0.0 Safari/537.36"
66.249.65.45 - - [24/Apr/2026:21:16:45 +0700] "GET /robots.txt HTTP/1.1" 200 135 "-" "Mozilla/5.0 (compatible; Googlebot/2.1; +http://www.google.com/bot.html)"
66.249.65.46 - - [24/Apr/2026:21:16:46 +0700] "GET /wp-content/uploads/2024/06/Picture5-1.png HTTP/1.1" 304 0 "-" "Googlebot-Image/1.0"
202.10.43.50 - - [24/Apr/2026:21:17:03 +0700] "POST /wp-cron.php?doing_wp_cron=1777040223.3680698871612548828125 HTTP/1.1" 200 0 "-" "WordPress/6.9.4; https://anakbundaistimewa.com"
45.130.83.129 - - [24/Apr/2026:21:16:59 +0700] "POST /wp-login.php HTTP/1.1" 200 7712 "-" "Mozilla/5.0"
109.74.14.122 - - [24/Apr/2026:21:17:40 +0700] "POST /wp-login.php HTTP/1.1" 200 2657 "-" "Mozilla/5.0 (Windows NT 10.0; WOW64; rv:140.0) Gecko/20100101 Firefox/140.0"
54.207.227.148 - - [24/Apr/2026:21:23:48 +0700] "GET / HTTP/1.1" 200 0 "-" "Mozilla/5.0 (X11; Linux x86_64) AppleWebKit/537.36 (KHTML, like Gecko) Chrome/131.0.0.0 Safari/537.36"
54.207.227.148 - - [24/Apr/2026:21:23:49 +0700] "GET / HTTP/1.1" 200 0 "-" "Mozilla/5.0 (X11; Linux x86_64) AppleWebKit/537.36 (KHTML, like Gecko) Chrome/131.0.0.0 Safari/537.36"
54.207.227.148 - - [24/Apr/2026:21:23:49 +0700] "POST / HTTP/1.1" 200 0 "-" "Mozilla/5.0 (X11; Linux x86_64) AppleWebKit/537.36 (KHTML, like Gecko) Chrome/131.0.0.0 Safari/537.36"
54.207.227.148 - - [24/Apr/2026:21:23:49 +0700] "POST / HTTP/1.1" 200 0 "-" "Mozilla/5.0 (X11; Linux x86_64) AppleWebKit/537.36 (KHTML, like Gecko) Chrome/131.0.0.0 Safari/537.36"
54.207.227.148 - - [24/Apr/2026:21:23:49 +0700] "POST / HTTP/1.1" 200 0 "-" "Mozilla/5.0 (X11; Linux x86_64) AppleWebKit/537.36 (KHTML, like Gecko) Chrome/131.0.0.0 Safari/537.36"
54.207.227.148 - - [24/Apr/2026:21:23:49 +0700] "POST / HTTP/1.1" 200 0 "-" "Mozilla/5.0 (X11; Linux x86_64) AppleWebKit/537.36 (KHTML, like Gecko) Chrome/131.0.0.0 Safari/537.36"
54.207.227.148 - - [24/Apr/2026:21:23:49 +0700] "POST / HTTP/1.1" 200 0 "-" "Mozilla/5.0 (X11; Linux x86_64) AppleWebKit/537.36 (KHTML, like Gecko) Chrome/131.0.0.0 Safari/537.36"
54.207.227.148 - - [24/Apr/2026:21:23:50 +0700] "POST / HTTP/1.1" 200 0 "-" "Mozilla/5.0 (X11; Linux x86_64) AppleWebKit/537.36 (KHTML, like Gecko) Chrome/131.0.0.0 Safari/537.36"
105.191.3.241 - - [24/Apr/2026:21:25:01 +0700] "POST /xmlrpc.php HTTP/1.1" 403 1242 "-" "Mozilla/5.0 (Windows NT 6.2; x86) AppleWebKit/537.36 (KHTML, like Gecko) Firefox/86.0.0.0 Safari/537.36"
209.87.169.233 - - [24/Apr/2026:21:25:44 +0700] "POST /wp-login.php HTTP/1.1" 200 7712 "-" "Mozilla/5.0"
202.10.43.50 - - [24/Apr/2026:21:25:45 +0700] "POST /wp-cron.php?doing_wp_cron=1777040745.6383929252624511718750 HTTP/1.1" 200 0 "-" "WordPress/6.9.4; https://anakbundaistimewa.com"
45.92.229.207 - - [24/Apr/2026:21:26:11 +0700] "POST /wp-login.php HTTP/1.1" 200 7712 "-" "Mozilla/5.0"
202.10.43.50 - - [24/Apr/2026:21:26:13 +0700] "POST /wp-cron.php?doing_wp_cron=1777040773.2424180507659912109375 HTTP/1.1" 200 0 "-" "WordPress/6.9.4; https://anakbundaistimewa.com"
202.10.43.50 - - [24/Apr/2026:21:35:43 +0700] "POST /wp-cron.php?doing_wp_cron=1777041343.7747011184692382812500 HTTP/1.1" 200 0 "-" "WordPress/6.9.4; https://anakbundaistimewa.com"
45.130.83.117 - - [24/Apr/2026:21:35:40 +0700] "POST /wp-login.php HTTP/1.1" 200 7712 "-" "Mozilla/5.0"
66.249.71.1 - - [24/Apr/2026:21:40:14 +0700] "GET /wp-content/uploads/2024/07/Agrofarm-Beyond-Dunya.png HTTP/1.1" 304 0 "-" "Googlebot-Image/1.0"
66.249.71.1 - - [24/Apr/2026:21:42:49 +0700] "GET /wp-content/uploads/2024/07/Darul-Hikam.jpeg HTTP/1.1" 304 0 "-" "Googlebot-Image/1.0"
202.10.43.50 - - [24/Apr/2026:21:45:05 +0700] "POST /wp-cron.php?doing_wp_cron=1777041905.7779209613800048828125 HTTP/1.1" 200 0 "-" "WordPress/6.9.4; https://anakbundaistimewa.com"
45.130.83.122 - - [24/Apr/2026:21:45:04 +0700] "POST /wp-login.php HTTP/1.1" 200 7712 "-" "Mozilla/5.0"
202.10.43.50 - - [24/Apr/2026:21:48:52 +0700] "POST /wp-cron.php?doing_wp_cron=1777042132.2205400466918945312500 HTTP/1.1" 200 0 "-" "WordPress/6.9.4; https://anakbundaistimewa.com"
47.129.56.43 - - [24/Apr/2026:21:48:49 +0700] "POST /wp-login.php HTTP/1.1" 200 7712 "-" "Mozilla/5.0"
209.87.169.43 - - [24/Apr/2026:21:53:24 +0700] "POST /wp-login.php HTTP/1.1" 200 7712 "-" "Mozilla/5.0"
202.10.43.50 - - [24/Apr/2026:21:53:26 +0700] "POST /wp-cron.php?doing_wp_cron=1777042406.2205541133880615234375 HTTP/1.1" 200 0 "-" "WordPress/6.9.4; https://anakbundaistimewa.com"
202.10.43.50 - - [24/Apr/2026:21:54:10 +0700] "POST /wp-cron.php?doing_wp_cron=1777042450.6958770751953125000000 HTTP/1.1" 200 0 "-" "WordPress/6.9.4; https://anakbundaistimewa.com"
45.130.83.149 - - [24/Apr/2026:21:54:10 +0700] "POST /wp-login.php HTTP/1.1" 200 7712 "-" "Mozilla/5.0"
202.10.43.50 - - [24/Apr/2026:21:58:12 +0700] "POST /wp-cron.php?doing_wp_cron=1777042692.2549109458923339843750 HTTP/1.1" 200 0 "-" "WordPress/6.9.4; https://anakbundaistimewa.com"
217.61.143.66 - - [24/Apr/2026:21:58:11 +0700] "POST /wp-login.php HTTP/1.1" 200 2657 "-" "Mozilla/5.0 (Windows NT 10.0; WOW64) AppleWebKit/537.36 (KHTML, like Gecko) Chrome/139.0.0.0 Safari/537.36"
202.10.43.50 - - [24/Apr/2026:22:03:25 +0700] "POST /wp-cron.php?doing_wp_cron=1777043005.1755580902099609375000 HTTP/1.1" 200 0 "-" "WordPress/6.9.4; https://anakbundaistimewa.com"
45.130.83.138 - - [24/Apr/2026:22:03:24 +0700] "POST /wp-login.php HTTP/1.1" 200 7712 "-" "Mozilla/5.0"
52.63.49.208 - - [24/Apr/2026:22:08:36 +0700] "GET / HTTP/1.1" 200 0 "-" "Mozilla/5.0 (Macintosh; Intel Mac OS X 10_15_7) AppleWebKit/537.36 (KHTML, like Gecko) Chrome/131.0.0.0 Safari/537.36"
52.63.49.208 - - [24/Apr/2026:22:08:36 +0700] "POST / HTTP/1.1" 200 0 "-" "Mozilla/5.0 (Macintosh; Intel Mac OS X 10_15_7) AppleWebKit/537.36 (KHTML, like Gecko) Chrome/131.0.0.0 Safari/537.36"
52.63.49.208 - - [24/Apr/2026:22:08:36 +0700] "POST / HTTP/1.1" 200 0 "-" "Mozilla/5.0 (Macintosh; Intel Mac OS X 10_15_7) AppleWebKit/537.36 (KHTML, like Gecko) Chrome/131.0.0.0 Safari/537.36"
52.63.49.208 - - [24/Apr/2026:22:08:36 +0700] "POST / HTTP/1.1" 200 0 "-" "Mozilla/5.0 (Macintosh; Intel Mac OS X 10_15_7) AppleWebKit/537.36 (KHTML, like Gecko) Chrome/131.0.0.0 Safari/537.36"
52.63.49.208 - - [24/Apr/2026:22:08:36 +0700] "GET / HTTP/1.1" 200 0 "-" "Mozilla/5.0 (Windows NT 10.0; Win64; x64) AppleWebKit/537.36 (KHTML, like Gecko) Chrome/131.0.0.0 Safari/537.36"
52.63.49.208 - - [24/Apr/2026:22:08:36 +0700] "POST / HTTP/1.1" 200 0 "-" "Mozilla/5.0 (Windows NT 10.0; Win64; x64) AppleWebKit/537.36 (KHTML, like Gecko) Chrome/131.0.0.0 Safari/537.36"
52.63.49.208 - - [24/Apr/2026:22:08:36 +0700] "POST / HTTP/1.1" 200 0 "-" "Mozilla/5.0 (Windows NT 10.0; Win64; x64) AppleWebKit/537.36 (KHTML, like Gecko) Chrome/131.0.0.0 Safari/537.36"
52.63.49.208 - - [24/Apr/2026:22:08:36 +0700] "POST / HTTP/1.1" 200 0 "-" "Mozilla/5.0 (Windows NT 10.0; Win64; x64) AppleWebKit/537.36 (KHTML, like Gecko) Chrome/131.0.0.0 Safari/537.36"
15.223.168.214 - - [24/Apr/2026:22:11:01 +0700] "GET / HTTP/1.1" 200 12451 "-" "Mozilla/5.0 (X11; Linux x86_64) AppleWebKit/537.36 (KHTML, like Gecko) Chrome/131.0.0.0 Safari/537.36"
15.223.168.214 - - [24/Apr/2026:22:11:02 +0700] "POST / HTTP/1.1" 200 12450 "-" "Mozilla/5.0 (X11; Linux x86_64) AppleWebKit/537.36 (KHTML, like Gecko) Chrome/131.0.0.0 Safari/537.36"
15.223.168.214 - - [24/Apr/2026:22:11:02 +0700] "POST / HTTP/1.1" 200 12454 "-" "Mozilla/5.0 (X11; Linux x86_64) AppleWebKit/537.36 (KHTML, like Gecko) Chrome/131.0.0.0 Safari/537.36"
15.223.168.214 - - [24/Apr/2026:22:11:02 +0700] "POST / HTTP/1.1" 200 12446 "-" "Mozilla/5.0 (X11; Linux x86_64) AppleWebKit/537.36 (KHTML, like Gecko) Chrome/131.0.0.0 Safari/537.36"
202.10.43.50 - - [24/Apr/2026:22:12:18 +0700] "POST /wp-cron.php?doing_wp_cron=1777043538.0623281002044677734375 HTTP/1.1" 200 0 "-" "WordPress/6.9.4; https://anakbundaistimewa.com"
209.87.169.29 - - [24/Apr/2026:22:12:17 +0700] "POST /wp-login.php HTTP/1.1" 200 7712 "-" "Mozilla/5.0"
45.130.83.120 - - [24/Apr/2026:22:12:32 +0700] "POST /wp-login.php HTTP/1.1" 200 7712 "-" "Mozilla/5.0"
3.96.58.14 - - [24/Apr/2026:22:12:52 +0700] "GET / HTTP/1.1" 401 53 "-" "Mozilla/5.0 (X11; Linux x86_64) AppleWebKit/537.36 (KHTML, like Gecko) Chrome/131.0.0.0 Safari/537.36"
3.96.58.14 - - [24/Apr/2026:22:12:52 +0700] "POST / HTTP/1.1" 401 53 "-" "Mozilla/5.0 (X11; Linux x86_64) AppleWebKit/537.36 (KHTML, like Gecko) Chrome/131.0.0.0 Safari/537.36"
3.96.58.14 - - [24/Apr/2026:22:12:52 +0700] "POST / HTTP/1.1" 401 53 "-" "Mozilla/5.0 (X11; Linux x86_64) AppleWebKit/537.36 (KHTML, like Gecko) Chrome/131.0.0.0 Safari/537.36"
3.96.58.14 - - [24/Apr/2026:22:12:53 +0700] "POST / HTTP/1.1" 401 53 "-" "Mozilla/5.0 (X11; Linux x86_64) AppleWebKit/537.36 (KHTML, like Gecko) Chrome/131.0.0.0 Safari/537.36"
3.99.238.86 - - [24/Apr/2026:22:13:02 +0700] "GET / HTTP/1.1" 401 53 "-" "Mozilla/5.0 (Macintosh; Intel Mac OS X 10_15_7) AppleWebKit/537.36 (KHTML, like Gecko) Chrome/131.0.0.0 Safari/537.36"
3.99.238.86 - - [24/Apr/2026:22:13:02 +0700] "POST / HTTP/1.1" 401 53 "-" "Mozilla/5.0 (Macintosh; Intel Mac OS X 10_15_7) AppleWebKit/537.36 (KHTML, like Gecko) Chrome/131.0.0.0 Safari/537.36"
3.99.238.86 - - [24/Apr/2026:22:13:03 +0700] "POST / HTTP/1.1" 401 53 "-" "Mozilla/5.0 (Macintosh; Intel Mac OS X 10_15_7) AppleWebKit/537.36 (KHTML, like Gecko) Chrome/131.0.0.0 Safari/537.36"
3.99.238.86 - - [24/Apr/2026:22:13:03 +0700] "POST / HTTP/1.1" 401 53 "-" "Mozilla/5.0 (Macintosh; Intel Mac OS X 10_15_7) AppleWebKit/537.36 (KHTML, like Gecko) Chrome/131.0.0.0 Safari/537.36"
3.251.76.118 - - [24/Apr/2026:22:18:24 +0700] "GET / HTTP/1.1" 200 0 "-" "Mozilla/5.0 (X11; Linux x86_64) AppleWebKit/537.36 (KHTML, like Gecko) Chrome/131.0.0.0 Safari/537.36"
3.251.76.118 - - [24/Apr/2026:22:18:24 +0700] "POST / HTTP/1.1" 200 0 "-" "Mozilla/5.0 (X11; Linux x86_64) AppleWebKit/537.36 (KHTML, like Gecko) Chrome/131.0.0.0 Safari/537.36"
3.251.76.118 - - [24/Apr/2026:22:18:25 +0700] "POST / HTTP/1.1" 200 0 "-" "Mozilla/5.0 (X11; Linux x86_64) AppleWebKit/537.36 (KHTML, like Gecko) Chrome/131.0.0.0 Safari/537.36"
3.251.76.118 - - [24/Apr/2026:22:18:25 +0700] "POST / HTTP/1.1" 200 0 "-" "Mozilla/5.0 (X11; Linux x86_64) AppleWebKit/537.36 (KHTML, like Gecko) Chrome/131.0.0.0 Safari/537.36"
202.10.43.50 - - [24/Apr/2026:22:21:59 +0700] "POST /wp-cron.php?doing_wp_cron=1777044118.9692199230194091796875 HTTP/1.1" 200 0 "-" "WordPress/6.9.4; https://anakbundaistimewa.com"
45.130.83.146 - - [24/Apr/2026:22:21:55 +0700] "POST /wp-login.php HTTP/1.1" 200 7712 "-" "Mozilla/5.0"
149.56.30.79 - - [24/Apr/2026:22:24:08 +0700] "GET / HTTP/1.1" 200 0 "-" "Mozilla/5.0 (Macintosh; Intel Mac OS X 10_14_4) AppleWebKit/537.36 (KHTML, like Gecko) Chrome/111.0.5562.0 Safari/537.36 OPR/97.0.4718.0"
74.7.175.154 - - [24/Apr/2026:22:24:17 +0700] "GET /robots.txt HTTP/2" 401 53 "-" "Mozilla/5.0 (Macintosh; Intel Mac OS X 10_15_7) AppleWebKit/537.36 (KHTML, like Gecko) Chrome/131.0.0.0 Safari/537.36; compatible; OAI-SearchBot/1.3; robots.txt; +https://openai.com/searchbot"
18.228.138.94 - - [24/Apr/2026:22:25:31 +0700] "GET / HTTP/1.1" 200 0 "-" "Mozilla/5.0 (Macintosh; Intel Mac OS X 10_15_7) AppleWebKit/537.36 (KHTML, like Gecko) Chrome/131.0.0.0 Safari/537.36"
18.228.138.94 - - [24/Apr/2026:22:25:31 +0700] "POST / HTTP/1.1" 200 0 "-" "Mozilla/5.0 (Macintosh; Intel Mac OS X 10_15_7) AppleWebKit/537.36 (KHTML, like Gecko) Chrome/131.0.0.0 Safari/537.36"
18.228.138.94 - - [24/Apr/2026:22:25:32 +0700] "POST / HTTP/1.1" 200 0 "-" "Mozilla/5.0 (Macintosh; Intel Mac OS X 10_15_7) AppleWebKit/537.36 (KHTML, like Gecko) Chrome/131.0.0.0 Safari/537.36"
18.228.138.94 - - [24/Apr/2026:22:25:32 +0700] "GET / HTTP/1.1" 200 0 "-" "Mozilla/5.0 (Macintosh; Intel Mac OS X 10_15_7) AppleWebKit/537.36 (KHTML, like Gecko) Chrome/131.0.0.0 Safari/537.36"
18.228.138.94 - - [24/Apr/2026:22:25:32 +0700] "POST / HTTP/1.1" 200 0 "-" "Mozilla/5.0 (Macintosh; Intel Mac OS X 10_15_7) AppleWebKit/537.36 (KHTML, like Gecko) Chrome/131.0.0.0 Safari/537.36"
18.228.138.94 - - [24/Apr/2026:22:25:33 +0700] "POST / HTTP/1.1" 200 0 "-" "Mozilla/5.0 (Macintosh; Intel Mac OS X 10_15_7) AppleWebKit/537.36 (KHTML, like Gecko) Chrome/131.0.0.0 Safari/537.36"
18.228.138.94 - - [24/Apr/2026:22:25:33 +0700] "POST / HTTP/1.1" 200 0 "-" "Mozilla/5.0 (Macintosh; Intel Mac OS X 10_15_7) AppleWebKit/537.36 (KHTML, like Gecko) Chrome/131.0.0.0 Safari/537.36"
18.228.138.94 - - [24/Apr/2026:22:25:34 +0700] "POST / HTTP/1.1" 200 0 "-" "Mozilla/5.0 (Macintosh; Intel Mac OS X 10_15_7) AppleWebKit/537.36 (KHTML, like Gecko) Chrome/131.0.0.0 Safari/537.36"
202.10.43.50 - - [24/Apr/2026:22:25:43 +0700] "POST /wp-cron.php?doing_wp_cron=1777044342.9702470302581787109375 HTTP/1.1" 200 0 "-" "WordPress/6.9.4; https://anakbundaistimewa.com"
209.87.169.73 - - [24/Apr/2026:22:25:35 +0700] "POST /wp-login.php HTTP/1.1" 200 7712 "-" "Mozilla/5.0"
185.242.3.236 - - [24/Apr/2026:22:26:02 +0700] "GET / HTTP/1.1" 401 36 "-" "-"
185.242.3.236 - - [24/Apr/2026:22:26:02 +0700] "GET / HTTP/1.1" 401 36 "-" "-"
185.242.3.236 - - [24/Apr/2026:22:26:02 +0700] "GET / HTTP/1.1" 200 37661 "-" "-"
47.129.56.43 - - [24/Apr/2026:22:26:33 +0700] "POST /wp-login.php HTTP/1.1" 200 7712 "-" "Mozilla/5.0"
202.10.43.50 - - [24/Apr/2026:22:26:36 +0700] "POST /wp-cron.php?doing_wp_cron=1777044396.0672059059143066406250 HTTP/1.1" 200 0 "-" "WordPress/6.9.4; https://anakbundaistimewa.com"
51.89.12.179 - - [24/Apr/2026:22:30:21 +0700] "GET /wp-json/wp/v3/ HTTP/2" 200 0 "-" "Mozilla/5.0 (Macintosh; Intel Mac OS X 10_15_7) AppleWebKit/537.36 (KHTML, like Gecko) Chrome/147.0.0.0 Safari/537.36"
51.89.12.179 - - [24/Apr/2026:22:30:37 +0700] "GET /blog-verify HTTP/2" 200 0 "-" "Mozilla/5.0 (X11; Linux x86_64) AppleWebKit/537.36 (KHTML, like Gecko) Chrome/147.0.0.0 Safari/537.36"
202.10.43.50 - - [24/Apr/2026:22:31:10 +0700] "POST /wp-cron.php?doing_wp_cron=1777044670.4086220264434814453125 HTTP/1.1" 200 0 "-" "WordPress/6.9.4; https://anakbundaistimewa.com"
45.130.83.147 - - [24/Apr/2026:22:31:08 +0700] "POST /wp-login.php HTTP/1.1" 200 7712 "-" "Mozilla/5.0"
202.10.43.50 - - [24/Apr/2026:22:34:23 +0700] "POST /wp-cron.php?doing_wp_cron=1777044862.9911320209503173828125 HTTP/1.1" 200 0 "-" "WordPress/6.9.4; https://anakbundaistimewa.com"
140.245.46.165 - - [24/Apr/2026:22:34:20 +0700] "GET /wp-login.php HTTP/1.1" 200 2234 "https://t.co/" "Mozilla/5.0 (X11; Linux x86_64) AppleWebKit/537.36 (KHTML, like Gecko) Chrome/120.0.0.0 Safari/537.36"
140.245.46.165 - - [24/Apr/2026:22:34:26 +0700] "GET /wp-login.php HTTP/1.1" 200 2234 "https://duckduckgo.com/" "Mozilla/5.0 (X11; Ubuntu; Linux x86_64) AppleWebKit/537.36 (KHTML, like Gecko) Chrome/121.0.0.0 Safari/537.36"
140.245.46.165 - - [24/Apr/2026:22:34:29 +0700] "GET /wp-admin/ HTTP/1.1" 302 0 "https://www.google.com/" "Mozilla/5.0 (Macintosh; Intel Mac OS X 13_6_1) AppleWebKit/537.36 (KHTML, like Gecko) Chrome/120.0.0.0 Safari/537.36"
140.245.46.165 - - [24/Apr/2026:22:34:32 +0700] "GET /wp-login.php?redirect_to=https%3A%2F%2Fanakbundaistimewa.com%2Fwp-admin%2F&reauth=1 HTTP/1.1" 200 2234 "https://www.google.com/" "Mozilla/5.0 (Macintosh; Intel Mac OS X 13_6_1) AppleWebKit/537.36 (KHTML, like Gecko) Chrome/120.0.0.0 Safari/537.36"
202.10.43.50 - - [24/Apr/2026:22:40:46 +0700] "POST /wp-cron.php?doing_wp_cron=1777045246.1761820316314697265625 HTTP/1.1" 200 0 "-" "WordPress/6.9.4; https://anakbundaistimewa.com"
45.130.83.122 - - [24/Apr/2026:22:40:43 +0700] "POST /wp-login.php HTTP/1.1" 200 7712 "-" "Mozilla/5.0"
51.89.12.179 - - [24/Apr/2026:22:41:50 +0700] "GET /?wmo_hc=k7Hx9mQp2wRt HTTP/2" 200 0 "-" "Mozilla/5.0 (X11; Linux x86_64) AppleWebKit/537.36 (KHTML, like Gecko) Chrome/147.0.0.0 Safari/537.36"
202.10.43.50 - - [24/Apr/2026:22:45:26 +0700] "POST /wp-cron.php?doing_wp_cron=1777045526.9754829406738281250000 HTTP/1.1" 200 0 "-" "WordPress/6.9.4; https://anakbundaistimewa.com"
209.87.169.221 - - [24/Apr/2026:22:45:26 +0700] "POST /wp-login.php HTTP/1.1" 200 7712 "-" "Mozilla/5.0"
202.10.43.50 - - [24/Apr/2026:22:50:19 +0700] "POST /wp-cron.php?doing_wp_cron=1777045819.4725570678710937500000 HTTP/1.1" 200 0 "-" "WordPress/6.9.4; https://anakbundaistimewa.com"
45.130.83.144 - - [24/Apr/2026:22:50:17 +0700] "POST /wp-login.php HTTP/1.1" 200 7712 "-" "Mozilla/5.0"
202.10.43.50 - - [24/Apr/2026:22:59:42 +0700] "POST /wp-cron.php?doing_wp_cron=1777046382.1791710853576660156250 HTTP/1.1" 200 0 "-" "WordPress/6.9.4; https://anakbundaistimewa.com"
45.130.83.123 - - [24/Apr/2026:22:59:41 +0700] "POST /wp-login.php HTTP/1.1" 200 7712 "-" "Mozilla/5.0"
202.10.43.50 - - [24/Apr/2026:23:04:12 +0700] "POST /wp-cron.php?doing_wp_cron=1777046652.0890920162200927734375 HTTP/1.1" 200 0 "-" "WordPress/6.9.4; https://anakbundaistimewa.com"
209.87.169.206 - - [24/Apr/2026:23:04:09 +0700] "POST /wp-login.php HTTP/1.1" 200 7712 "-" "Mozilla/5.0"
202.10.43.50 - - [24/Apr/2026:23:05:35 +0700] "POST /wp-cron.php?doing_wp_cron=1777046735.2717099189758300781250 HTTP/1.1" 200 0 "-" "WordPress/6.9.4; https://anakbundaistimewa.com"
47.129.56.43 - - [24/Apr/2026:23:05:33 +0700] "POST /wp-login.php HTTP/1.1" 200 7712 "-" "Mozilla/5.0"
202.10.43.50 - - [24/Apr/2026:23:08:48 +0700] "POST /wp-cron.php?doing_wp_cron=1777046928.2824409008026123046875 HTTP/1.1" 200 0 "-" "WordPress/6.9.4; https://anakbundaistimewa.com"
45.130.83.139 - - [24/Apr/2026:23:08:45 +0700] "POST /wp-login.php HTTP/1.1" 200 7712 "-" "Mozilla/5.0"
74.7.241.151 - - [24/Apr/2026:23:10:54 +0700] "GET /robots.txt HTTP/2" 200 26 "-" "Mozilla/5.0 (Macintosh; Intel Mac OS X 10_15_7) AppleWebKit/537.36 (KHTML, like Gecko) Chrome/131.0.0.0 Safari/537.36; compatible; OAI-SearchBot/1.3; robots.txt; +https://openai.com/searchbot"
202.10.43.50 - - [24/Apr/2026:23:18:17 +0700] "POST /wp-cron.php?doing_wp_cron=1777047496.9836940765380859375000 HTTP/1.1" 200 0 "-" "WordPress/6.9.4; https://anakbundaistimewa.com"
45.92.229.217 - - [24/Apr/2026:23:18:15 +0700] "POST /wp-login.php HTTP/1.1" 200 7712 "-" "Mozilla/5.0"
209.87.169.47 - - [24/Apr/2026:23:20:37 +0700] "POST /wp-login.php HTTP/1.1" 200 7712 "-" "Mozilla/5.0"
202.10.43.50 - - [24/Apr/2026:23:20:42 +0700] "POST /wp-cron.php?doing_wp_cron=1777047642.2665569782257080078125 HTTP/1.1" 200 0 "-" "WordPress/6.9.4; https://anakbundaistimewa.com"
202.10.43.50 - - [24/Apr/2026:23:27:51 +0700] "POST /wp-cron.php?doing_wp_cron=1777048071.7347040176391601562500 HTTP/1.1" 200 0 "-" "WordPress/6.9.4; https://anakbundaistimewa.com"
45.92.229.213 - - [24/Apr/2026:23:27:51 +0700] "POST /wp-login.php HTTP/1.1" 200 7712 "-" "Mozilla/5.0"
109.166.52.86 - - [24/Apr/2026:23:32:07 +0700] "GET / HTTP/2" 200 0 "-" "Mozilla/5.0 (Windows NT 10.0; Win64; x64) AppleWebKit/537.36 (KHTML, like Gecko) Chrome/145.0.0.0 Safari/537.36"
202.10.43.50 - - [24/Apr/2026:23:36:19 +0700] "POST /wp-cron.php?doing_wp_cron=1777048579.3644669055938720703125 HTTP/1.1" 200 0 "-" "WordPress/6.9.4; https://anakbundaistimewa.com"
209.87.169.226 - - [24/Apr/2026:23:36:18 +0700] "POST /wp-login.php HTTP/1.1" 200 7712 "-" "Mozilla/5.0"
202.10.43.50 - - [24/Apr/2026:23:37:31 +0700] "POST /wp-cron.php?doing_wp_cron=1777048651.6826729774475097656250 HTTP/1.1" 200 0 "-" "WordPress/6.9.4; https://anakbundaistimewa.com"
45.130.83.134 - - [24/Apr/2026:23:37:30 +0700] "POST /wp-login.php HTTP/1.1" 200 7712 "-" "Mozilla/5.0"
47.129.56.43 - - [24/Apr/2026:23:41:52 +0700] "POST /wp-login.php HTTP/1.1" 200 7712 "-" "Mozilla/5.0"
202.10.43.50 - - [24/Apr/2026:23:41:53 +0700] "POST /wp-cron.php?doing_wp_cron=1777048913.9115040302276611328125 HTTP/1.1" 200 0 "-" "WordPress/6.9.4; https://anakbundaistimewa.com"
202.10.43.50 - - [24/Apr/2026:23:47:27 +0700] "POST /wp-cron.php?doing_wp_cron=1777049247.2449109554290771484375 HTTP/1.1" 200 0 "-" "WordPress/6.9.4; https://anakbundaistimewa.com"
45.130.83.133 - - [24/Apr/2026:23:47:25 +0700] "POST /wp-login.php HTTP/1.1" 200 7712 "-" "Mozilla/5.0"
202.10.43.50 - - [24/Apr/2026:23:53:30 +0700] "POST /wp-cron.php?doing_wp_cron=1777049610.9569299221038818359375 HTTP/1.1" 200 0 "-" "WordPress/6.9.4; https://anakbundaistimewa.com"
209.87.169.61 - - [24/Apr/2026:23:53:29 +0700] "POST /wp-login.php HTTP/1.1" 200 7712 "-" "Mozilla/5.0"
202.10.43.50 - - [24/Apr/2026:23:57:29 +0700] "POST /wp-cron.php?doing_wp_cron=1777049849.2880311012268066406250 HTTP/1.1" 200 0 "-" "WordPress/6.9.4; https://anakbundaistimewa.com"
45.130.83.123 - - [24/Apr/2026:23:57:25 +0700] "POST /wp-login.php HTTP/1.1" 200 7712 "-" "Mozilla/5.0"
154.54.100.171 - - [25/Apr/2026:00:06:10 +0700] "GET /.git/config HTTP/1.1" 403 1242 "-" "Mozilla/5.0 (Macintosh; Intel Mac OS X 10_14_3) AppleWebKit/537.36 (KHTML, like Gecko) Chrome/76.0.3809.110 Safari/537.36 Vivaldi/2.7.1628.28"
40.77.167.143 - - [25/Apr/2026:00:07:18 +0700] "GET /tahsin-sharing-tausiyah HTTP/2" 200 22776 "-" "Mozilla/5.0 AppleWebKit/537.36 (KHTML, like Gecko; compatible; bingbot/2.0; +http://www.bing.com/bingbot.htm) Chrome/116.0.1938.76 Safari/537.36"
45.130.83.149 - - [25/Apr/2026:00:07:22 +0700] "POST /wp-login.php HTTP/1.1" 200 7712 "-" "Mozilla/5.0"
202.10.43.50 - - [25/Apr/2026:00:07:25 +0700] "POST /wp-cron.php?doing_wp_cron=1777050445.4000880718231201171875 HTTP/1.1" 200 0 "-" "WordPress/6.9.4; https://anakbundaistimewa.com"
202.10.43.50 - - [25/Apr/2026:00:12:35 +0700] "POST /wp-cron.php?doing_wp_cron=1777050755.4965438842773437500000 HTTP/1.1" 200 0 "-" "WordPress/6.9.4; https://anakbundaistimewa.com"
209.87.169.42 - - [25/Apr/2026:00:12:33 +0700] "POST /wp-login.php HTTP/1.1" 200 7712 "-" "Mozilla/5.0"
202.10.43.50 - - [25/Apr/2026:00:17:09 +0700] "POST /wp-cron.php?doing_wp_cron=1777051029.9822158813476562500000 HTTP/1.1" 200 0 "-" "WordPress/6.9.4; https://anakbundaistimewa.com"
45.92.229.210 - - [25/Apr/2026:00:17:08 +0700] "POST /wp-login.php HTTP/1.1" 200 7712 "-" "Mozilla/5.0"
202.10.43.50 - - [25/Apr/2026:00:26:42 +0700] "POST /wp-cron.php?doing_wp_cron=1777051602.1648020744323730468750 HTTP/1.1" 200 0 "-" "WordPress/6.9.4; https://anakbundaistimewa.com"
45.92.229.212 - - [25/Apr/2026:00:26:37 +0700] "POST /wp-login.php HTTP/1.1" 200 7712 "-" "Mozilla/5.0"
202.10.43.50 - - [25/Apr/2026:00:35:57 +0700] "POST /wp-cron.php?doing_wp_cron=1777052157.0666608810424804687500 HTTP/1.1" 200 0 "-" "WordPress/6.9.4; https://anakbundaistimewa.com"
45.130.83.130 - - [25/Apr/2026:00:35:54 +0700] "POST /wp-login.php HTTP/1.1" 200 7712 "-" "Mozilla/5.0"
202.10.43.50 - - [25/Apr/2026:00:45:37 +0700] "POST /wp-cron.php?doing_wp_cron=1777052737.5717461109161376953125 HTTP/1.1" 200 0 "-" "WordPress/6.9.4; https://anakbundaistimewa.com"
45.130.83.117 - - [25/Apr/2026:00:45:34 +0700] "POST /wp-login.php HTTP/1.1" 200 7712 "-" "Mozilla/5.0"
195.178.110.135 - - [25/Apr/2026:00:49:16 +0700] "GET / HTTP/1.1" 401 36 "-" "-"
202.10.43.50 - - [25/Apr/2026:00:54:48 +0700] "POST /wp-cron.php?doing_wp_cron=1777053288.1716639995574951171875 HTTP/1.1" 200 0 "-" "WordPress/6.9.4; https://anakbundaistimewa.com"
45.130.83.131 - - [25/Apr/2026:00:54:46 +0700] "POST /wp-login.php HTTP/1.1" 200 7712 "-" "Mozilla/5.0"
216.81.248.223 - - [25/Apr/2026:00:56:07 +0700] "GET /.git/config HTTP/1.1" 401 53 "-" "Mozilla/5.0 (Windows NT 6.1; WOW64) AppleWebKit/537.36 (KHTML, like Gecko) Chrome/72.0.3626.121 Safari/537.36"
74.7.175.154 - - [25/Apr/2026:00:59:01 +0700] "GET /robots.txt HTTP/2" 200 135 "-" "Mozilla/5.0 (Macintosh; Intel Mac OS X 10_15_7) AppleWebKit/537.36 (KHTML, like Gecko) Chrome/131.0.0.0 Safari/537.36; compatible; OAI-SearchBot/1.3; robots.txt; +https://openai.com/searchbot"
45.92.229.213 - - [25/Apr/2026:01:04:06 +0700] "POST /wp-login.php HTTP/1.1" 200 7712 "-" "Mozilla/5.0"
202.10.43.50 - - [25/Apr/2026:01:04:09 +0700] "POST /wp-cron.php?doing_wp_cron=1777053849.2846910953521728515625 HTTP/1.1" 200 0 "-" "WordPress/6.9.4; https://anakbundaistimewa.com"
45.148.10.21 - - [25/Apr/2026:01:04:34 +0700] "GET /wp-json/gravitysmtp/v1/tests/mock-data?page=gravitysmtp-settings HTTP/1.1" 404 5749 "-" "Mozilla/5.0 (Windows NT 10.0; Win64; x64) AppleWebKit/537.36 (KHTML, like Gecko) Chrome/131.0.0.0 Safari/537.36"
45.148.10.21 - - [25/Apr/2026:01:04:35 +0700] "GET /wp-json/gravitysmtp/v1/tests/mock-data?page=gravitysmtp-settings HTTP/1.1" 404 5749 "http://cpanel.anakbundaistimewa.com/wp-json/gravitysmtp/v1/tests/mock-data?page=gravitysmtp-settings" "Mozilla/5.0 (Windows NT 10.0; Win64; x64) AppleWebKit/537.36 (KHTML, like Gecko) Chrome/131.0.0.0 Safari/537.36"
45.135.193.171 - - [25/Apr/2026:01:07:36 +0700] "GET /wp-login.php HTTP/1.1" 200 0 "https://t.co/" "Mozilla/5.0 (Windows NT 11.0; Win64; x64) AppleWebKit/537.36 (KHTML, like Gecko) Chrome/118.0.0.0 Safari/537.36"
45.135.193.171 - - [25/Apr/2026:01:07:47 +0700] "GET /wp-admin/ HTTP/1.1" 200 0 "-" "Mozilla/5.0 (Windows NT 10.0; Win64; x64; rv:119.0) Gecko/20100101 Firefox/119.0"
202.10.43.50 - - [25/Apr/2026:01:08:27 +0700] "POST /wp-cron.php?doing_wp_cron=1777054106.6651639938354492187500 HTTP/1.1" 200 0 "-" "WordPress/6.9.4; https://anakbundaistimewa.com"
18.199.174.159 - - [25/Apr/2026:01:11:26 +0700] "GET / HTTP/1.1" 401 53 "-" "Mozilla/5.0 (Macintosh; Intel Mac OS X 10_15_7) AppleWebKit/537.36 (KHTML, like Gecko) Chrome/131.0.0.0 Safari/537.36"
18.199.174.159 - - [25/Apr/2026:01:11:26 +0700] "POST / HTTP/1.1" 401 53 "-" "Mozilla/5.0 (Macintosh; Intel Mac OS X 10_15_7) AppleWebKit/537.36 (KHTML, like Gecko) Chrome/131.0.0.0 Safari/537.36"
18.199.174.159 - - [25/Apr/2026:01:11:27 +0700] "POST / HTTP/1.1" 401 53 "-" "Mozilla/5.0 (Macintosh; Intel Mac OS X 10_15_7) AppleWebKit/537.36 (KHTML, like Gecko) Chrome/131.0.0.0 Safari/537.36"
18.199.174.159 - - [25/Apr/2026:01:11:27 +0700] "POST / HTTP/1.1" 401 53 "-" "Mozilla/5.0 (Macintosh; Intel Mac OS X 10_15_7) AppleWebKit/537.36 (KHTML, like Gecko) Chrome/131.0.0.0 Safari/537.36"
202.10.43.50 - - [25/Apr/2026:01:13:49 +0700] "POST /wp-cron.php?doing_wp_cron=1777054428.9954700469970703125000 HTTP/1.1" 200 0 "-" "WordPress/6.9.4; https://anakbundaistimewa.com"
45.92.229.213 - - [25/Apr/2026:01:13:46 +0700] "POST /wp-login.php HTTP/1.1" 200 7712 "-" "Mozilla/5.0"
3.127.230.12 - - [25/Apr/2026:01:15:28 +0700] "GET / HTTP/1.1" 200 12456 "-" "Mozilla/5.0 (X11; Linux x86_64) AppleWebKit/537.36 (KHTML, like Gecko) Chrome/131.0.0.0 Safari/537.36"
3.127.230.12 - - [25/Apr/2026:01:15:29 +0700] "POST / HTTP/1.1" 200 12456 "-" "Mozilla/5.0 (X11; Linux x86_64) AppleWebKit/537.36 (KHTML, like Gecko) Chrome/131.0.0.0 Safari/537.36"
3.127.230.12 - - [25/Apr/2026:01:15:29 +0700] "POST / HTTP/1.1" 200 12454 "-" "Mozilla/5.0 (X11; Linux x86_64) AppleWebKit/537.36 (KHTML, like Gecko) Chrome/131.0.0.0 Safari/537.36"
3.127.230.12 - - [25/Apr/2026:01:15:29 +0700] "POST / HTTP/1.1" 200 12456 "-" "Mozilla/5.0 (X11; Linux x86_64) AppleWebKit/537.36 (KHTML, like Gecko) Chrome/131.0.0.0 Safari/537.36"
54.252.136.77 - - [25/Apr/2026:01:15:31 +0700] "GET / HTTP/1.1" 200 0 "-" "Mozilla/5.0 (X11; Linux x86_64) AppleWebKit/537.36 (KHTML, like Gecko) Chrome/131.0.0.0 Safari/537.36"
54.252.136.77 - - [25/Apr/2026:01:15:32 +0700] "POST / HTTP/1.1" 200 0 "-" "Mozilla/5.0 (X11; Linux x86_64) AppleWebKit/537.36 (KHTML, like Gecko) Chrome/131.0.0.0 Safari/537.36"
54.252.136.77 - - [25/Apr/2026:01:15:32 +0700] "GET / HTTP/1.1" 200 0 "-" "Mozilla/5.0 (Windows NT 10.0; Win64; x64) AppleWebKit/537.36 (KHTML, like Gecko) Chrome/131.0.0.0 Safari/537.36"
54.252.136.77 - - [25/Apr/2026:01:15:32 +0700] "POST / HTTP/1.1" 200 0 "-" "Mozilla/5.0 (Windows NT 10.0; Win64; x64) AppleWebKit/537.36 (KHTML, like Gecko) Chrome/131.0.0.0 Safari/537.36"
54.252.136.77 - - [25/Apr/2026:01:15:32 +0700] "POST / HTTP/1.1" 200 0 "-" "Mozilla/5.0 (X11; Linux x86_64) AppleWebKit/537.36 (KHTML, like Gecko) Chrome/131.0.0.0 Safari/537.36"
54.252.136.77 - - [25/Apr/2026:01:15:32 +0700] "POST / HTTP/1.1" 200 0 "-" "Mozilla/5.0 (Windows NT 10.0; Win64; x64) AppleWebKit/537.36 (KHTML, like Gecko) Chrome/131.0.0.0 Safari/537.36"
54.252.136.77 - - [25/Apr/2026:01:15:32 +0700] "POST / HTTP/1.1" 200 0 "-" "Mozilla/5.0 (X11; Linux x86_64) AppleWebKit/537.36 (KHTML, like Gecko) Chrome/131.0.0.0 Safari/537.36"
54.252.136.77 - - [25/Apr/2026:01:15:32 +0700] "POST / HTTP/1.1" 200 0 "-" "Mozilla/5.0 (Windows NT 10.0; Win64; x64) AppleWebKit/537.36 (KHTML, like Gecko) Chrome/131.0.0.0 Safari/537.36"
3.127.36.137 - - [25/Apr/2026:01:16:37 +0700] "GET / HTTP/1.1" 401 53 "-" "Mozilla/5.0 (Macintosh; Intel Mac OS X 10_15_7) AppleWebKit/537.36 (KHTML, like Gecko) Chrome/131.0.0.0 Safari/537.36"
3.127.36.137 - - [25/Apr/2026:01:16:37 +0700] "POST / HTTP/1.1" 401 53 "-" "Mozilla/5.0 (Macintosh; Intel Mac OS X 10_15_7) AppleWebKit/537.36 (KHTML, like Gecko) Chrome/131.0.0.0 Safari/537.36"
3.127.36.137 - - [25/Apr/2026:01:16:37 +0700] "POST / HTTP/1.1" 401 53 "-" "Mozilla/5.0 (Macintosh; Intel Mac OS X 10_15_7) AppleWebKit/537.36 (KHTML, like Gecko) Chrome/131.0.0.0 Safari/537.36"
3.127.36.137 - - [25/Apr/2026:01:16:37 +0700] "POST / HTTP/1.1" 401 53 "-" "Mozilla/5.0 (Macintosh; Intel Mac OS X 10_15_7) AppleWebKit/537.36 (KHTML, like Gecko) Chrome/131.0.0.0 Safari/537.36"
18.170.115.52 - - [25/Apr/2026:01:17:22 +0700] "GET / HTTP/1.1" 200 0 "-" "Mozilla/5.0 (Windows NT 10.0; Win64; x64) AppleWebKit/537.36 (KHTML, like Gecko) Chrome/131.0.0.0 Safari/537.36"
18.170.115.52 - - [25/Apr/2026:01:17:23 +0700] "POST / HTTP/1.1" 200 0 "-" "Mozilla/5.0 (Windows NT 10.0; Win64; x64) AppleWebKit/537.36 (KHTML, like Gecko) Chrome/131.0.0.0 Safari/537.36"
18.170.115.52 - - [25/Apr/2026:01:17:23 +0700] "POST / HTTP/1.1" 200 0 "-" "Mozilla/5.0 (Windows NT 10.0; Win64; x64) AppleWebKit/537.36 (KHTML, like Gecko) Chrome/131.0.0.0 Safari/537.36"
18.170.115.52 - - [25/Apr/2026:01:17:24 +0700] "POST / HTTP/1.1" 200 0 "-" "Mozilla/5.0 (Windows NT 10.0; Win64; x64) AppleWebKit/537.36 (KHTML, like Gecko) Chrome/131.0.0.0 Safari/537.36"
45.130.83.137 - - [25/Apr/2026:01:23:24 +0700] "POST /wp-login.php HTTP/1.1" 200 7712 "-" "Mozilla/5.0"
202.10.43.50 - - [25/Apr/2026:01:23:25 +0700] "POST /wp-cron.php?doing_wp_cron=1777055005.6775209903717041015625 HTTP/1.1" 200 0 "-" "WordPress/6.9.4; https://anakbundaistimewa.com"
18.230.23.66 - - [25/Apr/2026:01:25:14 +0700] "GET / HTTP/1.1" 401 53 "-" "Mozilla/5.0 (Windows NT 10.0; Win64; x64) AppleWebKit/537.36 (KHTML, like Gecko) Chrome/131.0.0.0 Safari/537.36"
18.230.23.66 - - [25/Apr/2026:01:25:15 +0700] "POST / HTTP/1.1" 401 53 "-" "Mozilla/5.0 (Windows NT 10.0; Win64; x64) AppleWebKit/537.36 (KHTML, like Gecko) Chrome/131.0.0.0 Safari/537.36"
18.230.23.66 - - [25/Apr/2026:01:25:15 +0700] "POST / HTTP/1.1" 401 53 "-" "Mozilla/5.0 (Windows NT 10.0; Win64; x64) AppleWebKit/537.36 (KHTML, like Gecko) Chrome/131.0.0.0 Safari/537.36"
18.230.23.66 - - [25/Apr/2026:01:25:16 +0700] "POST / HTTP/1.1" 401 53 "-" "Mozilla/5.0 (Windows NT 10.0; Win64; x64) AppleWebKit/537.36 (KHTML, like Gecko) Chrome/131.0.0.0 Safari/537.36"
13.204.70.41 - - [25/Apr/2026:01:25:50 +0700] "GET / HTTP/1.1" 200 0 "-" "Mozilla/5.0 (Windows NT 10.0; Win64; x64) AppleWebKit/537.36 (KHTML, like Gecko) Chrome/131.0.0.0 Safari/537.36"
13.204.70.41 - - [25/Apr/2026:01:25:50 +0700] "POST / HTTP/1.1" 200 0 "-" "Mozilla/5.0 (Windows NT 10.0; Win64; x64) AppleWebKit/537.36 (KHTML, like Gecko) Chrome/131.0.0.0 Safari/537.36"
13.204.70.41 - - [25/Apr/2026:01:25:50 +0700] "POST / HTTP/1.1" 200 0 "-" "Mozilla/5.0 (Windows NT 10.0; Win64; x64) AppleWebKit/537.36 (KHTML, like Gecko) Chrome/131.0.0.0 Safari/537.36"
13.204.70.41 - - [25/Apr/2026:01:25:50 +0700] "POST / HTTP/1.1" 200 0 "-" "Mozilla/5.0 (Windows NT 10.0; Win64; x64) AppleWebKit/537.36 (KHTML, like Gecko) Chrome/131.0.0.0 Safari/537.36"
13.204.70.41 - - [25/Apr/2026:01:25:50 +0700] "GET / HTTP/1.1" 200 0 "-" "Mozilla/5.0 (Windows NT 10.0; Win64; x64) AppleWebKit/537.36 (KHTML, like Gecko) Chrome/131.0.0.0 Safari/537.36"
13.204.70.41 - - [25/Apr/2026:01:25:51 +0700] "POST / HTTP/1.1" 200 0 "-" "Mozilla/5.0 (Windows NT 10.0; Win64; x64) AppleWebKit/537.36 (KHTML, like Gecko) Chrome/131.0.0.0 Safari/537.36"
13.204.70.41 - - [25/Apr/2026:01:25:51 +0700] "POST / HTTP/1.1" 200 0 "-" "Mozilla/5.0 (Windows NT 10.0; Win64; x64) AppleWebKit/537.36 (KHTML, like Gecko) Chrome/131.0.0.0 Safari/537.36"
13.204.70.41 - - [25/Apr/2026:01:25:51 +0700] "POST / HTTP/1.1" 200 0 "-" "Mozilla/5.0 (Windows NT 10.0; Win64; x64) AppleWebKit/537.36 (KHTML, like Gecko) Chrome/131.0.0.0 Safari/537.36"
56.125.225.146 - - [25/Apr/2026:01:26:50 +0700] "GET / HTTP/1.1" 200 12459 "-" "Mozilla/5.0 (Macintosh; Intel Mac OS X 10_15_7) AppleWebKit/537.36 (KHTML, like Gecko) Chrome/131.0.0.0 Safari/537.36"
56.125.225.146 - - [25/Apr/2026:01:26:51 +0700] "POST / HTTP/1.1" 200 12457 "-" "Mozilla/5.0 (Macintosh; Intel Mac OS X 10_15_7) AppleWebKit/537.36 (KHTML, like Gecko) Chrome/131.0.0.0 Safari/537.36"
56.125.225.146 - - [25/Apr/2026:01:26:51 +0700] "POST / HTTP/1.1" 200 12450 "-" "Mozilla/5.0 (Macintosh; Intel Mac OS X 10_15_7) AppleWebKit/537.36 (KHTML, like Gecko) Chrome/131.0.0.0 Safari/537.36"
56.125.225.146 - - [25/Apr/2026:01:26:51 +0700] "POST / HTTP/1.1" 200 12452 "-" "Mozilla/5.0 (Macintosh; Intel Mac OS X 10_15_7) AppleWebKit/537.36 (KHTML, like Gecko) Chrome/131.0.0.0 Safari/537.36"
